Opotiki, Bay of Plenty, NZ weather

NOAA Style Climate Reports

Select a Year or Month report

Report for 2021 Jun
                   Monthly Climatological Summary for Jun 2021

Name: Opotiki Town   City: Opotiki   State: Bay of Plenty, NZ.
Elevation: 7 m  Lat: S 38° 00' 32"   Lon: E 177° 17' 16"

                  Temperature (°C), Rain (mm), Wind Speed (km/h)

                                      Heat  Cool        Avg
    Mean                              Deg   Deg         Wind                 Dom
Day Temp  High   Time   Low    Time   Days  Days  Rain  Speed High   Time    Dir
----------------------------------------------------------------------------------
 1   9.5  22.7   11:41   2.8   23:43   9.3   0.3   0.0   0.0   0.0   00:00   ---
 2   7.4  21.0   13:57   1.6   07:30  11.0   0.1   0.0   0.0   0.0   00:00   ---
 3   9.3  24.1   11:42   2.0   07:21   9.4   0.4   0.0   0.0   0.0   00:00   ---
 4  10.3  25.2   11:22   4.4   23:32   8.3   0.3   0.0   0.0   0.0   00:00   ---
 5  11.8  25.1   11:29   4.4   00:05   6.8   0.3   3.6   0.0   0.0   00:00   ---
 6  13.6  17.3   12:29  11.7   05:45   4.7   0.0   9.0   0.0   0.0   00:00   ---
 7  13.7  20.8   12:09  11.0   21:03   4.7   0.1   0.0   0.0   0.0   00:00   ---
 8  14.4  22.0   11:33  11.1   00:37   4.1   0.2   0.0   0.0   0.0   00:00   ---
 9  14.2  22.3   11:58   7.9   23:59   4.4   0.3   0.0   0.0   0.0   00:00   ---
10  13.0  24.2   11:29   7.9   00:00   5.8   0.4   0.3   0.0   0.0   00:00   ---
11  13.4  19.7   13:44   7.4   07:07   5.1   0.1   0.0   0.0   0.0   00:00   ---
12  14.2  28.5   11:21   9.8   02:51   4.8   0.7   0.0   0.0   0.0   00:00   ---
13  14.8  19.1   13:48  12.0   00:17   3.5   0.0   8.1   0.0   0.0   00:00   ---
14  16.0  16.6   16:12  14.9   21:03   2.3   0.0  34.8   0.0   0.0   00:00   ---
15  14.6  16.1   14:01  11.8   04:12   3.7   0.0   2.7   0.0   0.0   00:00   ---
16  12.3  23.3   14:03   7.3   22:35   6.3   0.3   0.3   0.0   0.0   00:00   ---
17  12.3  24.1   11:12   4.9   21:16   6.7   0.5   0.0   0.0  36.0   23:02   WSW
18  10.7  61.1   20:22 -35.3   20:22  10.2   0.8   0.0  11.5  36.0   00:54     W
19  10.0  18.3   08:49   5.1   03:12   8.8   0.0   4.2   0.0  36.0   01:01   WSW
20  14.2  20.2   14:19  11.1   23:58   4.2   0.0  22.8   0.0  36.0   01:42   WSW
21  12.8  27.5   11:33   7.1   07:53   6.2   0.7   0.3   0.0  36.0   12:06   WSW
22  11.0  19.0   11:56   2.3   23:33   7.4   0.0   0.0   0.0  36.0   03:55   WSW
23   7.3  21.8   11:19   0.2   07:14  15.9   0.2   0.0  11.1  36.0   02:28     N
24   7.8  21.5   11:18   1.2   07:42  10.6   0.1   0.0   0.0  36.0   01:29   WSW
25  10.8  17.5   11:34   7.1   00:00   7.5   0.0   4.5   0.0   0.0   00:00   ---
26  13.2  19.0   10:57   8.1   05:39   5.1   0.0   1.2   0.0   0.0   00:00   ---
27  15.8  17.0   11:26  14.0   23:55   2.5   0.0   6.3   0.0   1.1   19:12   ---
28  12.9  18.6   13:54   7.4   23:58   5.4   0.0   0.3   0.0   0.0   00:00   ---
29   6.8  19.2   11:30   3.0   07:35  11.5   0.0   0.3   0.0   0.0   00:00   ---
30   7.9  21.1   14:04   2.3   03:08  10.5   0.0   0.0   0.0   0.0   00:00   ---
----------------------------------------------------------------------------------
    11.9  61.1    18   -35.3    18   206.7   5.8  98.7   3.1  36.0    17      NW

Max >=  27.0:  3
Max <=   0.0:  0
Min <=   0.0:  1
Min <= -18.0:  1
Max Rain: 34.8 on day 14
Days of Rain: 15 (>= 0.2 mm)  9 (>= 2.0 mm)  2 (>= 20.0 mm)
Heat Base: 18.3  Cool Base: 18.3  Method: Integration
:now::gauges::today::yesterday::this month::this year::records::monthly records:
:Forecast::NOAA Reports::rip WUClassic::NZLW Records::trends::forum:


Powered By: Cumulus v1.9.4 (1099)

NZ Local Weather Forum      Cumulus Top Weather Sites      New Zealand Top40 Weather Station Sites      Flag Counter