Opotiki, Bay of Plenty, NZ weather

NOAA Style Climate Reports

Select a Year or Month report

Report for 2014
                   Annual Climatological Summary for 2014

Name: Opotiki Town   City: Opotiki   State: Bay of Plenty, NZ.
Elevation: 7 m  Lat: S 38 00' 32"   Lon: E 177 17' 16"

                  Temperature (C), Heat Base: 18.3  Cool Base: 18.3
                          Dep.  Heat  Cool                       Max  Max  Min  Min
        Mean  Mean        From  Deg   Deg                        >=   <=   <=   <=
 YR MO  Max   Min   Mean  Norm  Days  Days  Hi  Date  Low  Date 27.0  0.0  0.0 -18.0
------------------------------------------------------------------------------------
 14  1
 14  2
 14  3
 14  4
 14  5
 14  6  18.5   6.9  12.1   0.0    91     0  21.4  22   1.1   20    0    0    0    0
 14  7  18.4   3.2   9.4   0.0   281     1  22.8  14  -2.6   23    0    0    6    0
 14  8  18.7   3.7  10.6   0.0   246     1  22.4  16  -2.4   10    0    0    3    0
 14  9  20.5   7.2  13.2   0.0   161     7  25.7  24   2.7   23    0    0    0    0
 14 10  21.8   8.4  14.4   0.0   141    15  25.5  22   0.8    5    0    0    0    0
 14 11  23.5   8.0  15.6   0.0   111    30  28.5  26   2.8   14    3    0    0    0
 14 12  25.5  13.0  18.5   0.0    54    61  31.4   7   3.9    2   12    0    0    0
------------------------------------------------------------------------------------
        21.0   7.2  13.4   0.0  1088   117  31.4 Dec  -2.6  Jul   15    0    9    0

                                Precipitation (mm)

              Dep.   Max        Days of Rain
              From   Obs.           >=
 YR MO Total  Norm   Day Date  0.2  2.0 20.0
---------------------------------------------
 14  1
 14  2
 14  3
 14  4
 14  5
 14  6  81.0   0.0  28.5  26     7    6    1
 14  7  49.5   0.0  20.7  13     7    4    1
 14  8  54.0   0.0  18.6  20    10    5    0
 14  9 246.0   0.0 144.6  13    18   11    2
 14 10  80.1   0.0  22.5  19    14    8    1
 14 11  35.7   0.0  11.1   3     9    5    0
 14 12 118.2   0.0  45.0  17    15    9    2
---------------------------------------------
       664.5   0.0 144.6  Sep   80   48    7

                                Wind Speed (km/h)
                          Dom
 YR MO   Avg.  Hi   Date  Dir
------------------------------
 14  1
 14  2
 14  3
 14  4
 14  5
 14  6   0.9  28.1   26   NNW
 14  7   1.1  37.8    2     N
 14  8   1.8  27.0   12   NNW
 14  9   2.1  34.2   20     N
 14 10   2.5  34.2    6    NW
 14 11   2.3  31.7   12    NW
 14 12   1.5  24.5    1   NNE
------------------------------
         1.7  37.8  Jul   NNW
:now::gauges::today::yesterday::this month::this year::records::monthly records:
:Forecast::NOAA Reports::rip WUClassic::NZLW Records::trends::forum:


Powered By: Cumulus v1.9.4 (1099)

NZ Local Weather Forum      Cumulus Top Weather Sites      New Zealand Top40 Weather Station Sites      Flag Counter