Opotiki, Bay of Plenty, NZ weather

NOAA Style Climate Reports

Select a Year or Month report

Report for 2024 Jun
                   Monthly Climatological Summary for Jun 2024

Name: Opotiki Town   City: Opotiki   State: Bay of Plenty, NZ.
Elevation: 7 m  Lat: S 38° 00' 32"   Lon: E 177° 17' 16"

                  Temperature (°C), Rain (mm), Wind Speed (km/h)

                                      Heat  Cool        Avg
    Mean                              Deg   Deg         Wind                 Dom
Day Temp  High   Time   Low    Time   Days  Days  Rain  Speed High   Time    Dir
----------------------------------------------------------------------------------
 1  10.1  20.9   13:45   2.4   07:08   8.3   0.1   0.0   0.0   0.0   00:00   ---
 2  12.5  21.5   12:54   5.9   02:01   6.1   0.2   0.0   0.0   0.0   00:00   ---
 3  13.3  20.9   13:39   6.1   23:56   5.2   0.1   0.0   0.0   0.0   00:00   ---
 4   8.2  19.2   11:34   1.5   07:22  10.1   0.0   0.0   0.0   0.0   00:00   ---
 5   8.4  20.1   13:19   1.4   06:49   9.9   0.0   0.0   0.0   0.0   00:00   ---
 6  10.5  17.4   12:16   5.8   00:18   7.8   0.0   0.0   0.0   0.0   00:00   ---
 7   9.8  21.7   11:07   4.4   02:39   8.7   0.2   0.0   0.0   0.0   00:00   ---
 8  11.2  23.2   11:15   4.6   06:43   7.5   0.4   0.0   0.0   0.0   00:00   ---
 9  13.4  21.0   10:30   7.5   01:36   5.0   0.0   9.9   0.0   0.0   00:00   ---
10  16.6  21.1   13:08  12.8   21:52   1.9   0.2  19.5   0.0   0.0   00:00   ---
11  13.4  22.0   13:37   7.1   22:22   5.2   0.3   0.0   0.0   0.0   00:00   ---
12  11.1  21.5   11:31   6.1   06:55   7.3   0.1   0.0   0.0   0.0   00:00   ---
13  11.2  17.6   13:42   6.8   00:56   7.3   0.0   0.0   0.0   0.0   00:00   ---
14  14.9  16.7   07:38   9.0   00:00   3.4   0.0  21.9   0.0   0.0   00:00   ---
----------------------------------------------------------------------------------
    11.8  23.2     8     1.4     5    93.7   1.6  51.3   0.0   0.0     0     ---

Max >=  27.0:  0
Max <=   0.0:  0
Min <=   0.0:  0
Min <= -18.0:  0
Max Rain: 21.9 on day 14
Days of Rain: 3 (>= 0.2 mm)  3 (>= 2.0 mm)  1 (>= 20.0 mm)
Heat Base: 18.3  Cool Base: 18.3  Method: Integration
:now::gauges::today::yesterday::this month::this year::records::monthly records:
:Forecast::NOAA Reports::rip WUClassic::NZLW Records::trends::forum:


Powered By: Cumulus v1.9.4 (1099)

NZ Local Weather Forum      Cumulus Top Sites      Flag Counter