Opotiki, Bay of Plenty, NZ weather

NOAA Style Climate Reports

Select a Year or Month report

Report for 2022 Jun
                   Monthly Climatological Summary for Jun 2022

Name: Opotiki Town   City: Opotiki   State: Bay of Plenty, NZ.
Elevation: 7 m  Lat: S 38° 00' 32"   Lon: E 177° 17' 16"

                  Temperature (°C), Rain (mm), Wind Speed (km/h)

                                      Heat  Cool        Avg
    Mean                              Deg   Deg         Wind                 Dom
Day Temp  High   Time   Low    Time   Days  Days  Rain  Speed High   Time    Dir
----------------------------------------------------------------------------------
 1  18.3  24.2   11:28  15.7   08:06   0.9   0.9  19.2   0.0   0.0   00:00   ---
 2  15.4  17.9   07:54  11.6   22:20   3.0   0.0  28.2   0.0   0.0   00:00   ---
 3  13.5  24.2   10:56   8.4   02:35   5.2   0.5   0.6   0.0   0.0   00:00   ---
 4  11.9  20.3   10:35   4.7   23:17   6.5   0.1   0.0   0.0   0.0   00:00   ---
 5  10.3  20.1   10:22   4.8   06:11   8.0   0.0   0.0   0.0   0.0   00:00   ---
 6  12.4  19.7   13:26   7.3   02:44   5.9   0.0   1.5   0.0   0.0   00:00   ---
 7  16.1  19.1   15:04  12.2   00:08   2.2   0.0  23.1   0.0   0.0   00:00   ---
 8  15.9  25.6   11:46   9.6   23:45   2.9   0.5   9.0   0.0   0.0   00:00   ---
 9  12.4  17.5   12:00   8.1   23:44   5.9   0.0   7.5   0.0   0.0   00:00   ---
10  11.4  20.0   11:45   7.1   03:00   6.9   0.0   3.3   0.0   0.0   00:00   ---
11  14.3  21.9   11:21   8.0   23:41   4.3   0.3   6.9   0.0  40.3   18:10     N
12  13.2  17.0   15:09   7.2   01:13   5.1   0.0  19.2   0.0   0.0   00:00   ---
13  13.0  18.3   11:37   7.9   21:12   5.3   0.0   8.1   0.0   0.0   00:00   ---
14  11.2  18.8   11:27   3.9   06:41   7.1   0.0   0.3   0.0   0.0   00:00   ---
15  13.4  21.9   13:52   7.4   21:50   5.2   0.3   0.0   0.0   0.0   00:00   ---
16  10.2  21.5   11:45   3.7   07:23   8.4   0.2   0.0   0.0   0.0   00:00   ---
17  11.7  23.6   14:06   5.4   07:09   6.8   0.2   4.8   0.0   0.0   00:00   ---
18  13.2  19.5   10:17   9.2   06:01   5.1   0.0  28.5   0.0   0.0   00:00   ---
19  13.4  19.6   11:18   9.8   23:49   4.9   0.0  22.2   0.0   0.0   00:00   ---
20   9.8  14.1   11:21   6.6   04:04   8.5   0.0   0.3   0.0   0.0   00:00   ---
21   8.8  16.9   10:38   3.5   04:56   9.5   0.0   0.3   0.0   0.0   00:00   ---
22   9.4  17.5   11:00   4.3   04:43   8.9   0.0   0.0   0.0   0.0   00:00   ---
23   9.5  21.5   13:53   2.8   06:44   8.9   0.1   0.0   0.0   0.0   00:00   ---
24   9.8  21.9   11:53   3.1   05:39   8.6   0.1   0.0   0.0   0.0   00:00   ---
25  12.0  19.7   13:47   7.3   23:58   6.3   0.0  20.7   0.0   0.0   00:00   ---
26  12.2  23.2   14:22   7.0   00:11   6.3   0.2   0.0   0.0   0.0   00:00   ---
27   9.3  22.9   11:19   3.1   22:51   9.3   0.3   0.0   0.0   0.0   00:00   ---
28   6.9  17.0   10:48   3.0   00:05  11.7   0.0   0.0   0.0   0.0   00:00   ---
29   9.2  11.4   11:45   3.6   00:15  10.4   0.0  10.2   0.0   0.0   00:00     E
----------------------------------------------------------------------------------
    12.0  25.6     8     2.8    23   188.0   3.7 213.9   0.0  40.3    11       N

Max >=  27.0:  0
Max <=   0.0:  0
Min <=   0.0:  0
Min <= -18.0:  0
Max Rain: 28.5 on day 18
Days of Rain: 19 (>= 0.2 mm)  14 (>= 2.0 mm)  5 (>= 20.0 mm)
Heat Base: 18.3  Cool Base: 18.3  Method: Integration
:now::gauges::today::yesterday::this month::this year::records::monthly records:
:Forecast::NOAA Reports::rip WUClassic::NZLW Records::trends::forum:


Powered By: Cumulus v1.9.4 (1099)

NZ Local Weather Forum      Cumulus Top Weather Sites      New Zealand Top40 Weather Station Sites      Flag Counter