Opotiki, Bay of Plenty, NZ weather

NOAA Style Climate Reports

Select a Year or Month report
V/Λ2021 > Jan Feb Mar Apr May Jun Jul Aug Sep Oct Nov Dec
V/Λ2020 > Jan Feb Mar Apr May Jun Jul Aug Sep Oct Nov Dec
V/Λ2019 > Jan Feb Mar Apr May Jun Jul Aug Sep Oct Nov Dec
V/Λ2018 > Jan Feb Mar Apr May Jun Jul Aug Sep Oct Nov Dec
V/Λ2017 > Jan Feb Mar Apr May Jun Jul Aug Sep Oct Nov Dec
V/Λ2016 > Jan Feb Mar Apr May Jun Jul Aug Sep Oct Nov Dec
V/Λ2015 > Jan Feb Mar Apr May Jun Jul Aug Sep Oct Nov Dec
V/Λ2014 > Jan Feb Mar Apr May Jun Jul Aug Sep Oct Nov Dec

Report for 2021 Feb
                   Monthly Climatological Summary for Feb 2021

Name: Opotiki Town   City: Opotiki   State: Bay of Plenty, NZ.
Elevation: 7 m  Lat: S 38° 00' 32"   Lon: E 177° 17' 16"

                  Temperature (°C), Rain (mm), Wind Speed (km/h)

                                      Heat  Cool        Avg
    Mean                              Deg   Deg         Wind                 Dom
Day Temp  High   Time   Low    Time   Days  Days  Rain  Speed High   Time    Dir
----------------------------------------------------------------------------------
 1  18.3  36.2   13:54   8.2   06:27   4.2   4.2   0.0   0.0   0.0   00:00   ---
 2  18.5  34.7   14:13   8.2   06:29   4.2   4.4   0.0   0.0   0.0   00:00   ---
 3  20.0  32.3   13:01  10.5   01:12   2.1   3.8   0.0   0.0   0.0   00:00   ---
 4  19.2  32.8   15:00  11.3   06:33   2.6   3.5   0.0   0.0   0.0   00:00   ---
 5  17.7  33.4   13:23   7.8   06:07   3.9   3.3   0.0   0.0   0.0   00:00   ---
 6  16.4  25.2   11:36   8.1   04:54   3.5   1.6   0.0   0.0   0.0   00:00   ---
 7  18.5  34.7   13:47   8.9   05:22   3.4   3.6   0.0   0.0   0.0   00:00   ---
 8  20.8  30.0   12:33  14.4   00:53   1.1   3.6   0.0   0.0   0.0   00:00   ---
 9  18.7  24.5   10:45  13.6   06:20   0.8   1.2   0.3   0.0   0.0   00:00   ---
10  21.1  25.3   10:57  19.1   01:53   0.0   2.8   1.2   0.0   0.0   00:00   ---
11  22.2  30.4   15:14  18.5   06:16   0.0   3.9   4.2   0.0   0.0   00:00   ---
12  22.5  34.7   13:46  13.5   22:21   0.7   4.8   1.2   0.0   0.0   00:00   ---
13  21.6  34.4   12:20  11.2   06:12   1.9   5.1   0.0   0.0   0.0   00:00   ---
14  21.2  31.2   13:39  13.8   06:46   0.7   3.6   0.0   0.0   0.0   00:00   ---
15  19.3  26.0   12:03  16.4   03:58   0.3   1.4  11.4   0.0   0.0   00:00   ---
16  21.1  28.7   13:07  18.1   00:00   0.0   2.8  33.3   0.0   0.0   00:00   ---
17  19.8  28.8   13:42  14.0   20:40   0.9   2.4   0.0   0.0   0.0   00:00   ---
18  18.6  29.7   15:34  10.7   23:19   2.4   2.7   0.0   0.0   0.0   00:00   ---
19  18.2  31.1   13:50   8.6   04:33   4.0   3.9   0.0   0.0   0.0   00:00   ---
20  19.7  32.4   12:36  10.8   06:23   2.8   4.3   0.0   0.0   0.0   00:00   ---
21  18.8  32.8   11:23  10.0   06:30   3.4   4.0   0.3   0.0   0.0   00:00   ---
22  20.2  31.7   13:31  11.8   06:42   1.8   3.7   0.0   0.0   0.0   00:00   ---
23  20.7  25.8   14:16  15.8   04:41   0.3   2.8   0.0   0.0   0.0   00:00   ---
24  21.5  30.6   13:59  16.5   05:01   0.3   3.5   0.0   0.0   0.0   00:00   ---
25  22.1  34.2   13:12  15.0   06:40   0.7   4.5   0.9   0.0   0.0   00:00   ---
----------------------------------------------------------------------------------
    19.9  36.2     1     7.8     5    46.0  85.4  52.8   0.0   0.0     0     ---

Max >=  27.0: 20
Max <=   0.0:  0
Min <=   0.0:  0
Min <= -18.0:  0
Max Rain: 33.3 on day 16
Days of Rain: 8 (>= 0.2 mm)  3 (>= 2.0 mm)  1 (>= 20.0 mm)
Heat Base: 18.3  Cool Base: 18.3  Method: Integration
:now::gauges::today::yesterday::this month::this year::records::monthly records:
:Forecast::NOAA Reports::rip WUClassic::NZLW Records::trends::forum:


Powered By: Cumulus v1.9.4 (1099)

NZ Local Weather Forum      Cumulus Top Weather Sites      New Zealand Top40 Weather Station Sites      Flag Counter