Opotiki, Bay of Plenty, NZ weather

NOAA Style Climate Reports

Select a Year or Month report

Report for 2020 Sep
                   Monthly Climatological Summary for Sep 2020

Name: Opotiki Town   City: Opotiki   State: Bay of Plenty, NZ.
Elevation: 7 m  Lat: S 38° 00' 32"   Lon: E 177° 17' 16"

                  Temperature (°C), Rain (mm), Wind Speed (km/h)

                                      Heat  Cool        Avg
    Mean                              Deg   Deg         Wind                 Dom
Day Temp  High   Time   Low    Time   Days  Days  Rain  Speed High   Time    Dir
----------------------------------------------------------------------------------
 1  12.2  25.0   15:39   3.8   05:03   6.5   0.4   0.0   0.0   0.0   00:00   ---
 2  13.0  23.9   13:39   6.1   22:28   6.0   0.7   0.0   0.0   1.1   10:22   ---
 3  11.4  19.8   13:44   6.7   23:58   7.0   0.0   0.0   0.0   1.1   14:09   ---
 4  11.8  26.0   11:44   3.8   23:49   7.6   1.1   0.0   0.0   0.0   00:00   ---
 5  10.3  28.9   15:47   0.5   06:07   9.1   1.1   0.0   0.0   0.0   00:00   ---
 6  11.9  20.6   10:43   4.4   06:20   6.3   0.1   0.0   0.0   5.0   17:45   ---
 7  12.6  20.2   15:40   8.4   23:54   5.8   0.0   7.5   0.0   0.0   00:00   ---
 8  12.0  26.3   13:23   4.4   23:57   7.4   1.1   0.0   0.0   0.0   00:00   ---
 9  10.4  25.0   16:31   1.5   05:54   8.6   0.7   0.0   0.0   0.0   00:00   ---
10  11.9  21.2   13:33   6.0   06:51   6.4   0.0   0.0   0.0   0.0   00:00   ---
11  11.4  20.6   14:41   6.7   22:30   7.0   0.1   0.6   0.0   0.0   00:00   ---
12  10.8  24.6   15:29   2.2   23:59   8.3   0.8   0.0   0.0   8.6   18:49   ---
13  10.8  29.1   15:43  -0.9   05:52   9.0   1.6   0.0   0.0  20.9   17:25     N
14  13.1  24.6   14:48   4.6   01:36   5.9   0.7   0.0   0.0   1.1   17:22   ---
15  12.9  23.9   14:11   4.3   03:54   5.7   0.3   0.0   0.0   1.1   09:55   ---
16  14.9  25.3   14:26   5.9   23:50   4.2   0.8   0.0   0.0   0.0   00:00   ---
17  12.6  25.7   12:59   2.5   04:37   6.6   0.9   0.0   0.0  19.4   17:19    SW
18  13.4  18.8   16:29   5.9   23:29   4.9   0.0   3.3   0.0   0.0   00:00   ---
19  10.9  22.8   15:12   1.3   06:02   7.8   0.4   0.0   0.0   6.1   06:48     W
20  13.1  25.8   15:41   3.4   06:10   6.2   1.1   0.0   0.0   7.2   05:55   WNW
21  14.7  24.9   15:50   8.2   06:18   4.6   1.0   0.0   0.0   0.0   00:00   ---
22  15.1  25.1   15:35   9.8   06:30   3.7   0.5   0.0   0.0   0.0   00:00   ---
23  15.3  23.3   14:58   9.4   02:54   3.3   0.4   0.0   0.0   0.0   00:00   ---
24  15.1  16.3   12:43  14.2   01:05   3.2   0.0   4.8   0.0   0.0   00:00   ---
----------------------------------------------------------------------------------
    12.6  29.1    13    -0.9    13   151.1  13.8  16.2   0.0  20.9    13     WNW

Max >=  27.0:  2
Max <=   0.0:  0
Min <=   0.0:  1
Min <= -18.0:  0
Max Rain: 7.5 on day 7
Days of Rain: 4 (>= 0.2 mm)  3 (>= 2.0 mm)  0 (>= 20.0 mm)
Heat Base: 18.3  Cool Base: 18.3  Method: Integration
:now::gauges::today::yesterday::this month::this year::records::monthly records:
:Forecast::NOAA Reports::rip WUClassic::NZLW Records::trends::forum:


Powered By: Cumulus v1.9.4 (1099)

NZ Local Weather Forum      Cumulus Top Weather Sites      New Zealand Top40 Weather Station Sites      Flag Counter