Opotiki, Bay of Plenty, NZ weather

NOAA Style Climate Reports

Select a Year or Month report
V/Λ2020 > Jan Feb Mar Apr May Jun Jul Aug Sep Oct Nov Dec
V/Λ2019 > Jan Feb Mar Apr May Jun Jul Aug Sep Oct Nov Dec
V/Λ2018 > Jan Feb Mar Apr May Jun Jul Aug Sep Oct Nov Dec
V/Λ2017 > Jan Feb Mar Apr May Jun Jul Aug Sep Oct Nov Dec
V/Λ2016 > Jan Feb Mar Apr May Jun Jul Aug Sep Oct Nov Dec
V/Λ2015 > Jan Feb Mar Apr May Jun Jul Aug Sep Oct Nov Dec
V/Λ2014 > Jan Feb Mar Apr May Jun Jul Aug Sep Oct Nov Dec

Report for 2020 Mar
                   Monthly Climatological Summary for Mar 2020

Name: Opotiki Town   City: Opotiki   State: Bay of Plenty, NZ.
Elevation: 7 m  Lat: S 38 00' 32"   Lon: E 177 17' 16"

                  Temperature (C), Rain (mm), Wind Speed (km/h)

                                      Heat  Cool        Avg
    Mean                              Deg   Deg         Wind                 Dom
Day Temp  High   Time   Low    Time   Days  Days  Rain  Speed High   Time    Dir
----------------------------------------------------------------------------------
 1  22.6  32.9   11:54  16.0   05:17   0.2   4.5   0.0   1.2  14.8   13:17   NNW
 2  21.0  27.7   13:30  16.3   03:51   0.3   3.0   0.0   0.9   9.7   14:10   NNE
 3  22.2  29.3   09:56  16.2   07:08   0.2   4.1   0.0   1.0  12.2   13:43     N
 4  20.2  26.6   10:55  16.3   19:49   0.4   2.3  19.2   1.5  28.1   23:12    NW
 5  18.9  26.6   15:07  13.9   22:55   1.5   2.1   0.0   3.1  24.5   06:02    NW
 6  17.8  28.0   17:44  11.4   06:50   2.4   1.9   0.0   1.0  12.2   10:14   NNW
 7  18.5  28.8   14:19  10.9   04:25   2.6   2.8   0.0   0.6  12.2   13:01   NNW
 8  18.0  30.1   17:42   8.2   07:10   3.8   3.5   0.0   0.9  12.2   15:50     N
 9  18.6  29.0   15:47  11.1   07:09   2.4   2.7   2.4   1.0  12.2   16:26   NNE
10  21.1  30.4   17:02  14.5   23:53   0.5   3.3  17.1   1.8  18.4   11:52    NW
11  18.3  29.6   12:37   9.6   06:37   3.1   3.0   2.1   1.0  12.2   14:12     N
12  17.4  27.6   17:55  10.1   23:44   3.2   2.3   0.0   1.2  19.4   11:34     N
13  17.6  30.0   14:52   9.8   05:14   3.6   2.9   0.0   0.9  12.2   13:13     N
14  17.2  29.0   16:02   8.0   05:16   4.2   3.1   0.0   0.8  13.3   14:59   NNW
15  19.1  31.0   16:52   9.7   06:42   3.1   3.9   0.0   1.1  14.8   10:54   NNE
16  17.3  25.1   11:54  10.0   06:34   2.8   1.8   0.0   0.6  11.2   23:58   NNW
17  17.7  23.1   18:18  13.6   22:42   1.1   0.4   0.0   2.7  23.4   08:16     N
18  16.6  27.9   18:12   7.8   23:59   3.7   2.0   0.0   1.0  12.2   00:20   NNW
19  14.9  25.8   14:18   5.4   07:20   4.8   1.4   0.0   1.3  18.4   19:09    NW
20  16.0  25.4   12:13   8.1   06:49   3.6   1.4   0.0   0.8  11.2   14:33     N
21  17.4  27.8   17:18  10.6   06:49   3.0   2.1   0.0   0.7   9.7   12:57     N
22  18.3  25.7   11:17  10.9   06:42   2.0   2.0   0.0   1.4  15.8   22:29     N
23  19.9  22.8   10:10  18.1   16:18   0.0   1.6  12.6   3.6  24.5   12:50   NNW
24  17.3  24.7   15:39  11.5   20:36   2.0   0.9   0.6   3.1  23.4   01:05   WNW
25  14.6  25.7   11:43   5.3   06:05   5.7   1.9   0.0   0.7  11.2   16:29   NNE
26  16.9  25.3   16:34   9.7   07:05   3.2   1.8   0.3   1.1  14.8   15:15     N
27  15.3  24.8   14:05   8.1   06:22   4.3   1.2   2.4   0.9  14.8   17:18   NNE
28  16.3  25.5   17:14   8.7   06:41   3.7   1.7   1.5   0.9  11.2   16:17     N
29  18.7  29.8   16:54  12.1   05:18   2.3   2.8   0.0   0.9  11.2   16:56     N
----------------------------------------------------------------------------------
    18.1  32.9     1     5.3    25    73.7  68.4  58.2   1.3  28.1     4     NNW

Max >=  27.0: 16
Max <=   0.0:  0
Min <=   0.0:  0
Min <= -18.0:  0
Max Rain: 19.2 on day 4
Days of Rain: 9 (>= 0.2 mm)  6 (>= 2.0 mm)  0 (>= 20.0 mm)
Heat Base: 18.3  Cool Base: 18.3  Method: Integration
:now::gauges::today::yesterday::this month::this year::records::monthly records:
:Forecast::NOAA Reports::rip WUClassic::NZLW Records::trends::forum:


Powered By: Cumulus v1.9.4 (1099)

NZ Local Weather Forum      Cumulus Top Weather Sites      New Zealand Top40 Weather Station Sites      Flag Counter