Opotiki, Bay of Plenty, NZ weather

NOAA Style Climate Reports

Select a Year or Month report
V/Λ2020 > Jan Feb Mar Apr May Jun Jul Aug Sep Oct Nov Dec
V/Λ2019 > Jan Feb Mar Apr May Jun Jul Aug Sep Oct Nov Dec
V/Λ2018 > Jan Feb Mar Apr May Jun Jul Aug Sep Oct Nov Dec
V/Λ2017 > Jan Feb Mar Apr May Jun Jul Aug Sep Oct Nov Dec
V/Λ2016 > Jan Feb Mar Apr May Jun Jul Aug Sep Oct Nov Dec
V/Λ2015 > Jan Feb Mar Apr May Jun Jul Aug Sep Oct Nov Dec
V/Λ2014 > Jan Feb Mar Apr May Jun Jul Aug Sep Oct Nov Dec

Report for 2020 Jan
                   Monthly Climatological Summary for Jan 2020

Name: Opotiki Town   City: Opotiki   State: Bay of Plenty, NZ.
Elevation: 7 m  Lat: S 38 00' 32"   Lon: E 177 17' 16"

                  Temperature (C), Rain (mm), Wind Speed (km/h)

                                      Heat  Cool        Avg
    Mean                              Deg   Deg         Wind                 Dom
Day Temp  High   Time   Low    Time   Days  Days  Rain  Speed High   Time    Dir
----------------------------------------------------------------------------------
 1  22.1  29.0   15:07  16.0   23:55   0.2   4.1   0.0   1.3  13.3   15:27     N
 2  22.2  32.8   17:55  14.3   05:23   1.1   5.0   0.0   0.7   8.6   10:59     N
 3  21.8  31.4   16:06  13.6   05:59   1.1   4.6   0.0   2.7  19.4   14:28    NW
 4  19.2  28.1   18:03  10.8   05:42   1.8   2.8   0.0   2.8  22.0   14:14   WNW
 5  16.9  27.4   15:48   7.8   06:02   3.3   1.9   0.0   2.2  22.0   17:00    NW
 6  20.9  27.5   15:30  12.2   23:42   0.6   3.2   0.0   4.3  24.5   15:40   WNW
 7  17.5  26.0   15:21  10.2   04:58   2.7   1.9   0.0   1.9  18.4   13:37    NW
 8  18.1  25.7   13:59  11.2   06:29   2.2   1.9  18.6   1.6  14.8   12:58     N
 9  18.8  28.1   18:41  11.8   23:52   2.3   2.8   5.1   1.3  14.8   13:30   NNE
10  19.2  30.1   17:10  10.0   05:30   2.6   3.5   0.0   1.5  14.8   14:09   NNW
11  20.0  27.9   16:10  11.9   06:21   1.9   3.6   0.0   1.4  11.2   12:38     N
12  20.3  28.5   11:12  12.3   05:26   1.5   3.6   0.0   1.6  13.3   13:37   NNE
13  20.2  27.8   15:45  11.3   09:35   1.2   3.2   0.0   1.3  12.2   12:53   NNW
14  17.9  24.0   12:46  14.5   23:29   1.1   0.7   1.2   1.4  17.3   15:35     N
15  19.4  30.0   16:18  10.5   23:55   2.4   3.5   0.0   1.8  17.3   14:29     N
16  17.4  26.7   15:29   8.9   02:51   3.4   2.5   0.0   1.3  18.4   13:22   NNW
17  18.4  30.3   16:11   9.6   04:34   3.2   3.3   0.0   1.1  14.8   14:14   NNW
18  18.0  32.5   15:48   7.9   04:20   3.4   3.1   1.8   0.8  17.3   17:34   NNW
19  20.4  32.3   17:29  10.0   05:43   2.4   4.6   0.0   1.7  19.4   11:41     N
20  23.0  32.4   16:33  14.4   06:09   0.5   5.3   0.0   1.9  20.9   16:32   NNE
21  20.3  31.3   10:12  12.8   04:42   1.3   3.3   0.0   1.8  14.8   16:37   NNE
22  21.0  29.7   17:55  17.2   05:17   0.2   2.9   1.5   1.7  12.2   15:48    NE
23  21.9  30.5   17:40  14.4   03:53   0.8   4.3   0.0   1.3  13.3   14:14     N
24  22.6  31.4   16:23  13.8   06:10   1.1   5.4   0.0   1.0  11.2   15:53     N
25  23.5  31.9   18:13  17.0   06:45   0.1   5.3   0.0   1.5  13.3   11:47   NNW
----------------------------------------------------------------------------------
    20.0  32.8     2     7.8     5    42.4  86.3  28.2   1.7  24.5     6     NNW

Max >=  27.0: 21
Max <=   0.0:  0
Min <=   0.0:  0
Min <= -18.0:  0
Max Rain: 18.6 on day 8
Days of Rain: 5 (>= 0.2 mm)  2 (>= 2.0 mm)  0 (>= 20.0 mm)
Heat Base: 18.3  Cool Base: 18.3  Method: Integration
:now::gauges::today::yesterday::this month::this year::records::monthly records:
:Forecast::NOAA Reports::rip WUClassic::NZLW Records::trends::forum:


Powered By: Cumulus v1.9.4 (1099)

NZ Local Weather Forum      Cumulus Top Weather Sites      New Zealand Top40 Weather Station Sites      Flag Counter