Opotiki, Bay of Plenty, NZ weather

NOAA Style Climate Reports

Select a Year or Month report

Report for 2020 Nov
                   Monthly Climatological Summary for Nov 2020

Name: Opotiki Town   City: Opotiki   State: Bay of Plenty, NZ.
Elevation: 7 m  Lat: S 38° 00' 32"   Lon: E 177° 17' 16"

                  Temperature (°C), Rain (mm), Wind Speed (km/h)

                                      Heat  Cool        Avg
    Mean                              Deg   Deg         Wind                 Dom
Day Temp  High   Time   Low    Time   Days  Days  Rain  Speed High   Time    Dir
----------------------------------------------------------------------------------
 1  19.9  29.1   15:21  12.4   23:59   1.0   2.6   5.1   0.0   0.0   00:00   ---
 2  17.2  28.4   18:46   8.8   04:57   3.4   2.3   4.8   0.0   0.0   00:00   ---
 3  17.9  22.4   11:07  12.6   05:22   1.4   1.0   0.0   0.0   0.0   00:00   ---
 4  19.6  24.3   13:08  16.3   02:51   0.5   1.8   0.0   0.0   0.0   00:00   ---
 5  17.8  21.2   11:38  16.3   17:14   0.8   0.4   4.2   0.0   0.0   00:00   ---
 6  20.0  30.4   17:10  15.1   21:39   0.7   2.4   8.4   0.0   0.0   00:00   ---
 7  19.7  28.5   15:36  15.0   03:07   0.7   2.1   8.1   0.0   0.0   00:00   ---
 8  20.3  28.1   15:45  17.0   02:21   0.3   2.3   1.8   0.0   0.0   00:00   ---
 9  16.0  29.1   14:53  11.6   04:59   3.6   1.3  20.7   0.0   0.0   00:00   ---
10  15.0  27.2   14:58   9.4   04:31   4.1   0.7  24.3   0.0   0.0   00:00   ---
11  15.1  21.8   12:26  10.9   22:50   3.4   0.2  11.7   0.0   0.0   00:00   ---
12  17.2  31.0   17:57   7.3   06:13   3.8   2.7   0.0   0.0   0.0   00:00   ---
13  19.3  29.5   16:27  12.2   05:17   1.9   2.9   0.0   0.0   0.0   00:00   ---
14  18.2  28.7   15:07  12.1   06:07   2.2   2.1   0.0   0.0   0.0   00:00   ---
15  18.2  33.4   18:40   7.7   05:27   3.5   3.4   0.0   0.0   0.0   00:00   ---
16  19.0  30.8   15:49  11.6   05:33   2.3   3.0   0.0   0.0   0.0   00:00   ---
17  19.6  31.7   18:53  11.5   05:42   2.1   3.4   0.0   0.0   0.0   00:00   ---
18  17.6  29.0   18:37  11.3   03:39   2.4   1.7   0.0   0.0   0.0   00:00   ---
19  16.9  33.4   15:01   8.8   23:52   3.3   2.0   0.0   0.0   0.0   00:00   ---
20  15.6  30.7   18:13   4.9   05:16   5.3   2.6   0.0   0.0   0.0   00:00   ---
21  18.1  27.4   16:02  10.7   00:00   2.2   2.0   0.0   0.0   0.0   00:00   ---
22  16.8  31.0   15:16   9.4   23:58   3.5   2.0   0.6   0.0   0.0   00:00   ---
23  15.6  36.4   14:58   4.1   05:58   5.2   2.5   0.0   0.0   0.0   00:00   ---
24  14.9  21.1   11:27  11.0   05:11   3.7   0.3   5.1   0.0   0.0   00:00   ---
25  15.1  18.9   17:59  11.4   01:38   3.2   0.0  33.0   0.0   0.0   00:00   ---
26  20.4  29.0   15:02  17.2   03:50   0.2   2.3   0.0   0.0   0.0   00:00   ---
27  21.8  31.6   17:35  16.9   23:18   0.3   3.8   0.0   0.0   0.0   00:00   ---
----------------------------------------------------------------------------------
    17.9  36.4    23     4.1    23    65.0  53.8 127.8   0.0   0.0     0     ---

Max >=  27.0: 21
Max <=   0.0:  0
Min <=   0.0:  0
Min <= -18.0:  0
Max Rain: 33.0 on day 25
Days of Rain: 12 (>= 0.2 mm)  10 (>= 2.0 mm)  3 (>= 20.0 mm)
Heat Base: 18.3  Cool Base: 18.3  Method: Integration
:now::gauges::today::yesterday::this month::this year::records::monthly records:
:Forecast::NOAA Reports::rip WUClassic::NZLW Records::trends::forum:


Powered By: Cumulus v1.9.4 (1099)

NZ Local Weather Forum      Cumulus Top Weather Sites      New Zealand Top40 Weather Station Sites      Flag Counter