Opotiki, Bay of Plenty, NZ weather

NOAA Style Climate Reports

Select a Year or Month report

Report for 2021 Mar
                   Monthly Climatological Summary for Mar 2021

Name: Opotiki Town   City: Opotiki   State: Bay of Plenty, NZ.
Elevation: 7 m  Lat: S 38° 00' 32"   Lon: E 177° 17' 16"

                  Temperature (°C), Rain (mm), Wind Speed (km/h)

                                      Heat  Cool        Avg
    Mean                              Deg   Deg         Wind                 Dom
Day Temp  High   Time   Low    Time   Days  Days  Rain  Speed High   Time    Dir
----------------------------------------------------------------------------------
 1  21.2  30.8   13:53  16.8   05:38   0.4   3.3   3.9   0.0   0.0   00:00   ---
 2  19.5  27.3   11:24  13.8   06:13   0.8   2.0   4.5   0.0   0.0   00:00   ---
 3  21.1  29.7   14:18  15.7   07:13   0.4   3.2   7.2   0.0   0.0   00:00   ---
 4  19.8  24.1   15:33  16.3   02:55   0.3   1.8   8.4   0.0   0.0   00:00   ---
 5  19.2  29.5   15:27  11.2   07:13   2.1   3.0   0.3   0.0   0.0   00:00   ---
 6  20.0  29.9   13:12  13.1   07:18   1.6   3.2   0.0   0.0   0.0   00:00   ---
 7  18.6  29.3   13:55  10.2   23:54   1.6   2.0   0.3   0.0   0.0   00:00   ---
 8  16.7  30.6   15:05   7.9   06:54   4.4   2.9   0.0   0.0   0.0   00:00   ---
 9  19.2  31.0   13:41  12.1   00:00   2.4   3.3   0.0   0.0   0.0   00:00   ---
10  18.2  28.2   14:42  11.1   06:04   2.2   2.1   0.0   0.0   0.0   00:00   ---
11  19.3  29.2   15:29  15.3   23:55   0.6   1.6  23.4   0.0   0.0   00:00   ---
12  18.3  28.1   13:15  13.0   01:55   2.3   2.2   0.0   0.0   0.0   00:00   ---
13  16.6  26.2   15:17  10.6   06:07   3.4   1.7   0.0   0.0   0.0   00:00   ---
14  19.1  33.3   12:17  10.1   07:11   2.9   3.7   0.0   0.0   0.0   00:00   ---
15  19.8  32.2   13:02  12.4   06:07   2.1   3.7   0.0   0.0   0.0   00:00   ---
16  19.3  27.0   10:23  13.2   03:33   1.4   2.5   0.0   0.0   0.0   00:00   ---
17  20.4  33.6   15:05  15.2   07:32   1.1   3.2   0.6   0.0  46.4   08:41     N
18  17.1  25.9   12:30   8.7   23:55   2.6   1.4   0.0   0.0   3.6   13:35   ---
19  14.6  27.8   14:06   6.3   04:10   5.4   1.7   0.0   0.0   1.1   12:06   ---
20  15.0  26.6   15:33   7.2   06:11   4.3   0.9   0.0   0.0   1.1   16:01   ---
21  16.8  28.4   12:50  10.0   07:10   3.0   1.6   0.0   0.0   0.0   00:00   ---
22  15.8  28.2   13:45   9.3   23:59   3.8   1.4   0.0   0.0   0.0   00:00   ---
23  16.6  32.7   13:44   6.5   06:35   4.5   2.8   0.0   0.0   0.0   00:00   ---
24  17.9  29.5   12:25   9.9   07:41   3.2   2.9   0.0   0.0   0.0   00:00   ---
25  17.1  29.1   12:28   8.2   04:39   3.6   2.4   0.0   0.0   0.0   00:00   ---
26  18.1  31.7   11:22   9.7   04:32   2.9   2.8   0.0   0.0   0.0   00:00   ---
27  18.8  28.9   10:28  10.8   05:25   1.9   2.3   0.0   0.0   0.0   00:00   ---
28  17.9  24.3   15:18  13.2   04:21   1.6   1.2   0.0   0.0   0.0   00:00   ---
29  19.2  23.8   15:00  17.0   08:24   0.1   1.1   5.7   0.0   0.0   00:00   ---
30  20.5  26.1   14:26  17.4   03:34   0.2   2.3   1.5   0.0   0.0   00:00   ---
31  20.4  29.1   10:31  17.4   23:57   0.1   2.2   6.3   0.0   1.1   00:42   ---
----------------------------------------------------------------------------------
    18.5  33.6    17     6.3    19    67.2  72.4  62.1   0.0  46.4    17       N

Max >=  27.0: 24
Max <=   0.0:  0
Min <=   0.0:  0
Min <= -18.0:  0
Max Rain: 23.4 on day 11
Days of Rain: 11 (>= 0.2 mm)  7 (>= 2.0 mm)  1 (>= 20.0 mm)
Heat Base: 18.3  Cool Base: 18.3  Method: Integration
:now::gauges::today::yesterday::this month::this year::records::monthly records:
:Forecast::NOAA Reports::rip WUClassic::NZLW Records::trends::forum:


Powered By: Cumulus v1.9.4 (1099)

NZ Local Weather Forum      Cumulus Top Weather Sites      New Zealand Top40 Weather Station Sites      Flag Counter