Opotiki, Bay of Plenty, NZ weather

NOAA Style Climate Reports

Select a Year or Month report

Report for 2020 Dec
                   Monthly Climatological Summary for Dec 2020

Name: Opotiki Town   City: Opotiki   State: Bay of Plenty, NZ.
Elevation: 7 m  Lat: S 38° 00' 32"   Lon: E 177° 17' 16"

                  Temperature (°C), Rain (mm), Wind Speed (km/h)

                                      Heat  Cool        Avg
    Mean                              Deg   Deg         Wind                 Dom
Day Temp  High   Time   Low    Time   Days  Days  Rain  Speed High   Time    Dir
----------------------------------------------------------------------------------
 1  19.2  30.0   15:50  12.0   23:58   1.2   2.1   1.5   0.0   0.0   00:00   ---
 2  16.5  28.3   15:32   6.8   06:08   3.6   1.9   0.0   0.0   0.0   00:00   ---
 3  20.9  36.0   18:14  13.5   01:28   1.4   4.0   0.0   0.0   0.0   00:00   ---
 4  18.6  32.0   18:19  10.0   05:15   2.8   3.1   0.0   0.0   0.0   00:00   ---
 5  16.3  25.1   17:28   8.2   05:49   3.0   1.0   0.0   0.0   0.0   00:00   ---
 6  17.9  30.6   15:50   8.3   05:42   2.9   2.5   0.0   0.0   0.0   00:00   ---
 7  19.8  33.0   15:39  11.7   04:45   1.7   3.2   0.0   0.0   0.0   00:00   ---
 8  22.2  32.1   16:12  18.3   03:46   0.0   3.9   0.9   0.0   0.0   00:00   ---
 9  22.5  31.9   16:14  19.0   05:19   0.0   4.2   0.0   0.0   0.0   00:00   ---
10  21.5  28.5   14:54  17.0   23:06   0.1   3.3   2.4   0.0   0.0   00:00   ---
11  20.0  29.9   17:28  13.6   23:59   1.3   3.0   0.0   0.0   0.0   00:00   ---
12  18.1  29.0   16:02  11.3   05:36   2.6   2.3   0.0   0.0   0.0   00:00   ---
13  18.1  29.2   12:30   8.8   04:59   2.9   2.7   0.0   0.0   1.1   13:30   ---
14  18.5  29.4   12:14   8.0   05:52   2.8   3.0   0.0   0.0   0.0   00:00   ---
15  18.4  30.3   10:39   9.7   05:41   2.5   2.7   0.0   0.0   0.0   00:00   ---
16  19.6  28.1   14:25  11.8   06:02   2.0   3.3   0.0   0.0   0.0   00:00   ---
17  19.7  27.0   10:30  11.5   05:41   2.0   3.4   0.0   0.0   0.0   00:00   ---
18  20.7  29.9   15:14  12.5   06:29   1.2   3.6   0.0   0.0   0.0   00:00   ---
19  20.1  26.0   17:25  14.0   05:17   0.6   2.4   0.0   0.0   0.0   00:00   ---
20  21.5  31.0   13:48  13.0   05:41   1.0   4.2   0.0   0.0   0.0   00:00   ---
21  21.4  30.5   15:21  15.3   05:20   0.5   3.7   0.0   0.0   0.0   00:00   ---
22  20.8  28.6   11:46  15.8   05:17   0.5   3.0   0.0   0.0   0.0   00:00   ---
23  21.4  30.2   14:28  16.6   04:35   0.3   3.4   2.4   0.0   0.0   00:00   ---
24  21.2  30.3   15:39  16.1   22:00   0.2   3.1   8.4   0.0   0.0   00:00   ---
25  19.7  30.3   10:28  11.1   05:57   1.9   3.4   0.0   0.0   0.0   00:00   ---
26  21.7  30.7   11:42  14.8   04:50   0.9   4.3   0.0   0.0   0.0   00:00   ---
27  16.7  31.5   12:28  10.6   23:59   3.4   1.8   4.8   0.0   0.0   00:00   ---
28  15.0  28.2   12:02   5.6   05:54   4.9   1.6   0.3   0.0   0.0   00:00   ---
29  15.8  30.3   12:27   6.3   05:43   4.7   2.2   0.0   0.0   0.0   00:00   ---
30  19.0  34.0   14:59   7.6   05:28   3.8   4.5   0.0   0.0   0.0   00:00   ---
31  18.9  33.1   12:28   9.2   05:59   3.2   3.7   0.0   0.0   0.0   00:00   ---
----------------------------------------------------------------------------------
    19.4  36.0     3     5.6    28    59.9  94.5  20.7   0.0   1.1    13     ---

Max >=  27.0: 29
Max <=   0.0:  0
Min <=   0.0:  0
Min <= -18.0:  0
Max Rain: 8.4 on day 24
Days of Rain: 7 (>= 0.2 mm)  4 (>= 2.0 mm)  0 (>= 20.0 mm)
Heat Base: 18.3  Cool Base: 18.3  Method: Integration
:now::gauges::today::yesterday::this month::this year::records::monthly records:
:Forecast::NOAA Reports::rip WUClassic::NZLW Records::trends::forum:


Powered By: Cumulus v1.9.4 (1099)

NZ Local Weather Forum      Cumulus Top Weather Sites      New Zealand Top40 Weather Station Sites      Flag Counter