Opotiki, Bay of Plenty, NZ weather

NOAA Style Climate Reports

Select a Year or Month report
V/Λ2020 > Jan Feb Mar Apr May Jun Jul Aug Sep Oct Nov Dec
V/Λ2019 > Jan Feb Mar Apr May Jun Jul Aug Sep Oct Nov Dec
V/Λ2018 > Jan Feb Mar Apr May Jun Jul Aug Sep Oct Nov Dec
V/Λ2017 > Jan Feb Mar Apr May Jun Jul Aug Sep Oct Nov Dec
V/Λ2016 > Jan Feb Mar Apr May Jun Jul Aug Sep Oct Nov Dec
V/Λ2015 > Jan Feb Mar Apr May Jun Jul Aug Sep Oct Nov Dec
V/Λ2014 > Jan Feb Mar Apr May Jun Jul Aug Sep Oct Nov Dec

Report for 2019 Jun
                   Monthly Climatological Summary for Jun 2019

Name: Opotiki Town   City: Opotiki   State: Bay of Plenty, NZ.
Elevation: 7 m  Lat: S 38 00' 32"   Lon: E 177 17' 16"

                  Temperature (C), Rain (mm), Wind Speed (km/h)

                                      Heat  Cool        Avg
    Mean                              Deg   Deg         Wind                 Dom
Day Temp  High   Time   Low    Time   Days  Days  Rain  Speed High   Time    Dir
----------------------------------------------------------------------------------
 1  10.5  17.1   11:57   3.6   23:58   8.0   0.0   0.3   2.5  23.4   00:18     W
 2   8.0  20.8   12:34   0.9   23:19  10.4   0.1   0.0   0.6  11.2   14:18   WNW
 3   6.1  17.9   14:43  -1.1   06:42  12.8   0.0   0.0   0.9  12.2   13:14   WNW
 4   8.4  16.9   12:50  -0.4   01:38   9.9   0.0   0.3   0.4  12.2   14:32   NNW
 5  12.5  16.3   15:22  10.0   02:04   5.8   0.0   5.7   2.8  30.6   15:54    NE
 6  10.5  17.6   15:29   5.2   21:22   7.8   0.0   0.0   1.2  15.8   13:45   WNW
 7   9.2  19.2   13:07   1.8   23:55   9.1   0.0   2.1   0.6  13.3   14:33   WNW
 8   8.9  22.2   13:14   1.0   02:23   9.5   0.1   0.0   0.5  13.3   21:08    NW
 9   7.8  20.0   15:08   0.4   07:02  10.5   0.0   0.0   0.5  11.2   12:06   WNW
10  10.5  19.7   13:39   5.5   00:00   7.8   0.0   0.0   0.4  13.3   13:18    NW
11  10.9  22.6   14:02   4.1   07:39   7.7   0.2   0.0   0.3   8.6   14:38     N
12  11.9  15.4   12:22   8.7   07:18   6.4   0.0  16.8   0.2   8.6   12:07    NE
13  13.0  18.5   13:28   8.8   23:58   5.3   0.0   1.2   0.1   5.0   00:07   NNW
14  12.0  20.2   12:12   7.4   07:41   6.3   0.0   0.0   0.4   8.6   13:55   WNW
15  10.9  19.0   12:32   5.2   07:12   7.4   0.0   0.0   0.4   9.7   11:41   WNW
16   9.9  19.7   13:32   2.5   07:14   8.7   0.0   0.0   0.9  17.3   13:33   WNW
17   8.1  18.1   14:21   1.6   06:11  10.2   0.0   0.0   1.2  20.9   13:17     W
18   6.9  18.3   14:13  -0.5   05:53  11.4   0.0   0.0   0.6   9.7   13:21   WNW
19   7.2  22.2   14:46  -1.2   07:21  11.4   0.3   0.0   0.4  11.2   11:15   NNE
20   8.6  19.4   14:29   0.7   07:07   9.7   0.0   0.0   0.7  13.3   17:23   NNE
21  14.2  17.4   14:04   9.8   00:00   4.1   0.0  15.9   2.7  20.9   14:56   NNE
22  12.0  19.2   10:01   6.0   23:58   6.3   0.0   1.2   0.6   9.7   13:17   WNW
23   8.1  16.3   15:21   4.7   01:41  10.2   0.0   4.5   0.2  12.2   14:30   WNW
24  10.5  19.7   14:26   4.4   21:41   7.8   0.0   0.3   0.8  12.2   12:01    NE
25   8.9  20.6   10:11   1.6   06:05   9.5   0.1   0.0   0.7  13.3   13:53     N
26   8.5  20.1   14:55   1.4   07:09   9.9   0.1   0.0   0.4   8.6   10:55     N
27   9.7  20.8   13:10   4.6   05:16   8.8   0.2   0.0   0.4   9.7   14:32   WNW
28   9.2  20.0   13:22   2.9   06:35   9.1   0.0   0.0   0.6   8.6   13:47   WNW
29  10.0  20.9   12:43   1.9   23:38   8.5   0.2   0.0   0.5   8.6   13:14   WNW
30   8.1  21.6   13:22   0.8   04:28  10.4   0.2   0.0   0.4   7.2   14:01    NW
----------------------------------------------------------------------------------
     9.7  22.6    11    -1.2    19   260.7   1.5  48.3   0.8  30.6     5      NW

Max >=  27.0:  0
Max <=   0.0:  0
Min <=   0.0:  4
Min <= -18.0:  0
Max Rain: 16.8 on day 12
Days of Rain: 10 (>= 0.2 mm)  5 (>= 2.0 mm)  0 (>= 20.0 mm)
Heat Base: 18.3  Cool Base: 18.3  Method: Integration
:now::gauges::today::yesterday::this month::this year::records::monthly records:
:Forecast::NOAA Reports::rip WUClassic::NZLW Records::trends::forum:


Powered By: Cumulus v1.9.4 (1099)

NZ Local Weather Forum      Cumulus Top Weather Sites      New Zealand Top40 Weather Station Sites      Flag Counter