Opotiki, Bay of Plenty, NZ weather

NOAA Style Climate Reports

Select a Year or Month report
V/Λ2019 > Jan Feb Mar Apr May Jun Jul Aug Sep Oct Nov Dec
V/Λ2018 > Jan Feb Mar Apr May Jun Jul Aug Sep Oct Nov Dec
V/Λ2017 > Jan Feb Mar Apr May Jun Jul Aug Sep Oct Nov Dec
V/Λ2016 > Jan Feb Mar Apr May Jun Jul Aug Sep Oct Nov Dec
V/Λ2015 > Jan Feb Mar Apr May Jun Jul Aug Sep Oct Nov Dec
V/Λ2014 > Jan Feb Mar Apr May Jun Jul Aug Sep Oct Nov Dec

Report for 2019 May
                   Monthly Climatological Summary for May 2019

Name: Opotiki Town   City: Opotiki   State: Bay of Plenty, NZ.
Elevation: 7 m  Lat: S 38 00' 32"   Lon: E 177 17' 16"

                  Temperature (C), Rain (mm), Wind Speed (km/h)

                                      Heat  Cool        Avg
    Mean                              Deg   Deg         Wind                 Dom
Day Temp  High   Time   Low    Time   Days  Days  Rain  Speed High   Time    Dir
----------------------------------------------------------------------------------
 1  13.6  22.2   14:14   7.2   21:46   5.1   0.4   0.0   1.2  14.8   10:19   WNW
 2  14.0  27.3   13:38   7.0   06:46   5.7   1.4   0.0   0.6  15.8   15:04    NW
 3  13.8  26.3   12:18   5.6   06:39   6.3   1.8   0.0   0.5  11.2   15:10    NW
 4  14.8  25.0   10:30   8.5   06:05   5.1   1.6   0.0   0.6  11.2   13:30    NE
 5  14.7  24.6   09:43   8.0   06:26   4.8   1.2   0.0   1.0  15.8   15:09    NW
 6  13.7  29.7   13:26   7.7   07:02   5.9   1.2   0.0   0.3   8.6   14:38     N
 7  15.0  25.9   12:31   7.9   02:21   4.7   1.4   0.0   0.5   9.7   14:14    NW
 8  15.2  22.7   09:56   9.5   06:36   3.9   0.8   0.0   0.4   8.6   13:38   NNW
 9  16.6  24.4   13:10  11.3   07:39   2.5   0.8   0.3   1.3  19.4   23:58   NNE
10  16.5  23.6   15:39  10.7   23:27   2.2   0.4   3.6   1.8  18.4   09:11   NNW
11  14.8  24.2   14:07   7.4   06:49   4.6   1.1   0.0   0.8  12.2   15:37    NW
12  17.0  22.9   10:39   9.4   01:00   2.0   0.7  12.3   4.6  31.7   23:24   NNE
13  15.4  21.9   12:47   5.3   23:48   3.4   0.5   0.3   3.8  29.5   05:01   WNW
14  10.2  20.5   10:15   3.5   05:28   8.1   0.1   0.0   0.3   8.6   11:12   NNW
15  13.2  23.5   14:31   5.9   00:54   5.7   0.4   0.0   1.6  18.4   12:53   WNW
16  14.4  23.7   14:25   7.9   06:05   4.4   0.6   0.0   2.4  28.1   12:40     W
17  11.6  23.2   13:55   2.9   23:49   7.3   0.6   0.3   0.6  11.2   10:00    SE
18   8.3  16.5   12:37   0.6   05:49  10.0   0.0   0.0   0.2   6.1   13:01     N
19  13.0  22.4   13:33   7.2   00:01   5.8   0.4   0.0   0.9  17.3   09:58   WNW
20  11.7  24.1   14:34   3.7   04:13   7.4   0.8   0.0   0.4   9.7   14:44    NW
21  12.8  21.7   13:33   6.2   04:15   6.0   0.4   0.0   0.7  13.3   15:08    NW
22  12.8  21.2   14:53   5.9   23:57   5.8   0.3   0.0   0.7  12.2   13:33   WNW
23   9.9  24.7   13:10   2.8   06:09   8.9   0.5   0.0   0.2   6.1   10:21     N
24  12.1  24.8   13:08   4.4   02:02   7.2   1.0   0.0   0.4   8.6   12:16   NNE
25  12.2  19.7   14:51   7.2   23:47   6.1   0.0   1.5   0.2   7.2   02:47     N
26  11.1  22.8   15:19   4.8   06:05   7.6   0.4   0.0   0.5   9.7   12:22   NNW
27  14.4  21.9   12:11   6.6   00:11   4.2   0.3   0.3   0.9  15.8   21:49   NNE
28  17.3  18.2   16:41  16.0   06:01   1.0   0.0  13.8   4.5  25.6   12:35   NNE
29  15.1  22.7   13:14   6.8   23:24   3.7   0.5   0.3   3.2  29.5   01:14     W
30  14.6  22.8   14:04   5.3   02:28   4.4   0.7   0.0   2.4  15.8   13:24    NW
31  14.5  18.9   10:07   9.0   20:04   3.8   0.0  18.0   3.3  27.0   07:04   NNW
----------------------------------------------------------------------------------
    13.7  29.7     6     0.6    18   163.6  20.3  50.7   1.3  31.7    12     NNW

Max >=  27.0:  2
Max <=   0.0:  0
Min <=   0.0:  0
Min <= -18.0:  0
Max Rain: 18.0 on day 31
Days of Rain: 10 (>= 0.2 mm)  4 (>= 2.0 mm)  0 (>= 20.0 mm)
Heat Base: 18.3  Cool Base: 18.3  Method: Integration
:now::gauges::today::yesterday::this month::this year::records::monthly records:
:Forecast::NOAA Reports::rip WUClassic::NZLW Records::trends::forum:


Powered By: Cumulus v1.9.4 (1099)

NZ Local Weather Forum      Cumulus Top Weather Sites      New Zealand Top40 Weather Station Sites      Flag Counter