Opotiki, Bay of Plenty, NZ weather

NOAA Style Climate Reports

Select a Year or Month report
V/Λ2020 > Jan Feb Mar Apr May Jun Jul Aug Sep Oct Nov Dec
V/Λ2019 > Jan Feb Mar Apr May Jun Jul Aug Sep Oct Nov Dec
V/Λ2018 > Jan Feb Mar Apr May Jun Jul Aug Sep Oct Nov Dec
V/Λ2017 > Jan Feb Mar Apr May Jun Jul Aug Sep Oct Nov Dec
V/Λ2016 > Jan Feb Mar Apr May Jun Jul Aug Sep Oct Nov Dec
V/Λ2015 > Jan Feb Mar Apr May Jun Jul Aug Sep Oct Nov Dec
V/Λ2014 > Jan Feb Mar Apr May Jun Jul Aug Sep Oct Nov Dec

Report for 2019 Apr
                   Monthly Climatological Summary for Apr 2019

Name: Opotiki Town   City: Opotiki   State: Bay of Plenty, NZ.
Elevation: 7 m  Lat: S 38 00' 32"   Lon: E 177 17' 16"

                  Temperature (C), Rain (mm), Wind Speed (km/h)

                                      Heat  Cool        Avg
    Mean                              Deg   Deg         Wind                 Dom
Day Temp  High   Time   Low    Time   Days  Days  Rain  Speed High   Time    Dir
----------------------------------------------------------------------------------
 1  20.7  24.2   13:13  16.8   00:09   0.1   2.5  14.1   5.0  23.4   09:51   NNE
 2  20.8  29.7   14:43  15.5   07:59   0.5   2.9   5.1   1.9  14.8   01:10    NW
 3  17.3  25.5   16:11   8.5   23:53   2.5   1.5   0.0   2.2  15.8   10:07     S
 4  15.2  27.0   13:44   6.0   06:36   4.9   1.8   0.0   0.5   9.7   14:43     N
 5  16.8  27.9   13:24   9.4   06:27   3.8   2.3   0.0   1.0  14.8   13:58    NW
 6  15.7  26.4   11:17   8.6   07:29   4.3   1.8   0.0   1.0  13.3   12:10   ENE
 7  16.7  30.4   13:51   8.7   23:08   4.2   2.5   7.2   1.0  13.3   16:06     N
 8  14.4  26.2   13:14   7.2   06:25   4.9   1.0   1.8   0.5  11.2   12:07    NW
 9  15.6  26.3   15:35   7.0   06:18   5.0   2.3   0.0   0.8  14.8   13:37   NNW
10  15.4  25.7   15:52   7.1   06:26   4.6   1.7   0.0   1.2  15.8   12:57    NW
11  16.1  26.4   10:10  10.1   06:04   3.3   1.1   6.3   2.0  19.4   17:58     N
12  15.4  25.7   16:06   9.4   23:03   4.0   1.1   0.3   1.6  24.5   02:14   WNW
13  12.3  25.0   15:40   3.3   06:30   7.4   1.3   0.0   0.7  14.8   10:20   ESE
14  11.6  24.5   15:05   1.8   04:54   7.9   1.2   0.0   0.8  14.8   13:37   NNW
15  12.7  26.9   14:32   3.8   06:49   7.5   2.0   0.0   0.5  12.2   11:25   ENE
16  13.0  28.0   14:21   2.9   06:35   7.2   1.9   0.0   0.5  11.2   12:31   ENE
17  12.9  25.1   14:07   5.1   05:20   6.1   0.7   0.0   0.5   9.7   12:36    NE
18  13.8  25.7   13:04   6.2   03:26   6.2   1.7   0.0   0.9  14.8   15:02     E
19  14.0  26.3   10:50   5.6   03:28   6.3   2.1   0.0   0.7  12.2   14:34   WNW
20  14.8  25.4   13:56   5.5   06:27   5.4   1.9   0.0   0.4   9.7   14:05     N
21  16.5  25.7   13:18   9.6   01:18   3.2   1.4   0.6   0.8  13.3   14:58   NNE
22  16.4  22.2   09:02  13.8   23:58   2.0   0.2  50.4   2.5  24.5   12:52    NE
23  15.8  25.8   13:28  12.9   02:43   3.1   0.5  12.3   0.6  11.2   14:07   NNE
24  16.6  26.6   16:23  11.2   06:29   3.0   1.2   0.0   0.4   7.2   13:58   WNW
25  17.7  30.1   13:12  12.1   02:52   2.6   1.9   0.0   0.3   8.6   13:27    NW
26  16.7  27.0   15:10   9.1   06:50   3.5   1.9   0.0   0.7  12.2   12:31   WNW
27  17.7  26.7   10:00  10.7   07:00   2.3   1.7   0.0   1.0  12.2   12:16    NW
28  17.8  24.5   10:34  13.2   06:26   1.6   1.1   4.5   1.6  17.3   12:30     N
29  13.8  22.4   09:18   7.3   23:55   5.0   0.5   1.2   1.1  33.1   13:27    NW
30  12.2  21.4   14:19   5.6   05:21   6.2   0.1   0.0   1.1  18.4   10:25    NW
----------------------------------------------------------------------------------
    15.5  30.4     7     1.8    14   128.6  45.8 103.8   1.1  33.1    29       N

Max >=  27.0:  7
Max <=   0.0:  0
Min <=   0.0:  0
Min <= -18.0:  0
Max Rain: 50.4 on day 22
Days of Rain: 11 (>= 0.2 mm)  7 (>= 2.0 mm)  1 (>= 20.0 mm)
Heat Base: 18.3  Cool Base: 18.3  Method: Integration
:now::gauges::today::yesterday::this month::this year::records::monthly records:
:Forecast::NOAA Reports::rip WUClassic::NZLW Records::trends::forum:


Powered By: Cumulus v1.9.4 (1099)

NZ Local Weather Forum      Cumulus Top Weather Sites      New Zealand Top40 Weather Station Sites      Flag Counter