Opotiki, Bay of Plenty, NZ weather

NOAA Style Climate Reports

Select a Year or Month report
V/Λ2019 > Jan Feb Mar Apr May Jun Jul Aug Sep Oct Nov Dec
V/Λ2018 > Jan Feb Mar Apr May Jun Jul Aug Sep Oct Nov Dec
V/Λ2017 > Jan Feb Mar Apr May Jun Jul Aug Sep Oct Nov Dec
V/Λ2016 > Jan Feb Mar Apr May Jun Jul Aug Sep Oct Nov Dec
V/Λ2015 > Jan Feb Mar Apr May Jun Jul Aug Sep Oct Nov Dec
V/Λ2014 > Jan Feb Mar Apr May Jun Jul Aug Sep Oct Nov Dec

Report for 2019 Jan
                   Monthly Climatological Summary for Jan 2019

Name: Opotiki Town   City: Opotiki   State: Bay of Plenty, NZ.
Elevation: 7 m  Lat: S 38 00' 32"   Lon: E 177 17' 16"

                  Temperature (C), Rain (mm), Wind Speed (km/h)

                                      Heat  Cool        Avg
    Mean                              Deg   Deg         Wind                 Dom
Day Temp  High   Time   Low    Time   Days  Days  Rain  Speed High   Time    Dir
----------------------------------------------------------------------------------
 1  22.5  29.3   14:31  17.0   03:59   0.1   4.4   0.3   1.7  14.8   13:14    NE
 2  23.6  29.9   16:52  17.8   23:58   0.0   5.3   0.0   1.5  12.2   11:10   NNE
 3  23.1  32.7   16:38  15.5   04:04   0.6   5.4   0.0   2.4  18.4   15:47   WNW
 4  22.4  31.8   15:44  13.3   05:50   0.8   4.9   0.0   2.2  17.3   14:10    NW
 5  20.2  28.1   13:46  12.1   05:21   1.5   3.4   0.0   1.3  12.2   11:26   NNE
 6  23.0  34.2   18:19  14.3   05:45   0.7   5.4   0.0   1.5  15.8   11:03   NNW
 7  23.4  32.6   19:09  14.2   05:50   0.8   5.9   0.0   1.7  19.4   12:53   WNW
 8  22.9  29.8   17:47  16.5   04:33   0.3   4.9   0.0   1.8  17.3   11:56   NNE
 9  22.0  29.1   13:04  16.8   01:43   0.1   3.9   0.0   2.0  15.8   13:29   NNE
10  22.2  27.7   14:57  19.3   04:14   0.0   3.9   5.1   2.1  14.8   13:19   NNW
11  23.0  30.3   16:56  17.2   04:43   0.1   4.8   0.0   2.2  18.4   12:29   NNW
12  22.6  33.3   13:23  14.6   05:21   0.7   5.0   0.3   1.4  13.3   15:00   WNW
13  20.5  29.2   15:40  13.4   04:47   1.1   3.3  10.8   1.6  13.3   14:49   NNE
14  19.2  23.7   12:11  14.6   22:48   0.8   1.7   6.6   2.8  18.4   01:00     N
15  18.8  27.9   16:56  12.1   05:21   2.0   2.5   0.9   0.8  11.2   12:24   NNE
16  18.7  25.4   16:49  13.1   01:29   1.4   1.8   0.6   0.4   9.7   15:02     W
17  22.4  31.7   15:07  14.6   06:11   0.8   5.0   0.3   1.1  13.3   16:08   NNW
18  22.8  30.8   17:38  15.4   04:17   0.5   5.0   0.0   1.3  14.8   13:41     N
----------------------------------------------------------------------------------
    21.8  34.2     6    12.1     5    12.3  76.5  24.9   1.7  19.4     7     NNW

Max >=  27.0: 16
Max <=   0.0:  0
Min <=   0.0:  0
Min <= -18.0:  0
Max Rain: 10.8 on day 13
Days of Rain: 8 (>= 0.2 mm)  3 (>= 2.0 mm)  0 (>= 20.0 mm)
Heat Base: 18.3  Cool Base: 18.3  Method: Integration
:now::gauges::today::yesterday::this month::this year::records::monthly records:
:Forecast::NOAA Reports::rip WUClassic::NZLW Records::trends::forum:


Powered By: Cumulus v1.9.4 (1099)

NZ Local Weather Forum      Cumulus Top Weather Sites      New Zealand Top40 Weather Station Sites      Flag Counter