Opotiki, Bay of Plenty, NZ weather

NOAA Style Climate Reports

Select a Year or Month report
V/Λ2019 > Jan Feb Mar Apr May Jun Jul Aug Sep Oct Nov Dec
V/Λ2018 > Jan Feb Mar Apr May Jun Jul Aug Sep Oct Nov Dec
V/Λ2017 > Jan Feb Mar Apr May Jun Jul Aug Sep Oct Nov Dec
V/Λ2016 > Jan Feb Mar Apr May Jun Jul Aug Sep Oct Nov Dec
V/Λ2015 > Jan Feb Mar Apr May Jun Jul Aug Sep Oct Nov Dec
V/Λ2014 > Jan Feb Mar Apr May Jun Jul Aug Sep Oct Nov Dec

Report for 2018 Nov
                   Monthly Climatological Summary for Nov 2018

Name: Opotiki Town   City: Opotiki   State: Bay of Plenty, NZ.
Elevation: 7 m  Lat: S 38 00' 32"   Lon: E 177 17' 16"

                  Temperature (C), Rain (mm), Wind Speed (km/h)

                                      Heat  Cool        Avg
    Mean                              Deg   Deg         Wind                 Dom
Day Temp  High   Time   Low    Time   Days  Days  Rain  Speed High   Time    Dir
----------------------------------------------------------------------------------
 1  12.1  22.4   14:15   7.6   03:46   6.3   0.2   7.8   1.0  17.3   17:25   WNW
 2  15.7  28.1   15:23   8.1   23:56   4.2   1.7   0.0   2.5  19.4   10:31   WSW
 3  11.0  15.3   23:12   5.4   03:58   7.3   0.0   4.8   0.3  13.3   21:52   NNE
 4  18.7  25.7   15:37   9.6   23:58   1.5   1.9   0.0   5.2  25.6   17:52   WNW
 5  15.6  27.4   18:25   5.4   06:11   4.6   1.9   0.0   1.4  13.3   10:14     N
 6  16.4  24.8   16:48   8.3   06:01   4.0   2.1   0.0   1.5  13.3   15:15   NNE
 7  17.3  25.0   16:24   9.2   06:12   2.7   1.7   0.0   1.8  13.3   13:44   NNE
 8  18.5  22.1   11:14  16.8   05:32   0.5   0.7   0.0   2.5  19.4   16:09     N
 9  19.3  24.2   13:55  16.9   06:32   0.5   1.5   0.3   4.0  20.9   16:05     N
10  18.2  24.4   10:19  14.4   22:49   1.1   1.0   4.2   2.7  14.8   00:12   NNE
11  18.1  25.3   10:33  13.1   23:50   2.0   1.8   0.0   1.4  12.2   14:03    NW
12  18.6  24.9   13:40  12.5   05:07   1.7   2.0   0.0   1.8  14.8   15:25   NNE
13  18.1  25.7   10:55  14.3   05:44   1.5   1.3   0.6   1.7  15.8   13:47    NE
14  18.4  26.0   09:57  12.1   05:47   1.7   1.8   0.0   1.9  15.8   15:22   NNE
15  18.3  25.8   14:56  11.1   02:14   2.3   2.3   0.0   1.7  13.3   14:09   NNE
16  18.3  25.8   17:11  11.1   06:07   2.0   2.0   0.0   1.5  13.3   12:06    NW
17  20.0  26.6   15:33  14.1   06:20   1.0   2.7   0.0   1.9  14.8   11:56     N
18  19.3  25.3   16:36  13.2   06:19   1.1   2.1   0.0   3.2  19.4   14:23    NW
19  17.5  24.9   15:11  11.3   04:14   2.3   1.5   0.0   1.7  19.4   14:29   NNE
20  15.1  23.3   17:20   6.3   06:03   4.1   0.9   1.2   1.9  14.8   11:34     N
21  14.0  21.0   11:44   6.5   06:21   4.5   0.2  14.7   2.3  27.0   21:47   NNE
22  14.4  24.7   16:15   8.1   03:08   4.9   1.0   7.5   1.2  17.3   14:01    NW
23  17.7  26.9   11:10   7.8   05:52   3.4   2.9   0.0   1.4  14.8   11:47   NNE
24  16.5  24.5   11:27  12.2   03:35   2.4   0.6   3.9   1.2  14.8   19:02    NE
25  17.8  26.6   11:45  14.5   01:14   1.2   0.7  32.1   1.0  15.8   19:54   NNE
26  20.0  26.4   15:58  14.3   06:18   0.8   2.5   0.0   2.1  14.8   10:25     N
27  19.8  27.0   15:58  14.5   01:39   1.0   2.6   0.9   1.2  13.3   10:41   NNE
28  19.8  27.5   13:30  13.8   23:46   1.0   2.4   0.0   0.7  11.2   11:56   WSW
29  19.7  30.3   12:49  10.9   05:59   2.2   3.7   0.0   1.5  14.8   11:19    NE
30  19.8  26.4   15:04  13.6   00:00   1.1   2.6   0.0   2.9  22.0   20:06    NE
----------------------------------------------------------------------------------
    17.5  30.3    29     5.4     3    74.9  50.3  78.0   1.9  27.0    21       N

Max >=  27.0:  5
Max <=   0.0:  0
Min <=   0.0:  0
Min <= -18.0:  0
Max Rain: 32.1 on day 25
Days of Rain: 11 (>= 0.2 mm)  7 (>= 2.0 mm)  1 (>= 20.0 mm)
Heat Base: 18.3  Cool Base: 18.3  Method: Integration
:now::gauges::today::yesterday::this month::this year::records::monthly records:
:Forecast::NOAA Reports::rip WUClassic::NZLW Records::trends::forum:


Powered By: Cumulus v1.9.4 (1099)

NZ Local Weather Forum      Cumulus Top Weather Sites      New Zealand Top40 Weather Station Sites      Flag Counter