Opotiki, Bay of Plenty, NZ weather

NOAA Style Climate Reports

Select a Year or Month report
V/Λ2018 > Jan Feb Mar Apr May Jun Jul Aug Sep Oct Nov Dec
V/Λ2017 > Jan Feb Mar Apr May Jun Jul Aug Sep Oct Nov Dec
V/Λ2016 > Jan Feb Mar Apr May Jun Jul Aug Sep Oct Nov Dec
V/Λ2015 > Jan Feb Mar Apr May Jun Jul Aug Sep Oct Nov Dec
V/Λ2014 > Jan Feb Mar Apr May Jun Jul Aug Sep Oct Nov Dec

Report for 2018 Apr
                   Monthly Climatological Summary for Apr 2018

Name: Opotiki Town   City: Opotiki   State: Bay of Plenty, NZ.
Elevation: 7 m  Lat: S 38 00' 32"   Lon: E 177 17' 16"

                  Temperature (C), Rain (mm), Wind Speed (km/h)

                                      Heat  Cool        Avg
    Mean                              Deg   Deg         Wind                 Dom
Day Temp  High   Time   Low    Time   Days  Days  Rain  Speed High   Time    Dir
----------------------------------------------------------------------------------
 1  19.9  30.1   11:29  13.6   04:52   1.3   3.0   0.0   1.4  17.3   14:01     N
 2  19.1  26.6   14:42  12.1   23:46   1.7   2.6   0.0   1.1  14.8   15:57     N
 3  17.0  26.2   15:26   9.3   05:00   3.3   1.9   0.0   0.9  23.4   11:45   WNW
 4  18.4  25.9   13:45  12.9   03:14   1.8   2.0   0.0   0.9  15.8   15:07   WNW
 5  17.6  29.0   11:42  10.3   04:34   3.4   2.7   0.0   0.8  11.2   12:56     N
 6  17.7  26.7   14:28   9.8   06:37   3.2   2.6   0.3   0.8  11.2   12:56   NNW
 7  18.2  30.2   16:30  10.0   06:25   2.6   2.5   0.0   1.2  14.8   13:01   WNW
 8  16.6  24.5   11:59  11.8   06:51   2.4   0.7   0.0   1.0  14.8   02:06     W
 9  15.2  24.3   15:03   8.5   05:49   3.8   0.7   0.0   0.5  11.2   15:05     N
10  18.7  23.6   11:36  13.3   23:26   1.1   1.5   5.0   4.4  28.1   13:51    NW
11   9.9  16.4   01:23   6.9   21:19   8.4   0.0   6.0   1.8  28.1   01:15    NW
12  12.7  20.2   13:58   5.2   04:23   5.8   0.1   2.0   1.7  18.4   13:52   WNW
13  15.0  21.6   14:44   9.5   07:15   3.7   0.3   0.3   1.7  17.3   14:18     W
14  14.3  17.7   15:23  12.2   03:20   4.1   0.0   8.7   0.0   6.1   09:46     N
15  16.0  26.2   14:38  12.9   03:04   2.9   0.6   2.4   0.3   7.2   09:54   NNW
16  18.2  23.6   16:59  13.3   23:57   1.2   1.0  12.0   3.3  27.0   14:22     N
17  16.6  25.2   15:42   8.8   06:29   2.8   1.2   0.0   0.9  11.2   12:25     N
18  15.2  22.7   10:34   6.7   23:27   3.7   0.6   0.0   2.2  28.1   15:05     W
19  12.3  22.8   14:41   4.5   07:09   6.6   0.6   0.0   0.9  12.2   12:08   NNW
20  14.8  26.0   15:20   6.5   02:56   4.6   1.1   0.0   1.3  15.8   13:51   WNW
21  15.4  22.5   15:18   7.4   06:05   3.5   0.6   0.0   1.9  19.4   11:25   WNW
22  15.3  25.3   14:13   9.0   05:47   4.2   1.2   0.0   1.0  13.3   02:43   WNW
----------------------------------------------------------------------------------
    16.1  30.2     7     4.5    19    76.1  27.5  36.7   1.4  28.1    10      NW

Max >=  27.0:  3
Max <=   0.0:  0
Min <=   0.0:  0
Min <= -18.0:  0
Max Rain: 12.0 on day 16
Days of Rain: 8 (>= 0.2 mm)  6 (>= 2.0 mm)  0 (>= 20.0 mm)
Heat Base: 18.3  Cool Base: 18.3  Method: Integration
:now::gauges::today::yesterday::this month::this year::records::monthly records:
:Forecast::NOAA Reports::rip WUClassic::NZLW Records::trends::forum:


Powered By: Cumulus v1.9.4 (1099)

NZ Local Weather Forum      Cumulus Top Weather Sites      New Zealand Top40 Weather Station Sites      Flag Counter