Opotiki, Bay of Plenty, NZ weather

NOAA Style Climate Reports

Select a Year or Month report
V/Λ2018 > Jan Feb Mar Apr May Jun Jul Aug Sep Oct Nov Dec
V/Λ2017 > Jan Feb Mar Apr May Jun Jul Aug Sep Oct Nov Dec
V/Λ2016 > Jan Feb Mar Apr May Jun Jul Aug Sep Oct Nov Dec
V/Λ2015 > Jan Feb Mar Apr May Jun Jul Aug Sep Oct Nov Dec
V/Λ2014 > Jan Feb Mar Apr May Jun Jul Aug Sep Oct Nov Dec

Report for 2017 Apr
                   Monthly Climatological Summary for Apr 2017

Name: Opotiki Town   City: Opotiki   State: Bay of Plenty, NZ.
Elevation: 7 m  Lat: S 38 00' 32"   Lon: E 177 17' 16"

                  Temperature (C), Rain (mm), Wind Speed (km/h)

                                      Heat  Cool        Avg
    Mean                              Deg   Deg         Wind                 Dom
Day Temp  High   Time   Low    Time   Days  Days  Rain  Speed High   Time    Dir
----------------------------------------------------------------------------------
 1  20.2  30.0   16:53  14.7   05:53   0.7   2.6   0.0   0.3   7.2   14:34   NNW
 2  20.5  31.3   10:56  14.4   06:19   0.8   3.2   0.0   0.5  11.2   12:27    NW
 3  22.4  30.9   16:27  18.2   23:57   0.0   4.1   1.2   0.5   9.7   13:29     N
 4  16.5  18.3   11:55  14.9   21:57   1.8   0.0  37.5   0.8  15.8   16:16   NNE
 5  19.6  21.6   14:45  14.7   01:01   0.7   2.1  55.2   4.4  29.5   23:26   NNE
 6  18.3  24.7   15:09  13.7   23:02   1.2   1.1   2.7   2.6  25.6   00:28   WNW
 7  17.3  27.7   15:58  10.6   06:25   2.9   1.9   0.0   0.5  12.2   12:42   WNW
 8  15.6  27.9   13:36   5.7   06:04   5.2   2.5   0.0   0.6  12.2   11:15     N
 9  15.6  28.6   10:46   8.3   03:31   4.6   1.9   0.0   0.5  13.3   13:54   WNW
10  18.5  30.5   16:17   9.9   06:51   3.3   3.5   0.0   0.0   6.1   15:08   NNW
11  19.8  30.5   10:58  14.7   00:00   0.9   2.4  12.4   0.9  18.4   17:57     N
12  19.2  23.3   08:43  17.0   04:31   0.3   1.2   3.9   1.1  14.8   16:33   NNE
13  18.1  19.4   21:45  16.8   06:13   0.4   0.2  12.6   2.1  39.2   18:45    NE
14  20.6  27.0   14:15  16.2   06:15   0.2   2.5   2.1   1.9  13.3   23:24    NW
15  19.2  25.6   14:24  12.2   23:52   1.2   2.1   0.0   2.1  17.3   12:15   WNW
16  17.2  28.3   14:53   9.1   04:51   3.3   2.1   3.9   0.8  14.8   14:13   NNE
17  16.2  26.5   13:06  10.4   23:04   3.6   1.5   7.2   0.4   8.6   13:59     N
18  15.3  28.0   10:27   8.0   06:22   5.2   2.2   0.0   0.5  15.8   13:35    NE
19  15.4  27.3   10:12   8.8   23:55   4.4   1.5   0.0   0.5  12.2   14:10   WNW
20  13.7  27.3   14:07   5.9   05:04   6.3   1.7   0.0   0.2   9.7   11:37    NE
21  13.9  26.4   15:14   5.9   06:01   6.4   2.0   0.0   0.3   8.6   10:49     N
22  13.7  27.5   11:07   5.5   05:49   6.5   1.9   0.0   0.4  11.2   11:43    NW
23  14.9  26.9   10:50   7.2   04:00   4.4   1.0   0.0   0.3   7.2   15:13   NNW
24  16.3  29.9   16:00  11.1   01:42   3.4   1.5   0.0   0.2  12.2   13:03    NE
25  17.2  30.3   16:40  10.0   23:18   3.7   2.5   0.0   0.5  11.2   03:39    NE
26  15.4  28.9   10:19   7.6   06:11   5.0   2.1   0.0   0.4  11.2   16:23    NW
27  14.6  25.3   10:15   7.6   06:53   5.3   1.6   0.0   0.9  14.8   13:23   WNW
28  14.8  26.9   10:48   6.9   06:21   5.1   1.5   0.0   0.4   9.7   13:52    NW
29  16.8  22.1   12:00  12.8   00:47   1.8   0.3   8.7   1.0  22.0   22:59    NE
30  17.7  23.6   12:42  11.1   19:36   1.7   1.0  12.9   2.7  23.4   03:17   NNW
----------------------------------------------------------------------------------
    17.2  31.3     2     5.5    22    90.3  55.7 160.3   0.9  39.2    13     NNW

Max >=  27.0: 17
Max <=   0.0:  0
Min <=   0.0:  0
Min <= -18.0:  0
Max Rain: 55.2 on day 5
Days of Rain: 12 (>= 0.2 mm)  11 (>= 2.0 mm)  2 (>= 20.0 mm)
Heat Base: 18.3  Cool Base: 18.3  Method: Integration
:now::gauges::today::yesterday::this month::this year::records::monthly records:
:Forecast::NOAA Reports::rip WUClassic::NZLW Records::trends::forum:


Powered By: Cumulus v1.9.4 (1099)

NZ Local Weather Forum      Cumulus Top Weather Sites      New Zealand Top40 Weather Station Sites      Flag Counter