Opotiki, Bay of Plenty, NZ weather

NOAA Style Climate Reports

Select a Year or Month report
V/Λ2018 > Jan Feb Mar Apr May Jun Jul Aug Sep Oct Nov Dec
V/Λ2017 > Jan Feb Mar Apr May Jun Jul Aug Sep Oct Nov Dec
V/Λ2016 > Jan Feb Mar Apr May Jun Jul Aug Sep Oct Nov Dec
V/Λ2015 > Jan Feb Mar Apr May Jun Jul Aug Sep Oct Nov Dec
V/Λ2014 > Jan Feb Mar Apr May Jun Jul Aug Sep Oct Nov Dec

Report for 2016 Nov
                   Monthly Climatological Summary for Nov 2016

Name: Opotiki Town   City: Opotiki   State: Bay of Plenty, NZ.
Elevation: 7 m  Lat: S 38 00' 32"   Lon: E 177 17' 16"

                  Temperature (C), Rain (mm), Wind Speed (km/h)

                                      Heat  Cool        Avg
    Mean                              Deg   Deg         Wind                 Dom
Day Temp  High   Time   Low    Time   Days  Days  Rain  Speed High   Time    Dir
----------------------------------------------------------------------------------
 1  14.3  23.5   17:54   5.8   06:31   4.6   0.7   0.3   1.6  14.8   12:46     N
 2  15.3  25.5   14:51  10.4   00:23   3.8   0.7  14.7   2.3  20.9   10:53    NW
 3  15.7  25.5   18:47   7.1   03:36   4.0   1.4   0.0   1.8  15.8   13:16    NW
 4  15.1  24.2   16:18   5.7   06:24   4.4   1.1   0.0   2.5  19.4   13:33   WNW
 5  14.5  23.7   14:29   5.9   05:59   4.5   0.6   0.0   1.7  18.4   15:03   WNW
 6  16.7  23.8   15:00  10.5   03:35   2.7   1.1   1.5   1.7  15.8   15:45   NNW
 7  16.8  23.0   15:39  13.1   23:49   1.9   0.4  53.7   3.5  27.0   09:19     N
 8  16.8  28.3   16:53  10.5   04:13   3.2   1.7   0.0   2.0  20.9   11:24    NW
 9  16.7  26.2   14:54   7.3   05:28   4.1   2.5   0.0   1.3  13.3   11:44   NNW
10  18.0  27.5   16:33  10.0   05:45   3.0   2.7   0.0   1.3  13.3   12:44     N
11  17.8  25.0   16:01  10.9   06:09   2.2   1.7   0.0   2.3  17.3   16:56     N
12  17.0  22.4   17:21  14.8   20:37   1.4   0.1  33.3   5.0  29.5   06:01   NNW
13  17.1  23.5   12:47   9.4   23:50   2.6   1.4   0.0   2.9  25.6   15:54     W
14  15.5  23.6   16:34   6.5   05:48   3.8   1.1   0.0   1.5  13.3   23:30     N
15  17.6  18.7   09:19  17.1   00:08   0.8   0.0  30.3   4.6  20.9   11:56   NNE
16  17.9  24.8   16:41  14.1   22:07   1.3   0.8  11.1   4.2  28.1   14:36     W
17  14.6  21.3   14:13   8.0   23:58   3.8   0.1   7.2   3.3  29.5   12:51     W
18  14.8  27.7   18:05   6.7   06:12   5.2   1.7   3.0   0.6  12.2   10:34     N
19  15.5  26.6   15:10   7.0   04:39   4.0   1.2   0.0   2.1  19.4   20:39    NW
20  18.6  28.4   15:41  10.6   23:57   2.1   2.4   0.0   3.1  22.0   18:32   WNW
21  16.5  26.8   17:33   7.1   05:29   4.1   2.3   0.0   1.4  15.8   12:47    NW
22  18.6  28.0   16:59   9.5   05:43   3.1   3.4   0.0   1.2  11.2   12:47     N
23  18.4  28.4   18:11   9.4   05:27   3.1   3.1   0.0   1.4  12.2   13:10     N
24  18.0  27.1   17:55   9.7   05:33   2.9   2.7   0.0   1.3  12.2   11:14     N
25  18.6  22.2   09:44  14.8   00:00   0.5   0.8   3.0   3.8  18.4   11:53   NNE
26  19.7  25.4   14:24  15.0   23:12   0.7   2.1   0.0   3.6  22.0   19:59   WNW
27  16.6  22.9   13:01  12.0   06:07   2.3   0.6   1.2   4.7  24.5   09:20     W
28  16.0  24.6   17:49   7.4   06:06   3.6   1.3   0.0   2.8  20.9   12:55     W
29  16.4  28.7   17:48   5.9   05:34   3.9   2.0   0.0   2.4  15.8   14:18    NW
30  17.3  26.8   14:48  11.8   23:57   2.4   1.4   0.0   1.3  17.3   11:55    NW
----------------------------------------------------------------------------------
    16.7  28.7    29     5.7     4    90.0  43.1 159.3   2.4  29.5    12      NW

Max >=  27.0:  8
Max <=   0.0:  0
Min <=   0.0:  0
Min <= -18.0:  0
Max Rain: 53.7 on day 7
Days of Rain: 11 (>= 0.2 mm)  8 (>= 2.0 mm)  3 (>= 20.0 mm)
Heat Base: 18.3  Cool Base: 18.3  Method: Integration
:now::gauges::today::yesterday::this month::this year::records::monthly records:
:Forecast::NOAA Reports::rip WUClassic::NZLW Records::trends::forum:


Powered By: Cumulus v1.9.4 (1099)

NZ Local Weather Forum      Cumulus Top Weather Sites      New Zealand Top40 Weather Station Sites      Flag Counter