Opotiki, Bay of Plenty, NZ weather

NOAA Style Climate Reports

Select a Year or Month report

Report for 2016 Jul
                   Monthly Climatological Summary for Jul 2016

Name: Opotiki Town   City: Opotiki   State: Bay of Plenty, NZ.
Elevation: 7 m  Lat: S 38 00' 32"   Lon: E 177 17' 16"

                  Temperature (C), Rain (mm), Wind Speed (km/h)

                                      Heat  Cool        Avg
    Mean                              Deg   Deg         Wind                 Dom
Day Temp  High   Time   Low    Time   Days  Days  Rain  Speed High   Time    Dir
----------------------------------------------------------------------------------
 1   9.4  16.4   13:47   2.6   23:58   8.9   0.0   0.0   0.7  19.4   13:07     N
 2   4.9  16.6   13:51  -1.4   07:22  13.4   0.0   0.0   0.3  11.2   14:22    NW
 3   4.8  17.3   14:51  -2.0   05:53  13.7   0.0   0.0   0.3   7.2   15:26   NNW
 4   6.3  18.6   13:57   0.4   00:06  12.0   0.0   0.0   0.3   8.6   14:34    NW
 5   7.7  18.5   15:20  -0.3   06:08  10.8   0.0   0.0   0.3   7.2   12:21   NNW
 6  10.6  21.6   13:19   4.5   04:58   7.9   0.3   0.0   0.2   8.6   13:58    NW
 7  11.1  15.1   12:01   7.1   01:28   7.2   0.0   0.9   0.5  12.2   12:33     N
 8  14.9  21.3   11:16  11.3   00:28   3.7   0.3   4.5   2.0  22.0   23:20     N
 9  11.7  13.8   11:58  10.0   23:55   6.6   0.0   0.0   2.2  28.1   01:31     N
10  11.5  18.4   14:09   9.0   01:39   6.8   0.0   0.0   1.1  18.4   11:36     N
11  11.6  19.2   14:31   7.3   23:57   6.7   0.0   0.0   1.3  15.8   12:25   NNE
12  10.1  20.4   14:13   3.4   23:59   8.5   0.2   0.0   0.5  13.3   13:23     N
13   8.9  18.1   11:12   1.3   06:32   9.4   0.0   0.0   0.5  17.3   23:59     N
14  13.1  18.3   14:21   6.4   23:59   5.2   0.0  12.0   5.8  36.7   07:45   NNW
15   9.9  17.8   15:04   2.0   07:04   8.4   0.0   0.0   2.7  25.6   14:10     W
16   9.0  18.1   14:40   2.3   23:59   9.6   0.0   0.0   1.1  14.8   16:14   WNW
17   9.1  18.8   14:30   1.1   01:30   9.4   0.0   0.0   1.8  23.4   12:35     W
18   6.8  17.9   15:04  -0.2   23:54  11.8   0.0   0.0   1.0  17.3   13:19   WNW
19   6.1  14.3   20:56  -2.7   05:48  12.2   0.0   3.0   0.8  27.0   21:10     W
20  11.5  19.1   14:44   3.7   22:48   6.9   0.0   0.3   2.4  18.4   04:33     W
21  10.1  19.7   14:21   3.0   00:46   8.3   0.1   0.0   0.9  13.3   02:14   WNW
22  10.6  17.0   14:10   4.8   04:10   7.7   0.0   1.2   1.0  18.4   23:34   NNE
23  15.6  20.3   13:25  12.4   05:41   2.8   0.1  19.8   4.3  28.1   07:58     N
24  15.0  18.2   10:30   9.1   23:50   3.4   0.0  13.8   6.1  29.5   03:35   WNW
25  11.5  18.0   14:54   4.8   23:16   6.8   0.0   0.0   3.2  25.6   14:41     W
26   9.0  18.1   15:51   4.8   00:11   9.3   0.0   7.8   0.2   8.6   14:56    NW
27   9.0  19.7   15:49   3.5   05:52   9.3   0.0   0.3   0.1   5.0   14:45     N
28  10.8  16.2   14:50   6.4   03:13   7.5   0.0   7.5   1.2  28.1   21:08     W
29  10.0  16.6   14:02   2.6   23:43   8.3   0.0   3.0   3.3  31.7   14:16     W
30   8.9  17.0   13:43   0.5   05:45   9.4   0.0   2.4   2.3  24.5   21:37   WNW
31   8.1  15.8   15:26   2.7   07:01  10.2   0.0   1.8   1.8  20.9   00:16   WNW
----------------------------------------------------------------------------------
     9.9  21.6     6    -2.7    19   262.1   1.0  78.3   1.6  36.7    14      NW

Max >=  27.0:  0
Max <=   0.0:  0
Min <=   0.0:  5
Min <= -18.0:  0
Max Rain: 19.8 on day 23
Days of Rain: 14 (>= 0.2 mm)  9 (>= 2.0 mm)  0 (>= 20.0 mm)
Heat Base: 18.3  Cool Base: 18.3  Method: Integration
:now::gauges::today::yesterday::this month::this year::records::monthly records:
:Forecast::NOAA Reports::rip WUClassic::NZLW Records::trends::forum:


Powered By: Cumulus v1.9.4 (1099)

NZ Local Weather Forum      Cumulus Top Weather Sites      New Zealand Top40 Weather Station Sites      Flag Counter