Opotiki, Bay of Plenty, NZ weather

NOAA Style Climate Reports

Select a Year or Month report

Report for 2015 Aug
                   Monthly Climatological Summary for Aug 2015

Name: Opotiki Town   City: Opotiki   State: Bay of Plenty, NZ.
Elevation: 7 m  Lat: S 38 00' 32"   Lon: E 177 17' 16"

                  Temperature (C), Rain (mm), Wind Speed (km/h)

                                      Heat  Cool        Avg
    Mean                              Deg   Deg         Wind                 Dom
Day Temp  High   Time   Low    Time   Days  Days  Rain  Speed High   Time    Dir
----------------------------------------------------------------------------------
 1   8.1  15.7   12:16   1.0   05:44  10.2   0.0   0.0   0.2   8.6   12:38     N
 2  10.5  20.4   14:58   5.8   00:49   7.8   0.0   0.0   0.4   8.6   15:07     N
 3  11.3  18.8   11:06   5.4   07:03   7.0   0.0   0.0   0.6   9.7   12:18   NNW
 4  13.9  17.5   11:06   9.2   06:15   4.4   0.0   0.3   2.1  17.3   17:55   WNW
 5  13.6  14.5   19:53  12.0   06:09   4.7   0.0  10.8   1.4  17.3   23:25   NNE
 6  14.9  21.0   14:37  10.8   23:35   3.5   0.1  29.4   4.9  33.1   06:53   NNE
 7  11.9  15.9   11:12   8.5   03:02   6.4   0.0   4.2   3.8  25.6   12:56   WNW
 8   9.6  14.7   15:13   1.1   23:43   8.7   0.0   1.2   4.5  33.1   05:10     W
 9   8.1  18.3   15:42   1.0   00:33  10.2   0.0   0.9   0.4   9.7   13:39   NNW
10   6.9  16.6   13:54   0.4   23:27  11.4   0.0   0.0   1.4  19.4   12:24   NNE
11   6.2  18.3   13:47  -2.0   07:06  12.1   0.0   0.0   0.7  11.2   10:25   NNW
12   6.6  20.9   15:32  -1.5   06:39  11.8   0.1   0.0   0.6  11.2   10:37   WNW
13   6.6  17.0   11:08  -0.3   03:45  11.7   0.0   0.0   0.5   9.7   14:55   NNE
14   8.7  13.4   15:12   1.5   00:37   9.6   0.0  18.0   3.4  23.4   16:17    NE
15  10.8  18.7   14:13   5.0   23:30   7.5   0.0   9.0   0.5  13.3   15:25    NW
16  10.4  20.4   14:05   2.5   04:25   8.0   0.1   0.3   0.8  14.8   12:17   NNE
17  11.2  21.7   15:31   4.1   23:48   7.5   0.4   0.0   0.6  13.3   09:36   NNE
18  11.5  18.7   10:14   4.2   00:00   6.8   0.0   0.0   1.8  13.3   11:29   NNE
19  12.5  18.3   10:00   5.3   23:55   5.8   0.0  19.2   4.0  24.5   15:11     N
20  10.2  20.1   13:58   3.2   23:55   8.2   0.1   0.0   1.0  13.3   14:23   WNW
21   8.8  20.9   14:51   0.9   06:04   9.7   0.2   0.0   0.6  11.2   12:20     N
22   9.8  19.7   10:45   2.0   05:49   8.5   0.0   0.0   0.6   8.6   12:30    NW
23  11.2  20.2   11:56   6.0   07:16   7.1   0.0   0.0   0.5  11.2   12:59   NNE
24  12.7  18.8   12:02   7.0   07:02   5.6   0.0   0.3   1.2  12.2   23:32     N
25  13.7  14.9   13:56  11.0   23:58   4.6   0.0  10.2   4.8  24.5   11:53   WNW
26  11.4  19.4   11:07   3.6   06:49   6.9   0.0   0.0   1.5  14.8   13:43   WNW
27   9.9  20.5   13:48   2.2   06:30   8.4   0.0   0.0   0.9  14.8   14:46   NNW
28   9.1  18.5   16:08   1.7   06:25   9.2   0.0   0.0   0.7  12.2   14:20   NNW
29  11.7  19.0   09:57   4.8   00:41   6.6   0.0   0.0   0.9  12.2   12:14    NW
30  13.0  21.7   15:50   9.3   01:15   5.5   0.2   3.0   0.3   8.6   15:10     N
31  12.0  15.6   09:55  10.4   05:25   6.3   0.0   5.1   0.4   9.7   08:11     N
----------------------------------------------------------------------------------
    10.5  21.7    17    -2.0    11   241.7   1.2 111.9   1.5  33.1     6     NNW

Max >=  27.0:  0
Max <=   0.0:  0
Min <=   0.0:  3
Min <= -18.0:  0
Max Rain: 29.4 on day 6
Days of Rain: 14 (>= 0.2 mm)  9 (>= 2.0 mm)  1 (>= 20.0 mm)
Heat Base: 18.3  Cool Base: 18.3  Method: Integration
:now::gauges::today::yesterday::this month::this year::records::monthly records:
:Forecast::NOAA Reports::rip WUClassic::NZLW Records::trends::forum:


Powered By: Cumulus v1.9.4 (1099)

NZ Local Weather Forum      Cumulus Top Weather Sites      New Zealand Top40 Weather Station Sites      Flag Counter