Opotiki, Bay of Plenty, NZ weather

NOAA Style Climate Reports

Select a Year or Month report

Report for 2021 Oct
                   Monthly Climatological Summary for Oct 2021

Name: Opotiki Town   City: Opotiki   State: Bay of Plenty, NZ.
Elevation: 7 m  Lat: S 38° 00' 32"   Lon: E 177° 17' 16"

                  Temperature (°C), Rain (mm), Wind Speed (km/h)

                                      Heat  Cool        Avg
    Mean                              Deg   Deg         Wind                 Dom
Day Temp  High   Time   Low    Time   Days  Days  Rain  Speed High   Time    Dir
----------------------------------------------------------------------------------
 1  12.0  24.8   12:08   2.8   06:47   7.4   1.1   0.3   0.0   0.0   00:00   ---
 2  11.5  25.6   14:06   3.2   06:41   7.2   0.4   0.0   0.0   0.0   00:00   ---
 3  12.8  27.0   12:19   3.0   06:46   6.5   1.0   0.0   0.0   0.0   00:00   ---
 4  15.0  18.8   17:00  11.2   00:00   3.3   0.0  19.8   0.0   0.0   00:00   ---
 5  16.3  27.7   11:42   9.8   05:10   3.8   1.6   0.0   0.0   0.0   00:00   ---
 6  15.3  22.1   11:22   9.8   06:50   3.2   0.3   0.0   0.0   0.0   00:00   ---
 7  15.2  18.3   11:47  13.4   06:11   3.1   0.0   1.5   0.0   0.0   00:00   ---
 8  16.3  25.0   13:11  10.5   23:15   2.8   0.8   2.4   0.0   0.0   00:00   ---
 9  15.8  28.0   15:25   6.4   06:38   4.6   2.1   0.0   0.0   0.0   00:00   ---
10  12.9  27.9   11:07   7.2   06:41   6.1   0.7   6.9   0.0   0.0   00:00   ---
11  13.9  26.0   12:19   5.2   06:41   5.5   1.1   0.0   0.0   0.0   00:00   ---
12  15.3  23.9   13:15   7.6   23:22   3.7   0.7   2.1   0.0   0.0   00:00   ---
13  11.6  24.0   15:19   4.5   03:11   7.4   0.7   1.8   0.0   0.0   00:00   ---
14  13.5  27.4   14:07   6.4   23:02   6.2   1.3   0.0   0.0   0.0   00:00   ---
15  13.3  25.5   10:32   3.9   06:38   6.2   1.3   0.0   0.0   0.0   00:00   ---
16  13.7  26.5   10:57   4.6   06:29   6.2   1.6   0.0   0.0   0.0   00:00   ---
----------------------------------------------------------------------------------
    14.0  28.0     9     2.8     1    83.2  14.7  34.8   0.0   0.0     0     ---

Max >=  27.0:  5
Max <=   0.0:  0
Min <=   0.0:  0
Min <= -18.0:  0
Max Rain: 19.8 on day 4
Days of Rain: 7 (>= 0.2 mm)  4 (>= 2.0 mm)  0 (>= 20.0 mm)
Heat Base: 18.3  Cool Base: 18.3  Method: Integration
:now::gauges::today::yesterday::this month::this year::records::monthly records:
:Forecast::NOAA Reports::rip WUClassic::NZLW Records::trends::forum:


Powered By: Cumulus v1.9.4 (1099)

NZ Local Weather Forum      Cumulus Top Weather Sites      New Zealand Top40 Weather Station Sites      Flag Counter