Opotiki, Bay of Plenty, NZ weather

NOAA Style Climate Reports

Select a Year or Month report

Report for 2021 Sep
                   Monthly Climatological Summary for Sep 2021

Name: Opotiki Town   City: Opotiki   State: Bay of Plenty, NZ.
Elevation: 7 m  Lat: S 38° 00' 32"   Lon: E 177° 17' 16"

                  Temperature (°C), Rain (mm), Wind Speed (km/h)

                                      Heat  Cool        Avg
    Mean                              Deg   Deg         Wind                 Dom
Day Temp  High   Time   Low    Time   Days  Days  Rain  Speed High   Time    Dir
----------------------------------------------------------------------------------
 1  10.7  20.6   14:06   2.4   06:41   7.7   0.1   0.0   0.0   0.0   00:00   ---
 2  10.1  24.5   11:15   2.5   05:07   8.7   0.5   0.0   0.0   0.0   00:00   ---
 3  10.2  22.3   11:48   1.4   03:36   8.3   0.3   0.0   0.0   0.0   00:00   ---
 4  12.1  22.7   10:20   1.6   22:54   6.8   0.3   0.0   0.0   0.0   00:00   ---
 5  11.7  21.0   13:51   6.2   20:01   6.7   0.1   0.0   0.0   0.0   00:00   ---
 6  13.3  22.5   08:57   6.5   00:06   5.4   0.4   0.0   0.0   0.0   00:00   ---
 7  14.3  18.8   12:46  11.4   02:14   4.1   0.0  14.4   0.0   0.0   00:00   ---
 8  11.0  19.5   09:45   4.2   23:56   7.3   0.0   2.7   0.0   0.0   00:00   ---
 9  10.7  20.8   11:29   0.5   05:45   7.7   0.1   0.0   0.0   0.0   00:00   ---
10  14.7  22.4   12:51  10.0   04:20   3.8   0.2   0.0   0.0  36.0   21:18   WSW
11  12.6  21.0   14:21   4.6   23:44   5.9   0.2   5.7   0.0   0.0   00:00   ---
12  10.3  22.2   14:43   1.6   04:08   8.2   0.3   0.0   0.0   0.0   00:00   ---
13  12.0  18.7   10:32   4.1   05:53   6.3   0.0   0.0   0.0   0.0   00:00   ---
14  12.3  15.1   10:12   9.3   22:58   6.0   0.0   9.9   0.0   0.0   00:00   ---
15  11.5  14.5   11:55   8.9   05:33   6.8   0.0   4.5   0.0   0.0   00:00   ---
16  12.6  18.3   16:25  10.2   21:49   7.6   0.0  54.5   0.0  36.0   16:53   WSW
17  12.9  20.5   13:58   7.4   23:58   5.5   0.1   3.9   0.0   0.0   00:00   ---
18  12.1  23.8   13:58   5.1   06:30   6.7   0.5   0.0   0.0   0.0   00:00   ---
19  13.0  23.4   10:56   4.6   05:34   6.0   0.7   0.0   0.0   0.0   00:00   ---
20  13.7  23.7   11:32   5.6   23:43   5.2   0.6   0.0   0.0   0.0   00:00   ---
21  11.8  23.2   11:59   2.8   06:19   7.2   0.7   0.0   0.0   0.0   00:00   ---
22  14.1  20.9   13:24   7.7   03:50   4.3   0.2   0.0   0.0   0.0   00:00   ---
23  15.0  15.8   07:01  11.6   23:58   3.3   0.0  22.8   0.0   0.0   00:00   ---
24  14.5  25.9   14:37   7.3   03:49   5.0   1.2   0.3   0.0   0.0   00:00   ---
25  15.4  25.3   10:57   5.9   06:11   5.1   2.2   0.0   0.0   0.0   00:00   ---
26  13.3  25.1   15:21   6.3   03:31   5.3   0.5   0.3   0.0   0.0   00:00   ---
27  11.8  20.3   12:37   7.6   03:42   6.5   0.0   3.3   0.0   0.0   00:00   ---
28  13.1  22.7   14:31   5.9   23:54   5.8   0.7   2.4   0.0   0.0   00:00   ---
29  10.8  21.4   14:26   1.3   06:53   7.7   0.3   0.0   0.0   0.0   00:00   ---
30  12.3  20.6   12:52   6.7   00:00   6.0   0.1   0.0   0.0   0.0   00:00   ---
----------------------------------------------------------------------------------
    12.5  25.9    24     0.5     9   186.9  10.3 124.7   0.0  36.0    10     WSW

Max >=  27.0:  0
Max <=   0.0:  0
Min <=   0.0:  0
Min <= -18.0:  0
Max Rain: 54.5 on day 16
Days of Rain: 12 (>= 0.2 mm)  10 (>= 2.0 mm)  2 (>= 20.0 mm)
Heat Base: 18.3  Cool Base: 18.3  Method: Integration
:now::gauges::today::yesterday::this month::this year::records::monthly records:
:Forecast::NOAA Reports::rip WUClassic::NZLW Records::trends::forum:


Powered By: Cumulus v1.9.4 (1099)

NZ Local Weather Forum      Cumulus Top Weather Sites      New Zealand Top40 Weather Station Sites      Flag Counter