Opotiki, Bay of Plenty, NZ weather

NOAA Style Climate Reports

Select a Year or Month report

Report for 2021 Aug
                   Monthly Climatological Summary for Aug 2021

Name: Opotiki Town   City: Opotiki   State: Bay of Plenty, NZ.
Elevation: 7 m  Lat: S 38° 00' 32"   Lon: E 177° 17' 16"

                  Temperature (°C), Rain (mm), Wind Speed (km/h)

                                      Heat  Cool        Avg
    Mean                              Deg   Deg         Wind                 Dom
Day Temp  High   Time   Low    Time   Days  Days  Rain  Speed High   Time    Dir
----------------------------------------------------------------------------------
 1  10.1  21.0   11:40   2.7   07:06   8.3   0.1   0.0   0.0   0.0   00:00   ---
 2   9.7  24.0   11:22   2.3   05:55   9.0   0.4   0.0   0.0   0.0   00:00   ---
 3  11.5  21.5   10:35   7.8   21:47   6.8   0.1   3.0   0.0   1.1   08:12   ---
 4   8.1  21.0   10:03   0.8   07:06  10.6   0.1   0.0   0.0   0.0   00:00   ---
 5   8.3  13.9   14:17   1.9   00:00   9.9   0.0  15.6   0.0   0.0   00:00   ---
 6  10.5  18.8   14:10   5.7   22:40   7.8   0.0   0.6   0.0   1.1   11:38   ---
 7  10.6  20.0   14:25   3.6   06:11   7.8   0.0   0.3   0.0   5.0   16:06   ---
 8   9.2  16.7   13:13   1.4   04:47   9.1   0.0   0.9   0.0   1.1   19:22   ---
 9   6.7  21.1   22:01  -1.5   23:57  11.5   0.0   0.0   0.0  36.0   20:53   WSW
10   5.9  18.8   14:05  -2.2   03:17  13.1   0.0   0.0   0.0   0.0   00:00   ---
11   8.6  23.5   11:11   0.1   03:22   9.9   0.3   1.5   0.0   0.0   00:00   ---
12   9.0  21.9   10:29   2.0   06:02   9.4   0.1   0.3   0.0   0.0   00:00   ---
13   9.2  14.0   16:16   3.8   22:33   9.1   0.0   0.6   0.0   0.0   00:00   ---
14   8.7  17.5   09:52   0.1   07:11   9.6   0.0   0.0   0.0  20.9   08:44   ---
15   9.4  23.3   11:25   0.6   07:08   9.4   0.4   0.0   0.0   0.0   00:00   ---
16  10.3  22.1   10:40   2.8   04:06   8.1   0.2   0.0   0.0   1.1   19:00   ---
17  13.0  20.4   10:54   6.7   00:02   5.4   0.1   4.2   0.0   1.1   10:42   ---
18  10.5  20.8   11:58   3.2   23:47   7.8   0.0   0.3   0.0   0.0   00:00   ---
19   8.8  20.6   10:52   0.4   07:14   9.6   0.1   0.0   0.0   2.5   13:08   ---
20  11.0  20.9   11:07   2.4   02:08   7.4   0.2   0.0   0.0   0.0   00:00   ---
21  10.8  20.1   12:11   3.2   23:58   7.5   0.0   0.0   0.0   0.4   14:23   ---
22   9.7  22.7   11:19   0.6   05:55   9.1   0.4   0.0   0.0   0.0   00:00   ---
23  10.2  21.0   11:10   3.0   02:08   8.3   0.1   0.0   0.0   0.0   00:00   ---
24  10.1  18.6   14:36   3.8   22:55   8.2   0.0   0.0   0.0   0.0   00:00   ---
25  10.0  20.6   11:31   2.9   22:55   8.4   0.2   0.0   0.0   0.0   00:00   ---
26   9.3  18.6   12:10   1.0   03:21   9.0   0.0   0.0   0.0   0.0   00:00   ---
27  12.6  18.2   13:35   7.1   05:47   5.7   0.0   0.9   0.0   0.0   00:00   ---
28  15.0  21.1   12:57  12.0   03:03   3.5   0.2  23.1   0.0   0.0   00:00   ---
29  14.3  22.6   14:23   8.5   23:51   4.2   0.2  16.5   0.0   0.0   00:00   ---
30  13.0  21.4   10:46   8.2   06:20   5.6   0.2   0.3   0.0   0.0   00:00   ---
31  10.8  15.7   12:51   7.4   23:29   7.5   0.0   0.0   0.0   0.0   00:00   ---
----------------------------------------------------------------------------------
    10.2  24.0     2    -2.2    10   256.6   3.4  68.1   0.0  36.0     9     WSW

Max >=  27.0:  0
Max <=   0.0:  0
Min <=   0.0:  2
Min <= -18.0:  0
Max Rain: 23.1 on day 28
Days of Rain: 14 (>= 0.2 mm)  5 (>= 2.0 mm)  1 (>= 20.0 mm)
Heat Base: 18.3  Cool Base: 18.3  Method: Integration
:now::gauges::today::yesterday::this month::this year::records::monthly records:
:Forecast::NOAA Reports::rip WUClassic::NZLW Records::trends::forum:


Powered By: Cumulus v1.9.4 (1099)

NZ Local Weather Forum      Cumulus Top Weather Sites      New Zealand Top40 Weather Station Sites      Flag Counter