Opotiki, Bay of Plenty, NZ weather

NOAA Style Climate Reports

Select a Year or Month report

Report for 2021 May
                   Monthly Climatological Summary for May 2021

Name: Opotiki Town   City: Opotiki   State: Bay of Plenty, NZ.
Elevation: 7 m  Lat: S 38° 00' 32"   Lon: E 177° 17' 16"

                  Temperature (°C), Rain (mm), Wind Speed (km/h)

                                      Heat  Cool        Avg
    Mean                              Deg   Deg         Wind                 Dom
Day Temp  High   Time   Low    Time   Days  Days  Rain  Speed High   Time    Dir
----------------------------------------------------------------------------------
 1  10.8  24.1   10:32   2.9   23:53   8.0   0.4   0.0   0.0   0.0   00:00   ---
 2   6.3  24.3   13:59   1.0   07:04  12.3   0.2   0.0   0.0   0.0   00:00   ---
 3  11.8  24.0   11:09   2.8   03:17   7.2   0.7   0.0   0.0   0.0   00:00   ---
 4  11.9  26.1   10:34   4.7   06:53   7.3   0.9   0.0   0.0   0.0   00:00   ---
 5   4.5   5.2   00:00   2.5   05:37  13.8   0.0   0.0   0.0   0.0   00:00   ---
 6   5.0   5.0   00:00   5.0   00:00  13.3   0.0   0.0   0.0   0.0   00:00   ---
 7   6.5  12.7   18:14   5.0   00:00  11.8   0.0   0.0   0.0   0.0   00:00   ---
 8  14.6  21.4   11:36   9.8   06:16   4.1   0.4   0.0   0.0   0.0   00:00   ---
 9  17.6  22.6   09:59  13.7   02:25   1.2   0.5   6.0   0.0   0.0   00:00   ---
10  18.7  22.3   12:26  16.9   05:41   0.4   0.8   2.1   0.0   0.0   00:00   ---
11  18.5  25.4   10:52  16.3   07:40   0.7   0.9   1.8   0.0   0.0   00:00   ---
12  16.5  24.0   12:53  11.6   21:11   2.3   0.5   8.7   0.0   0.0   00:00   ---
13  10.1  19.4   14:05   2.9   23:57   8.2   0.0   2.1   0.0   0.0   00:00   ---
14   8.2  22.6   11:51   0.1   06:05  10.4   0.4   0.0   0.0   0.0   00:00   ---
15  14.7  26.8   10:48   7.5   22:35   4.8   1.2  18.6   0.0   0.0   00:00   ---
16  11.8  26.2   10:47   3.1   07:04   7.1   0.6   0.3   0.0   0.0   00:00   ---
17  13.7  17.5   14:55  10.8   22:23   4.6   0.0  11.4   0.0   0.0   00:00   ---
18  12.1  21.2   11:39   6.3   22:38   6.3   0.1   0.3   0.0   0.0   00:00   ---
19  12.2  24.7   10:19   5.2   06:59   6.6   0.5   0.0   0.0   0.0   00:00   ---
20   7.6  10.2   18:11   5.1   07:15  10.7   0.0   0.0   0.0   0.0   00:00   ---
21  12.4  27.4   11:01   6.7   02:07   6.8   0.9   0.0   0.0   0.0   00:00   ---
22  12.4  18.6   11:19   6.6   00:33   5.9   0.0   0.0   0.0   0.0   00:00   ---
23  14.6  16.6   13:34  13.0   03:29   3.8   0.0   0.0   0.0   0.0   00:00   ---
24  14.7  18.8   13:57  13.5   23:18   3.6   0.0   0.0   0.0   0.0   00:00   ---
25  13.6  20.5   13:58  10.5   22:12   4.7   0.0   0.0   0.0   0.0   00:00   ---
26  12.6  20.6   13:57   8.6   03:07   5.8   0.1   0.0   0.0   0.0   00:00   ---
27  11.2  22.9   10:42   3.2   23:55   7.3   0.2   0.0   0.0   0.0   00:00   ---
28   8.6  23.8   10:54   1.1   06:39  10.0   0.3   0.0   0.0   0.0   00:00   ---
29  11.0  15.9   10:18   6.5   02:56   7.3   0.0  73.8   0.0   1.1   12:14   ---
30  11.6  20.3   14:06   6.3   07:42   6.8   0.1  14.1   0.0   0.0   00:00   ---
31   9.8  21.7   11:27   5.5   22:53   8.6   0.1   0.3   0.0   0.0   00:00   ---
----------------------------------------------------------------------------------
    11.8  27.4    21     0.1    14   211.7   9.8 139.5   0.0   1.1    29     ---

Max >=  27.0:  1
Max <=   0.0:  0
Min <=   0.0:  0
Min <= -18.0:  0
Max Rain: 73.8 on day 29
Days of Rain: 12 (>= 0.2 mm)  8 (>= 2.0 mm)  1 (>= 20.0 mm)
Heat Base: 18.3  Cool Base: 18.3  Method: Integration
:now::gauges::today::yesterday::this month::this year::records::monthly records:
:Forecast::NOAA Reports::rip WUClassic::NZLW Records::trends::forum:


Powered By: Cumulus v1.9.4 (1099)

NZ Local Weather Forum      Cumulus Top Weather Sites      New Zealand Top40 Weather Station Sites      Flag Counter