Opotiki, Bay of Plenty, NZ weather

NOAA Style Climate Reports

Select a Year or Month report

Report for 2021 Apr
                   Monthly Climatological Summary for Apr 2021

Name: Opotiki Town   City: Opotiki   State: Bay of Plenty, NZ.
Elevation: 7 m  Lat: S 38° 00' 32"   Lon: E 177° 17' 16"

                  Temperature (°C), Rain (mm), Wind Speed (km/h)

                                      Heat  Cool        Avg
    Mean                              Deg   Deg         Wind                 Dom
Day Temp  High   Time   Low    Time   Days  Days  Rain  Speed High   Time    Dir
----------------------------------------------------------------------------------
 1  18.0  30.2   12:07  10.5   07:07   2.6   2.3   0.0   0.0   1.1   14:43   ---
 2  17.1  27.9   10:31   8.0   07:32   3.5   2.3   0.0   0.0   0.0   00:00   ---
 3  16.6  27.3   15:44   9.1   23:40   3.4   1.7   0.3   0.0   1.1   10:56   ---
 4  15.4  28.0   11:53   7.6   06:06   5.1   2.0   0.0   0.0   0.0   00:00   ---
 5  14.9  27.0   11:53   5.6   05:56   5.2   1.8   0.0   0.0   0.0   00:00   ---
 6  18.0  33.0   10:22  11.2   02:56   3.2   2.8   0.0   0.0   0.0   00:00   ---
 7  18.5  28.9   10:15  10.5   06:33   2.5   2.7   0.0   0.0   0.0   00:00   ---
 8  18.3  33.2   10:47  10.8   04:17   3.0   3.0   0.0   0.0   0.0   00:15   ---
 9  18.1  26.5   09:47  12.3   06:47   1.9   1.7   0.0   0.0   0.0   00:17   ---
10  18.9  22.7   11:48  15.4   05:47   0.6   1.1   1.8   0.0   0.0   00:17   ---
11  20.0  21.5   15:39  18.9   00:02   0.0   1.7   4.8   0.0   0.0   00:00   ---
12  20.1  21.0   12:37  19.0   02:35   0.0   1.8  11.7   0.0   0.0   00:00   ---
13  20.2  27.7   11:27  12.5   23:51   0.7   2.6   5.4   0.0   0.0   00:00   ---
14  14.8  28.9   10:40   8.7   06:29   4.9   1.3   1.8   0.0   0.0   00:00   ---
15  14.2  26.4   10:05   6.3   06:05   5.2   1.1   0.0   0.0   0.0   00:00   ---
16  15.9  29.7   10:52   9.3   05:49   4.1   1.8   0.0   0.0   0.0   00:00   ---
17  13.6  24.3   14:23   5.7   23:59   5.2   0.5   0.6   0.0   0.0   00:00   ---
18  12.3  25.2   10:41   3.0   05:59   6.7   0.7   0.0   0.0   0.0   00:00   ---
19  13.4  26.9   09:54   5.4   06:46   5.8   0.8   0.0   0.0   0.0   00:00   ---
20  15.2  22.7   12:22   8.2   05:54   3.6   0.4  12.9   0.0   0.0   00:00   ---
21  18.0  27.0   12:09  12.6   23:57   1.2   0.9  27.0   0.0   0.0   00:00   ---
22  16.1  27.8   11:30  10.0   05:24   3.0   0.8   0.6   0.0   0.0   00:00   ---
23  16.5  30.3   11:16  10.8   05:21   3.2   1.4   1.2   0.0   0.0   00:00   ---
24  16.1  28.1   10:58   8.6   23:59   3.6   1.4   2.7   0.0   0.0   00:00   ---
25  13.2  26.9   10:43   6.4   23:48   6.1   1.0   0.0   0.0   0.0   00:00   ---
26  12.0  24.9   10:38   5.2   23:55   7.2   0.9   0.0   0.0   0.0   00:00   ---
27  11.8  25.9   10:03   3.9   04:29   7.0   0.6   0.0   0.0   0.0   00:00   ---
28  13.2  22.2   13:52   6.5   23:54   5.3   0.2   0.0   0.0   0.0   00:00   ---
29  11.9  23.3   14:10   5.9   05:03   6.9   0.5   0.0   0.0   0.0   00:00   ---
30  11.7  26.7   10:29   4.7   07:10   7.6   0.8   0.0   0.0   0.0   00:00   ---
----------------------------------------------------------------------------------
    15.8  33.2     8     3.0    18   118.3  42.6  70.8   0.0   1.1     1     ---

Max >=  27.0: 15
Max <=   0.0:  0
Min <=   0.0:  0
Min <= -18.0:  0
Max Rain: 27.0 on day 21
Days of Rain: 12 (>= 0.2 mm)  6 (>= 2.0 mm)  1 (>= 20.0 mm)
Heat Base: 18.3  Cool Base: 18.3  Method: Integration
:now::gauges::today::yesterday::this month::this year::records::monthly records:
:Forecast::NOAA Reports::rip WUClassic::NZLW Records::trends::forum:


Powered By: Cumulus v1.9.4 (1099)

NZ Local Weather Forum      Cumulus Top Weather Sites      New Zealand Top40 Weather Station Sites      Flag Counter