Opotiki, Bay of Plenty, NZ weather

NOAA Style Climate Reports

Select a Year or Month report

Report for 2021 Jan
                   Monthly Climatological Summary for Jan 2021

Name: Opotiki Town   City: Opotiki   State: Bay of Plenty, NZ.
Elevation: 7 m  Lat: S 38° 00' 32"   Lon: E 177° 17' 16"

                  Temperature (°C), Rain (mm), Wind Speed (km/h)

                                      Heat  Cool        Avg
    Mean                              Deg   Deg         Wind                 Dom
Day Temp  High   Time   Low    Time   Days  Days  Rain  Speed High   Time    Dir
----------------------------------------------------------------------------------
 1  20.2  29.6   15:48  11.1   05:24   2.1   4.0   0.0   0.0   0.0   00:00   ---
 2  21.3  32.0   13:38  14.4   05:22   0.9   3.8   2.7   0.0   0.0   00:00   ---
 3  19.5  28.2   15:39  16.3   08:15   0.4   1.6  48.6   0.0   0.0   00:00   ---
 4  21.7  32.2   13:03  14.9   23:56   0.5   3.9   4.5   0.0   0.0   00:00   ---
 5  21.7  34.2   13:07  13.8   04:14   1.4   4.7   0.0   0.0   0.0   00:00   ---
 6  22.7  34.6   12:06  15.4   03:36   0.5   4.9   0.0   0.0   0.0   00:00   ---
 7  22.8  33.6   11:47  17.2   04:27   0.1   4.7   0.0   0.0   0.0   00:00   ---
 8  19.5  27.0   16:28  16.4   21:34   0.6   1.8   4.2   0.0   0.0   00:00   ---
 9  21.6  32.7   12:54  13.7   05:52   1.0   4.3   0.6   0.0   0.0   00:00   ---
10  20.6  29.9   16:21  16.4   23:41   0.1   2.4  59.7   0.0   0.0   00:00   ---
11  21.3  35.2   11:42  11.8   06:22   2.1   5.0   0.0   0.0   0.0   00:00   ---
12  21.8  38.1   12:25  11.6   05:04   2.0   5.5   0.0   0.0   0.0   00:00   ---
13  21.4  35.6   13:34  11.6   04:44   2.3   5.4   0.0   0.0   0.0   00:00   ---
14  21.7  36.2   13:50  11.7   06:11   2.1   5.5   0.0   0.0   0.0   00:00   ---
15  22.9  37.5   13:28  12.4   06:22   1.3   5.9   0.0   0.0   0.0   00:00   ---
16  22.1  34.6   11:47  13.4   05:13   1.1   5.0   0.0   0.0   0.0   00:00   ---
17  21.8  33.1   12:54  15.0   04:57   0.6   4.1   1.8   0.0   0.0   00:00   ---
18  19.6  31.6   14:49  11.8   23:58   1.9   3.1   0.0   0.0   0.0   00:00   ---
19  19.2  33.8   15:30   9.6   05:54   2.5   3.4   0.0   0.0   0.0   00:00   ---
20  20.2  30.3   12:46  13.1   22:35   1.2   3.1   1.5   0.0   0.0   00:00   ---
21  16.0  27.6   12:51   6.5   05:58   4.3   2.0   0.0   0.0   0.0   00:00   ---
22  17.5  31.4   15:45   7.0   05:49   4.3   3.5   0.0   0.0   0.0   00:00   ---
23  19.1  31.0   16:30   9.3   06:17   3.1   3.9   0.0   0.0   0.0   00:00   ---
24  19.5  32.6   16:05  10.4   06:16   2.2   3.4   0.0   0.0   0.0   00:00   ---
25  20.5  33.4   15:22  10.6   06:08   2.6   4.8   0.0   0.0   0.0   00:00   ---
26  21.1  37.1   11:32  11.3   06:19   2.3   5.1   0.0   0.0   0.0   00:00   ---
27  22.3  34.0   14:20  13.0   04:57   1.4   5.4   0.0   0.0   0.0   00:00   ---
28  22.7  31.2   14:23  18.0   21:36   0.0   4.4   0.0   0.0   0.0   00:00   ---
29  18.5  30.5   12:14  11.7   23:19   2.1   2.3   0.0   0.0   0.0   00:00   ---
30  16.0  29.2   13:53   6.1   06:17   4.7   2.4   0.0   0.0   0.0   00:00   ---
31  17.4  34.2   13:50   7.6   03:32   4.3   3.4   0.0   0.0   0.0   00:00   ---
----------------------------------------------------------------------------------
    20.5  38.1    12     6.1    30    56.0 122.7 123.6   0.0   0.0     0     ---

Max >=  27.0: 31
Max <=   0.0:  0
Min <=   0.0:  0
Min <= -18.0:  0
Max Rain: 59.7 on day 10
Days of Rain: 8 (>= 0.2 mm)  5 (>= 2.0 mm)  2 (>= 20.0 mm)
Heat Base: 18.3  Cool Base: 18.3  Method: Integration
:now::gauges::today::yesterday::this month::this year::records::monthly records:
:Forecast::NOAA Reports::rip WUClassic::NZLW Records::trends::forum:


Powered By: Cumulus v1.9.4 (1099)

NZ Local Weather Forum      Cumulus Top Weather Sites      New Zealand Top40 Weather Station Sites      Flag Counter