Opotiki, Bay of Plenty, NZ weather

NOAA Style Climate Reports

Select a Year or Month report

Report for 2020 Aug
                   Monthly Climatological Summary for Aug 2020

Name: Opotiki Town   City: Opotiki   State: Bay of Plenty, NZ.
Elevation: 7 m  Lat: S 38° 00' 32"   Lon: E 177° 17' 16"

                  Temperature (°C), Rain (mm), Wind Speed (km/h)

                                      Heat  Cool        Avg
    Mean                              Deg   Deg         Wind                 Dom
Day Temp  High   Time   Low    Time   Days  Days  Rain  Speed High   Time    Dir
----------------------------------------------------------------------------------
 1  11.0  22.5   13:11   5.7   02:26   7.4   0.2   0.0   0.0   0.0   00:00   ---
 2  10.9  18.1   12:28   6.0   01:15   7.4   0.0   0.0   0.0   0.0   00:00   ---
 3  12.3  26.1   12:56   5.2   07:23   6.9   0.9   0.0   0.0   0.0   00:00   ---
 4  12.1  25.5   13:02   5.5   04:43   7.2   1.0   0.0   0.0   0.0   00:00   ---
 5   6.9  10.5   17:56   3.8   06:40  11.2   0.0   0.0   0.0   0.0   00:00   ---
 6  11.5  19.9   10:53   5.1   00:28   6.9   0.0   0.0   0.0  27.0   20:15    NW
 7  13.6  22.4   13:27   8.8   23:59   4.9   0.2  41.7   0.0   0.0   00:00   ---
 8   9.9  21.0   15:43   4.8   23:52   8.4   0.0   0.0   0.0   0.0   00:00   ---
 9   7.2  20.1   13:15  -0.5   06:02  11.1   0.0   0.0   0.0   0.0   00:00   ---
10   9.7  21.6   12:52   3.0   01:51   8.7   0.1   0.0   0.0   7.2   19:03   ---
11   9.9  15.0   20:31   4.7   04:52   8.4   0.0  37.2   0.0   0.0   00:00   ---
12  12.9  21.9   15:35   4.4   23:41   5.5   0.1   0.0   0.0   0.0   00:00   ---
13  10.1  24.2   15:57   1.7   05:34   8.7   0.5   0.0   0.0   0.0   00:00   ---
14  10.9  20.1   11:27   6.4   05:14   7.5   0.1   0.0   0.0   0.0   00:00   ---
15   9.4  23.5   13:39   3.1   04:19   9.3   0.4   0.0   0.0  12.2   11:17    NW
16   7.6  20.9   13:40  -0.3   07:07  10.8   0.2   0.0   0.0   0.0   00:00   ---
17   8.4  24.0   13:25   0.9   02:45  10.4   0.5   0.0   0.0   0.0   00:00   ---
18  10.2  22.1   12:55   2.0   04:05   8.2   0.2   0.0   0.0   9.7   08:54     S
19  13.6  17.0   10:32  11.5   23:44   4.7   0.0   0.6   0.0   0.0   00:00   ---
20  13.8  19.8   11:23  10.7   05:20   4.6   0.0   5.7   0.0   0.0   00:00   ---
21  14.3  22.8   13:33   8.4   21:59   4.3   0.3   4.2   0.0   0.0   00:00   ---
22  12.6  24.6   15:51   5.6   04:46   6.4   0.6   0.0   0.0   0.0   00:00   ---
23  13.8  21.2   13:35   9.1   02:14   4.6   0.1  48.9   0.0   0.0   00:00   ---
24  13.6  20.2   12:21   7.1   23:55   4.7   0.0   3.6   0.0   0.0   00:00   ---
25  12.0  20.4   13:25   6.6   00:42   6.4   0.0   0.9   0.0   0.0   00:00   ---
26  10.1  20.4   13:32   4.0   23:53   8.3   0.1   0.3   0.0   0.0   00:00   ---
27   4.7  19.8   17:33   1.4   05:34  14.4   0.0   1.5   0.0   0.0   00:00   ---
28   9.8  23.5   07:59   1.3   04:52   9.8   0.4   0.0   0.0   0.0   00:00   ---
29  11.0  23.3   14:03   3.4   01:01   7.9   0.5   0.0   0.0   0.0   00:00   ---
30  12.5  25.4   15:49   4.9   03:16   6.6   0.9   0.0   0.0   0.0   00:00   ---
31  11.4  26.6   16:08   2.4   06:23   7.9   1.0   0.0   0.0   0.0   00:00   ---
----------------------------------------------------------------------------------
    10.9  26.6    31    -0.5     9   239.5   8.3 144.6   0.0  27.0     6       S

Max >=  27.0:  0
Max <=   0.0:  0
Min <=   0.0:  2
Min <= -18.0:  0
Max Rain: 48.9 on day 23
Days of Rain: 10 (>= 0.2 mm)  6 (>= 2.0 mm)  3 (>= 20.0 mm)
Heat Base: 18.3  Cool Base: 18.3  Method: Integration
:now::gauges::today::yesterday::this month::this year::records::monthly records:
:Forecast::NOAA Reports::rip WUClassic::NZLW Records::trends::forum:


Powered By: Cumulus v1.9.4 (1099)

NZ Local Weather Forum      Cumulus Top Weather Sites      New Zealand Top40 Weather Station Sites      Flag Counter