Opotiki, Bay of Plenty, NZ weather

NOAA Style Climate Reports

Select a Year or Month report

Report for 2020 Jun
                   Monthly Climatological Summary for Jun 2020

Name: Opotiki Town   City: Opotiki   State: Bay of Plenty, NZ.
Elevation: 7 m  Lat: S 38° 00' 32"   Lon: E 177° 17' 16"

                  Temperature (°C), Rain (mm), Wind Speed (km/h)

                                      Heat  Cool        Avg
    Mean                              Deg   Deg         Wind                 Dom
Day Temp  High   Time   Low    Time   Days  Days  Rain  Speed High   Time    Dir
----------------------------------------------------------------------------------
 1  14.7  18.3   14:28  12.6   03:00   3.6   0.0  26.7   0.3   7.2   12:13   ENE
 2  15.8  24.7   10:21   8.0   23:37   3.6   1.2   4.5   0.8  13.3   14:46   WNW
 3  12.2  21.2   14:59   5.5   04:27   6.3   0.2   2.7   1.5  24.5   20:49    NE
 4  16.6  21.7   12:30  12.6   07:30   1.7   0.0  27.9   2.9  22.0   00:00   NNE
 5  14.0  23.8   10:34   7.8   07:21   5.0   0.7   1.8   0.3   9.7   22:41    NE
 6  11.9  20.8   09:45   6.1   23:57   6.4   0.1   0.0   0.9  15.8   11:58   WNW
 7   8.9  18.3   14:05   1.5   23:19   9.4   0.0   0.0   1.2  15.8   10:58   WNW
 8   7.3  20.2   14:30   0.0   07:14  11.2   0.1   0.0   0.4   8.6   13:19     N
 9   7.3  18.1   13:09   0.1   07:15  10.9   0.0   0.0   0.5  11.2   14:21   NNW
10   8.1  20.2   13:35   1.2   07:32  10.3   0.1   0.0   0.5  11.2   13:53   WNW
11   8.7  18.7   13:05   0.9   02:45   9.6   0.0   0.0   0.3   8.6   12:57    NW
12  10.6  18.0   10:18   3.8   03:45   7.7   0.0   0.0   0.4   9.7   11:50   WNW
13  11.9  19.3   12:41   5.7   23:19   6.4   0.0   0.0   1.0  12.2   07:47    NE
14   9.1  21.7   13:11   2.6   23:22   9.3   0.1   0.0   0.3   8.6   11:39    NE
15   8.9  19.5   14:32   0.9   06:40   9.5   0.0   0.0   0.3   7.2   13:39     N
16  11.0  16.9   12:17   7.5   07:55   7.3   0.0   0.0   0.1   5.0   12:51   NNW
17  12.8  22.0   10:13   9.0   06:18   5.8   0.3   0.0   0.4   8.6   13:55   NNE
18  14.4  16.7   10:41   9.6   00:00   3.9   0.0  42.0   3.6  27.0   22:30    NE
19  14.5  19.8   13:01  12.9   07:42   3.8   0.0  52.8   2.0  22.0   05:17   ENE
20  14.2  22.9   14:25  10.9   22:24   4.4   0.4  12.0   0.6  11.2   02:13     E
21  14.8  21.5   13:50  12.0   00:07   3.6   0.1   4.2   0.6  17.3   20:06     E
22  14.6  23.8   14:34   7.1   23:57   4.3   0.6   0.0   1.0  13.3   11:57   ENE
23  12.0  22.9   15:11   4.8   06:05   6.5   0.3   0.0   0.4   8.6   12:13   NNW
24  12.5  20.4   13:30   7.5   06:08   5.9   0.1   0.0   0.7  12.2   23:24   ENE
25  12.2  13.4   10:33  10.9   22:05   6.1   0.0  30.0   0.6   9.7   00:06     N
26  13.6  20.0   11:27   9.3   23:05   4.8   0.1   8.7   0.6   9.7   00:53     E
27  13.3  17.8   12:56   8.2   00:53   5.0   0.0   4.5   3.2  25.6   19:04   ENE
28  14.4  19.4   14:23   7.7   23:49   4.0   0.0   7.5   2.9  18.4   11:29    NW
29  11.1  20.5   12:57   4.1   07:02   7.3   0.1  10.5   1.5  15.8   14:39    NE
30  10.6  17.3   14:52   6.0   22:57   7.6   0.0  22.2   0.6  12.2   14:45    SE
----------------------------------------------------------------------------------
    12.1  24.7     2     0.0     8   191.2   4.5 258.0   1.0  27.0    18     NNE

Max >=  27.0:  0
Max <=   0.0:  0
Min <=   0.0:  1
Min <= -18.0:  0
Max Rain: 52.8 on day 19
Days of Rain: 15 (>= 0.2 mm)  14 (>= 2.0 mm)  6 (>= 20.0 mm)
Heat Base: 18.3  Cool Base: 18.3  Method: Integration
:now::gauges::today::yesterday::this month::this year::records::monthly records:
:Forecast::NOAA Reports::rip WUClassic::NZLW Records::trends::forum:


Powered By: Cumulus v1.9.4 (1099)

NZ Local Weather Forum      Cumulus Top Weather Sites      New Zealand Top40 Weather Station Sites      Flag Counter