Opotiki, Bay of Plenty, NZ weather

NOAA Style Climate Reports

Select a Year or Month report
V/Λ2021 > Jan Feb Mar Apr May Jun Jul Aug Sep Oct Nov Dec
V/Λ2020 > Jan Feb Mar Apr May Jun Jul Aug Sep Oct Nov Dec
V/Λ2019 > Jan Feb Mar Apr May Jun Jul Aug Sep Oct Nov Dec
V/Λ2018 > Jan Feb Mar Apr May Jun Jul Aug Sep Oct Nov Dec
V/Λ2017 > Jan Feb Mar Apr May Jun Jul Aug Sep Oct Nov Dec
V/Λ2016 > Jan Feb Mar Apr May Jun Jul Aug Sep Oct Nov Dec
V/Λ2015 > Jan Feb Mar Apr May Jun Jul Aug Sep Oct Nov Dec
V/Λ2014 > Jan Feb Mar Apr May Jun Jul Aug Sep Oct Nov Dec

Report for 2020 May
                   Monthly Climatological Summary for May 2020

Name: Opotiki Town   City: Opotiki   State: Bay of Plenty, NZ.
Elevation: 7 m  Lat: S 38° 00' 32"   Lon: E 177° 17' 16"

                  Temperature (°C), Rain (mm), Wind Speed (km/h)

                                      Heat  Cool        Avg
    Mean                              Deg   Deg         Wind                 Dom
Day Temp  High   Time   Low    Time   Days  Days  Rain  Speed High   Time    Dir
----------------------------------------------------------------------------------
 1  11.9  22.7   15:00   4.3   06:30   6.4   0.0   0.0   0.8  11.2   12:45   WNW
 2  14.6  24.5   13:32   4.4   03:39   4.4   0.8   0.0   1.6  17.3   22:46    NE
 3  18.8  21.0   13:15  17.6   00:30   0.0   0.5   6.3   5.8  24.5   18:15    NE
 4  17.9  24.0   15:15  12.6   22:00   0.4   0.0  17.7   2.2  18.4   12:15     N
 5  13.2  19.8   14:15   5.2   23:15   5.1   0.0   0.6   3.2  19.4   03:45   WNW
 6  10.0  21.4   14:45   3.8   23:30   8.3   0.0   0.3   0.6  13.3   11:15   WNW
 7   9.6  20.9   14:00   0.9   07:00   8.7   0.0   0.0   0.6  12.2   15:30   NNW
 8  12.1  23.0   15:17   4.6   06:19   7.0   0.7   0.0   0.5  13.3   14:06    NW
 9  13.1  24.1   14:00   6.5   07:00   5.2   0.0   0.0   0.4   9.7   12:15   NNE
10  13.4  24.4   13:03   6.7   06:31   6.0   1.1   0.0   0.5   8.6   13:35    NE
11  12.9  26.7   14:35   5.2   07:07   6.6   1.3   0.0   0.3  11.2   13:45   NNE
12  13.5  23.4   11:06   6.1   07:16   5.4   0.6   0.0   0.3   8.6   10:24   NNE
13  14.0  24.7   14:45   8.3   21:00   4.3   0.0   0.0   0.6   8.6   10:30   NNE
14  14.0  25.9   12:59   8.7   04:23   5.1   0.8   0.0   0.3   9.7   16:23    NE
15  14.4  26.7   14:16   7.7   06:21   4.8   1.0   0.0   0.2   9.7   15:08    NE
16  12.9  22.5   14:15   6.3   04:59   5.7   0.4   0.0   0.7  14.8   11:29   NNE
17  13.6  24.2   13:52   5.9   23:26   5.8   1.0   0.0   0.6  12.2   11:04   NNW
18  12.2  24.3   15:26   4.5   03:54   7.0   0.8   0.0   0.5  11.2   11:51    NE
19  10.7  23.4   14:30   3.2   07:15   7.6   0.0   0.0   0.4  12.2   17:00   WNW
20  10.0  21.7   15:02   2.4   05:38   8.6   0.3   0.0   0.6  13.3   10:31   NNE
21   9.0  22.0   14:15   2.7   06:30   9.3   0.0   0.0   0.3   7.2   12:45    NW
22   9.4  25.3   13:19   2.0   04:11   9.6   0.7   0.0   0.3   7.2   09:06   NNW
23   9.9  20.9   15:15   1.8   03:45   8.4   0.0   0.0   0.3   7.2   12:45   NNW
24  12.7  18.0   11:53   6.3   00:59   5.6   0.0   8.4   1.8  19.4   15:05    NE
25  17.3  19.0   10:26  15.8   01:54   1.0   0.0  19.5   3.1  20.9   07:15   NNE
26  14.6  21.9   13:43  11.1   23:27   3.9   0.2   0.0   1.4  17.3   20:19     S
27  11.3  17.6   13:09   6.5   22:55   7.0   0.0   0.0   0.8  13.3   01:38   NNW
28  10.7  21.5   12:51   3.6   23:15   7.9   0.3   0.0   0.6  11.2   10:52    NE
29  10.0  18.2   10:39   3.7   07:05   8.3   0.0   0.0   0.1   5.0   12:33    NW
30  12.8  25.2   14:27   7.2   07:04   6.0   0.5   0.0   0.2   8.6   09:38    NE
31  13.3  21.0   11:14   8.1   03:58   5.1   0.2   0.0   0.7  11.2   10:57   NNE
----------------------------------------------------------------------------------
    12.7  26.7    11     0.9     7   184.5  11.2  52.8   1.0  24.5     3       N

Max >=  27.0:  0
Max <=   0.0:  0
Min <=   0.0:  0
Min <= -18.0:  0
Max Rain: 19.5 on day 25
Days of Rain: 6 (>= 0.2 mm)  4 (>= 2.0 mm)  0 (>= 20.0 mm)
Heat Base: 18.3  Cool Base: 18.3  Method: Integration
:now::gauges::today::yesterday::this month::this year::records::monthly records:
:Forecast::NOAA Reports::rip WUClassic::NZLW Records::trends::forum:


Powered By: Cumulus v1.9.4 (1099)

NZ Local Weather Forum      Cumulus Top Weather Sites      New Zealand Top40 Weather Station Sites      Flag Counter