Opotiki, Bay of Plenty, NZ weather

NOAA Style Climate Reports

Select a Year or Month report

Report for 2020 Apr
                   Monthly Climatological Summary for Apr 2020

Name: Opotiki Town   City: Opotiki   State: Bay of Plenty, NZ.
Elevation: 7 m  Lat: S 38° 00' 32"   Lon: E 177° 17' 16"

                  Temperature (°C), Rain (mm), Wind Speed (km/h)

                                      Heat  Cool        Avg
    Mean                              Deg   Deg         Wind                 Dom
Day Temp  High   Time   Low    Time   Days  Days  Rain  Speed High   Time    Dir
----------------------------------------------------------------------------------
 1  18.1  27.3   11:27  10.5   07:11   2.7   2.6   3.9   0.9  12.2   15:25    NW
 2  17.6  29.5   15:00   9.4   23:42   3.5   2.8   0.0   0.6  18.4   17:08   NNE
 3  16.0  29.6   14:52   6.5   04:48   5.0   2.7   0.0   0.9  13.3   15:44   NNE
 4  15.9  28.2   16:33   7.1   06:56   4.7   2.2   0.0   0.9  15.8   14:59     N
 5  15.0  26.5   15:03   7.8   06:39   4.9   1.5   0.0   0.5   9.7   10:48   NNE
 6  15.1  27.0   13:24   7.3   05:41   5.1   2.0   0.0   0.7  13.3   14:26   NNE
 7  14.2  25.3   15:20   7.1   01:08   5.6   1.5   0.0   0.9  12.2   12:28   NNW
 8  15.4  24.9   10:45   7.9   04:41   4.1   1.2  16.8   0.5   8.6   14:05   NNE
 9  14.7  23.8   15:06   9.8   22:03   4.1   0.6   0.9   1.7  15.8   12:25    NW
10  14.9  25.3   15:15   5.4   06:15   3.4   0.0   0.0   0.5  14.8   11:45     N
11  15.2  25.3   15:00   7.5   06:45   3.1   0.0   0.0   0.6   8.6   12:45    NE
12  17.1  24.9   11:45   9.6   06:25   2.6   1.4   0.0   1.7  17.3   22:38    NE
13  18.9  23.6   13:00  14.4   21:45   0.0   0.6  21.0   4.7  24.5   04:45   WNW
14  13.5  21.7   13:30   4.0   23:43   5.0   0.1   0.0   3.0  24.5   10:45     W
15  12.2  23.3   14:20   4.5   00:00   6.5   0.4   0.0   0.7  18.4   14:21   WNW
16  14.9  24.8   14:30   7.1   00:30   3.4   0.0   0.3   1.6  15.8   13:00     W
17  16.2  22.2   14:15  11.7   01:45   2.1   0.0   3.0   1.3  14.8   16:30    NW
18  19.1  24.7   14:45  12.1   23:45   0.0   0.8   1.2   2.7  17.3   11:30     W
19  16.6  24.2   12:53   8.8   06:52   3.0   1.2   0.0   1.6  17.3   11:57   WNW
20  16.3  24.2   09:15  12.0   23:45   2.0   0.0   0.3   0.5   8.6   10:15   NNW
21  13.9  22.8   11:59   9.1   23:55   4.8   0.3   0.0   0.1   7.2   12:35   NNE
22  14.3  26.4   14:56   7.3   06:41   5.8   1.7   0.0   0.5   7.2   11:02   NNW
23  15.5  21.7   11:30  10.2   00:00   2.8   0.0   2.1   0.7  11.2   10:30    NE
24  15.9  30.1   14:59  10.1   23:53   3.9   1.5   0.6   0.3   8.6   15:02    NW
25  13.9  25.0   13:30   7.2   23:45   4.4   0.0   0.0   0.9  13.3   14:30     W
26  14.4  26.1   10:53   5.9   06:43   5.9   2.0   0.0   0.7  12.2   13:25    NE
27  15.0  24.6   10:01   7.6   06:07   4.6   1.4   0.0   0.7   9.7   11:25    NW
28  14.6  26.4   16:45   7.6   02:15   3.7   0.0   0.0   0.7  15.8   13:00     W
29  14.0  25.3   10:50   5.8   06:56   6.0   1.7   0.0   0.5  12.2   14:34   NNW
30  14.0  23.6   14:29   6.3   23:47   5.1   0.8   0.0   0.8  12.2   13:17   WNW
----------------------------------------------------------------------------------
    15.4  30.1    24     4.0    14   117.8  31.0  50.1   1.1  24.5    13      NW

Max >=  27.0:  6
Max <=   0.0:  0
Min <=   0.0:  0
Min <= -18.0:  0
Max Rain: 21.0 on day 13
Days of Rain: 10 (>= 0.2 mm)  5 (>= 2.0 mm)  1 (>= 20.0 mm)
Heat Base: 18.3  Cool Base: 18.3  Method: Integration
:now::gauges::today::yesterday::this month::this year::records::monthly records:
:Forecast::NOAA Reports::rip WUClassic::NZLW Records::trends::forum:


Powered By: Cumulus v1.9.4 (1099)

NZ Local Weather Forum      Cumulus Top Weather Sites      New Zealand Top40 Weather Station Sites      Flag Counter