Opotiki, Bay of Plenty, NZ weather

NOAA Style Climate Reports

Select a Year or Month report
V/Λ2020 > Jan Feb Mar Apr May Jun Jul Aug Sep Oct Nov Dec
V/Λ2019 > Jan Feb Mar Apr May Jun Jul Aug Sep Oct Nov Dec
V/Λ2018 > Jan Feb Mar Apr May Jun Jul Aug Sep Oct Nov Dec
V/Λ2017 > Jan Feb Mar Apr May Jun Jul Aug Sep Oct Nov Dec
V/Λ2016 > Jan Feb Mar Apr May Jun Jul Aug Sep Oct Nov Dec
V/Λ2015 > Jan Feb Mar Apr May Jun Jul Aug Sep Oct Nov Dec
V/Λ2014 > Jan Feb Mar Apr May Jun Jul Aug Sep Oct Nov Dec

Report for 2020 Feb
                   Monthly Climatological Summary for Feb 2020

Name: Opotiki Town   City: Opotiki   State: Bay of Plenty, NZ.
Elevation: 7 m  Lat: S 38 00' 32"   Lon: E 177 17' 16"

                  Temperature (C), Rain (mm), Wind Speed (km/h)

                                      Heat  Cool        Avg
    Mean                              Deg   Deg         Wind                 Dom
Day Temp  High   Time   Low    Time   Days  Days  Rain  Speed High   Time    Dir
----------------------------------------------------------------------------------
 1  22.0  31.3   14:46  12.3   06:33   1.5   5.2   0.0   1.4  14.8   13:47   NNE
 2  21.6  31.9   16:12  12.6   06:38   1.4   4.7   0.0   1.6  14.8   10:57     N
 3  22.8  34.0   17:13  12.7   05:19   1.5   6.0   0.0   0.9  13.3   11:31   NNE
 4  22.0  30.9   16:15  12.8   06:19   1.1   4.8   0.0   1.2  13.3   13:48   NNE
 5  23.5  30.0   16:53  17.5   23:57   0.0   5.2   0.0   3.5  19.4   14:47    NW
 6  22.1  30.1   17:18  13.4   23:59   0.6   4.5   0.0   1.6  17.3   14:35   NNW
 7  21.9  34.5   15:43  11.7   04:25   1.9   5.5   0.0   1.6  14.8   13:16     N
 8  20.7  26.8   18:38  14.7   23:59   0.4   2.8   1.8   2.4  18.4   11:52    NW
 9  20.3  28.8   11:25  12.3   01:49   1.5   3.6   0.0   1.8  14.8   12:28     N
10  21.4  29.6   17:41  13.1   06:26   1.1   4.2   0.3   1.6  18.4   13:45   NNW
11  20.5  29.8   18:01  11.7   05:20   2.2   4.3   0.0   1.3  13.3   15:38   NNW
12  20.1  30.7   17:36  11.7   05:59   2.2   4.0   0.0   1.5  15.8   12:12   NNW
13  21.2  30.7   17:36  13.0   05:37   1.3   4.1   0.0   1.4  17.3   12:53   NNW
14  21.9  30.9   10:44  13.6   05:31   1.1   4.7   0.0   1.5  23.4   12:54   NNW
15  22.0  30.1   10:48  15.7   06:52   0.2   3.8   0.0   1.4  14.8   12:20     N
16  21.8  29.3   15:47  16.9   06:06   0.1   3.7   0.0   2.0  17.3   13:07   NNE
17  22.4  30.3   16:47  18.4   06:24   0.0   4.1   0.0   1.1  11.2   02:04   NNE
18  22.1  28.8   16:25  18.7   04:45   0.0   3.8   0.0   1.0  11.2   15:23   NNE
19  21.9  28.4   15:35  18.4   05:26   0.0   3.6  11.7   1.2  14.8   15:00   NNE
20  23.6  30.3   10:29  16.9   06:06   0.1   5.4   0.0   1.7  13.3   12:07   NNE
21  23.7  30.5   16:59  19.8   06:43   0.0   5.4   1.2   2.3  14.8   16:09   NNE
22  22.8  28.5   10:57  19.5   23:48   0.0   4.5   8.1   2.9  15.8   14:08     N
23  19.8  31.3   15:23  13.4   06:45   1.4   2.9   0.0   0.7  18.4   16:16   NNW
24  19.4  27.3   16:03  13.0   00:53   1.5   2.6   0.0   2.1  23.4   15:39    NW
25  17.7  33.4   16:18   9.8   15:06   2.6   2.0   0.0   0.5  12.2   00:19   NNW
26  21.8  32.1   13:06  14.1   04:42   1.1   4.7   0.0   0.8  14.8   13:11    NW
27  22.7  30.8   10:30  15.9   03:24   0.5   4.9   0.0   1.2  12.2   13:20   NNW
28  22.7  29.7   17:22  15.8   06:30   0.3   4.8   0.0   1.2  12.2   11:34    NW
29  21.8  29.4   14:49  17.0   06:48   0.1   3.7   0.0   0.8  11.2   15:20   NNW
----------------------------------------------------------------------------------
    21.7  34.5     7     9.8    25    25.7 123.5  23.1   1.5  23.4    14       N

Max >=  27.0: 28
Max <=   0.0:  0
Min <=   0.0:  0
Min <= -18.0:  0
Max Rain: 11.7 on day 19
Days of Rain: 5 (>= 0.2 mm)  2 (>= 2.0 mm)  0 (>= 20.0 mm)
Heat Base: 18.3  Cool Base: 18.3  Method: Integration
:now::gauges::today::yesterday::this month::this year::records::monthly records:
:Forecast::NOAA Reports::rip WUClassic::NZLW Records::trends::forum:


Powered By: Cumulus v1.9.4 (1099)

NZ Local Weather Forum      Cumulus Top Weather Sites      New Zealand Top40 Weather Station Sites      Flag Counter