Opotiki, Bay of Plenty, NZ weather

NOAA Style Climate Reports

Select a Year or Month report
V/Λ2020 > Jan Feb Mar Apr May Jun Jul Aug Sep Oct Nov Dec
V/Λ2019 > Jan Feb Mar Apr May Jun Jul Aug Sep Oct Nov Dec
V/Λ2018 > Jan Feb Mar Apr May Jun Jul Aug Sep Oct Nov Dec
V/Λ2017 > Jan Feb Mar Apr May Jun Jul Aug Sep Oct Nov Dec
V/Λ2016 > Jan Feb Mar Apr May Jun Jul Aug Sep Oct Nov Dec
V/Λ2015 > Jan Feb Mar Apr May Jun Jul Aug Sep Oct Nov Dec
V/Λ2014 > Jan Feb Mar Apr May Jun Jul Aug Sep Oct Nov Dec

Report for 2019 Dec
                   Monthly Climatological Summary for Dec 2019

Name: Opotiki Town   City: Opotiki   State: Bay of Plenty, NZ.
Elevation: 7 m  Lat: S 38 00' 32"   Lon: E 177 17' 16"

                  Temperature (C), Rain (mm), Wind Speed (km/h)

                                      Heat  Cool        Avg
    Mean                              Deg   Deg         Wind                 Dom
Day Temp  High   Time   Low    Time   Days  Days  Rain  Speed High   Time    Dir
----------------------------------------------------------------------------------
 1  19.6  25.8   13:36  13.9   03:14   0.9   2.1   1.2   3.0  19.4   13:37   NNE
 2  21.5  27.4   15:27  18.8   05:46   0.0   3.2   0.3   3.6  17.3   15:37     N
 3  20.4  33.7   14:17  14.2   23:59   0.4   2.5  11.1   4.2  27.0   16:46   NNE
 4  19.8  27.6   16:09  11.1   05:49   1.7   3.2   0.0   2.3  18.4   15:08   NNW
 5  21.0  28.3   17:33  12.0   05:42   1.5   4.1   0.0   1.4  12.2   12:35   NNE
 6  21.2  28.0   15:33  13.8   05:13   0.8   3.7   0.0   1.7  17.3   15:46     N
 7  22.1  27.7   13:28  17.4   03:55   0.0   3.9   0.0   2.4  14.8   13:28     N
 8  21.9  25.4   13:18  20.4   01:44   0.0   3.6   0.0   4.6  23.4   15:55   NNE
 9  22.1  30.1   14:57  15.8   23:59   0.3   4.1   0.0   2.7  18.4   00:04    NW
10  18.9  25.8   14:32  14.4   23:40   1.5   2.1   0.0   2.6  22.0   16:17   NNW
11  19.3  29.2   14:59  13.3   05:10   1.6   2.6   0.9   2.4  22.0   10:14    NW
12  20.8  33.0   16:31  15.3   02:13   0.8   3.3   0.6   0.7  13.3   11:37     N
13  21.1  28.0   12:16  14.8   02:02   0.7   3.5   0.0   1.7  13.3   12:54     N
14  20.7  27.4   15:48  14.5   23:56   0.8   3.2   0.0   1.7  18.4   15:22     N
15  19.5  27.6   17:02  10.4   05:31   1.9   3.1   0.0   2.0  17.3   13:54   NNW
16  20.1  25.1   13:56  17.1   06:15   0.2   1.9   9.3   1.9  14.8   16:51   NNE
17  20.6  25.3   10:44  17.1   07:42   0.1   2.3  45.6   5.7  34.2   22:53    NE
18  18.5  25.1   13:51  11.8   23:56   1.2   1.4   1.8   4.8  28.1   09:19   WNW
19  17.7  26.0   17:19   8.8   05:01   2.9   2.3   0.0   2.4  19.4   20:33   WNW
20  16.5  22.7   11:23  11.1   23:55   2.4   0.6   5.4   2.9  23.4   16:33    NW
21  17.0  26.3   14:18   8.7   06:04   3.5   2.2   0.0   1.5  15.8   12:51    NW
22  17.9  27.8   16:27  10.4   05:35   2.4   2.0   0.0   2.2  22.0   16:27    NW
23  20.2  29.2   15:43  12.3   05:58   1.7   3.5   0.0   1.2  13.3   11:54   NNW
24  21.5  33.8   15:01  14.4   00:34   0.9   4.2   0.0   0.8  11.2   13:23   NNW
25  17.1  18.9   14:31  15.4   09:05   1.2   0.0  13.5   0.3   9.7   05:03     N
26  20.1  29.2   12:00  14.4   06:24   1.2   3.0  18.3   1.1  12.2   13:30     N
27  21.2  28.3   17:44  14.2   23:48   0.4   3.3   0.0   2.4  13.3   11:48   NNE
28  18.9  31.4   17:16   9.5   05:44   2.8   3.4   0.0   1.7  19.4   18:22     N
29  19.1  28.9   18:29  10.9   01:02   2.3   3.1   0.0   2.0  18.4   14:36   NNW
30  19.8  29.1   16:30  11.3   05:52   1.7   3.2   0.0   2.2  14.8   11:01   NNW
31  21.9  31.5   13:08  11.4   06:03   0.9   4.4   0.0   1.9  23.4   16:47   WNW
----------------------------------------------------------------------------------
    19.9  33.8    24     8.7    21    38.7  89.0 108.0   2.3  34.2    17     NNW

Max >=  27.0: 21
Max <=   0.0:  0
Min <=   0.0:  0
Min <= -18.0:  0
Max Rain: 45.6 on day 17
Days of Rain: 11 (>= 0.2 mm)  6 (>= 2.0 mm)  1 (>= 20.0 mm)
Heat Base: 18.3  Cool Base: 18.3  Method: Integration
:now::gauges::today::yesterday::this month::this year::records::monthly records:
:Forecast::NOAA Reports::rip WUClassic::NZLW Records::trends::forum:


Powered By: Cumulus v1.9.4 (1099)

NZ Local Weather Forum      Cumulus Top Weather Sites      New Zealand Top40 Weather Station Sites      Flag Counter