Opotiki, Bay of Plenty, NZ weather

NOAA Style Climate Reports

Select a Year or Month report
V/Λ2020 > Jan Feb Mar Apr May Jun Jul Aug Sep Oct Nov Dec
V/Λ2019 > Jan Feb Mar Apr May Jun Jul Aug Sep Oct Nov Dec
V/Λ2018 > Jan Feb Mar Apr May Jun Jul Aug Sep Oct Nov Dec
V/Λ2017 > Jan Feb Mar Apr May Jun Jul Aug Sep Oct Nov Dec
V/Λ2016 > Jan Feb Mar Apr May Jun Jul Aug Sep Oct Nov Dec
V/Λ2015 > Jan Feb Mar Apr May Jun Jul Aug Sep Oct Nov Dec
V/Λ2014 > Jan Feb Mar Apr May Jun Jul Aug Sep Oct Nov Dec

Report for 2019 Nov
                   Monthly Climatological Summary for Nov 2019

Name: Opotiki Town   City: Opotiki   State: Bay of Plenty, NZ.
Elevation: 7 m  Lat: S 38 00' 32"   Lon: E 177 17' 16"

                  Temperature (C), Rain (mm), Wind Speed (km/h)

                                      Heat  Cool        Avg
    Mean                              Deg   Deg         Wind                 Dom
Day Temp  High   Time   Low    Time   Days  Days  Rain  Speed High   Time    Dir
----------------------------------------------------------------------------------
 1  15.1  24.7   17:47   5.6   06:14   4.2   1.0   0.0   1.9  19.4   14:17   WNW
 2  15.3  25.9   17:16   4.8   04:20   5.2   2.3   0.0   1.1  19.4   13:56    NW
 3  18.2  30.0   16:29   7.4   05:11   3.9   3.8   0.0   1.1  12.2   14:18   NNW
 4  20.2  31.8   09:59  10.4   06:18   2.5   4.4   0.3   1.1  12.2   11:54   NNW
 5  19.3  29.8   15:46   9.3   06:11   3.0   4.1   0.0   1.3  15.8   12:01   NNW
 6  19.0  29.5   17:03   9.4   06:10   2.9   3.6   0.0   0.9   9.7   11:25     N
 7  20.7  29.7   10:10  13.0   05:48   1.7   4.1   0.0   0.9   9.7   12:56     N
 8  20.6  27.0   15:05  15.2   00:00   0.6   3.0   0.0   2.0  14.8   13:38   NNE
 9  20.8  26.7   16:45  17.4   05:13   0.3   2.8   0.3   3.2  18.4   22:45   NNE
10  17.7  18.6   13:12  16.9   06:10   0.6   0.0  16.2   6.3  24.5   06:50   NNE
11  17.6  23.3   15:12  11.1   22:12   1.9   1.2   6.6   3.8  17.3   08:12   NNW
12  13.3  23.2   13:12   7.6   23:43   5.6   0.6   3.6   0.7   9.7   13:42   WNW
13  15.2  25.5   17:46   5.6   05:43   4.7   1.5   0.0   2.2  19.4   18:06    NW
14  15.4  25.6   16:38   7.6   02:01   3.9   1.0   6.9   3.1  34.2   11:26    NW
15  16.7  24.9   15:22   8.9   23:46   2.9   1.3   0.0   4.1  24.5   15:58     W
16  14.7  25.1   14:27   5.7   05:12   4.8   1.2   0.0   1.1  12.2   13:53   NNE
17  17.2  25.8   14:41   9.4   05:17   2.8   1.8   0.0   2.4  18.4   13:00     N
18  17.7  24.3   13:19  12.3   22:30   1.4   0.8   1.8   3.9  22.0   11:33   NNW
19  15.6  23.5   16:39   7.2   05:59   3.7   1.0   0.0   2.4  23.4   17:59   WNW
20  14.9  23.6   15:03   5.6   05:50   4.1   0.7   0.0   1.3  12.2   15:20   NNE
21  18.4  29.6   13:41  10.9   22:51   2.8   3.0   0.0   1.5  19.4   10:08     N
22  17.7  27.8   16:57   8.2   04:52   3.2   2.6   0.0   1.5  14.8   12:17     N
23  18.7  27.5   10:54   9.7   05:54   3.0   3.4   0.0   1.1  12.2   16:17   NNE
24  19.0  26.9   15:21  10.9   05:53   2.5   3.2   0.0   1.1  12.2   11:53     N
25  21.0  31.0   15:53  12.7   05:04   1.8   4.5   0.0   1.9  20.9   14:57   NNE
26  19.3  27.4   14:50  14.9   01:08   0.9   1.9   0.0   1.1  13.3   15:42     N
27  21.5  29.1   16:36  15.7   04:49   0.6   3.8   0.0   1.3  13.3   14:15     N
28  20.3  28.1   15:06  12.9   04:34   1.2   3.2   0.0   1.3  14.8   12:00   NNW
29  21.7  28.3   12:18  16.6   23:57   0.1   3.5   0.0   1.6  12.2   13:34     N
30  20.3  29.4   09:53  12.5   05:51   1.3   3.3   0.0   2.0  17.3   14:31   NNE
----------------------------------------------------------------------------------
    18.1  31.8     4     4.8     2    78.1  72.6  35.7   1.9  34.2    14     NNW

Max >=  27.0: 15
Max <=   0.0:  0
Min <=   0.0:  0
Min <= -18.0:  0
Max Rain: 16.2 on day 10
Days of Rain: 7 (>= 0.2 mm)  4 (>= 2.0 mm)  0 (>= 20.0 mm)
Heat Base: 18.3  Cool Base: 18.3  Method: Integration
:now::gauges::today::yesterday::this month::this year::records::monthly records:
:Forecast::NOAA Reports::rip WUClassic::NZLW Records::trends::forum:


Powered By: Cumulus v1.9.4 (1099)

NZ Local Weather Forum      Cumulus Top Weather Sites      New Zealand Top40 Weather Station Sites      Flag Counter