Opotiki, Bay of Plenty, NZ weather

NOAA Style Climate Reports

Select a Year or Month report
V/Λ2020 > Jan Feb Mar Apr May Jun Jul Aug Sep Oct Nov Dec
V/Λ2019 > Jan Feb Mar Apr May Jun Jul Aug Sep Oct Nov Dec
V/Λ2018 > Jan Feb Mar Apr May Jun Jul Aug Sep Oct Nov Dec
V/Λ2017 > Jan Feb Mar Apr May Jun Jul Aug Sep Oct Nov Dec
V/Λ2016 > Jan Feb Mar Apr May Jun Jul Aug Sep Oct Nov Dec
V/Λ2015 > Jan Feb Mar Apr May Jun Jul Aug Sep Oct Nov Dec
V/Λ2014 > Jan Feb Mar Apr May Jun Jul Aug Sep Oct Nov Dec

Report for 2019 Oct
                   Monthly Climatological Summary for Oct 2019

Name: Opotiki Town   City: Opotiki   State: Bay of Plenty, NZ.
Elevation: 7 m  Lat: S 38 00' 32"   Lon: E 177 17' 16"

                  Temperature (C), Rain (mm), Wind Speed (km/h)

                                      Heat  Cool        Avg
    Mean                              Deg   Deg         Wind                 Dom
Day Temp  High   Time   Low    Time   Days  Days  Rain  Speed High   Time    Dir
----------------------------------------------------------------------------------
 1  13.5  19.7   16:04   4.8   23:31   4.9   0.0   0.0   4.1  24.5   13:57     W
 2   9.4  16.6   16:27   2.0   06:04   8.9   0.0   0.0   2.8  28.1   17:13     W
 3  10.6  19.0   14:48   2.0   04:54   7.7   0.0   0.0   2.5  19.4   13:48     W
 4  12.8  20.2   10:24   4.5   06:33   5.7   0.2   0.0   1.6  14.8   14:24    NW
 5  12.1  20.6   16:25   3.8   04:59   6.3   0.1   0.0   2.5  24.5   14:32     W
 6  11.4  15.7   17:57   6.7   23:59   6.9   0.0  14.1   1.4  13.3   19:38     N
 7  12.2  20.8   10:37   3.9   04:37   6.4   0.3   0.0   1.1  13.3   15:00   WNW
 8  15.1  22.5   15:18   9.7   23:48   3.6   0.4   2.7   1.4  15.8   17:44    NW
 9  14.8  24.6   17:10   7.7   06:48   4.7   1.2   0.0   1.0  12.2   15:50    NW
10  16.0  22.3   15:00  10.2   00:07   2.8   0.5   0.6   2.6  19.4   12:47     N
11  15.6  21.6   18:39  14.0   13:57   2.8   0.0  14.1   3.3  18.4   12:59     N
12  16.8  23.1   18:09  11.9   23:59   2.2   0.7   5.4   1.3  13.3   00:13   NNW
13  16.0  26.8   12:29  10.5   06:06   3.7   1.4   5.1   1.6  13.3   15:11   NNW
14  13.7  19.8   12:02  10.5   06:19   4.7   0.1   1.2   0.8  13.3   11:37   NNW
15  14.5  21.9   12:43  11.5   05:56   4.0   0.2  33.6   1.3  17.3   13:24     N
16  16.9  27.6   15:40  11.9   23:54   2.8   1.3  17.4   1.3  18.4   17:54   WNW
17  17.0  27.4   16:31   7.4   06:48   3.3   2.0   0.0   2.2  18.4   14:08   WNW
18  16.7  23.7   15:04  11.1   06:27   2.7   1.1   0.0   2.0  13.3   14:19   NNW
19  17.5  23.5   17:52  13.2   22:40   1.7   0.9   2.1   5.0  25.6   13:12   WNW
20  16.1  23.9   16:15   9.3   05:20   3.1   0.9   0.0   2.1  15.8   13:15   WNW
21  14.6  21.4   17:55  10.3   03:04   3.9   0.2   0.6   2.5  20.9   18:48   WNW
22  15.7  24.5   15:23   8.1   03:01   3.6   1.0   0.0   4.9  28.1   18:00     W
23  13.3  22.8   15:10   3.4   23:07   5.4   0.4   0.9   3.3  25.6   02:44     W
24  10.5  21.6   16:39   0.6   06:06   7.9   0.1   0.0   2.6  24.5   16:55     W
25  12.2  22.3   15:47   2.9   06:25   6.4   0.3   0.0   2.2  29.5   15:12     W
26  14.4  25.8   16:15   4.4   04:42   5.4   1.5   0.0   1.1  17.3   12:36   NNW
27  16.5  28.2   18:14   5.6   05:47   4.7   2.9   0.0   1.4  14.8   14:23     N
28  15.8  25.1   15:06   7.5   05:42   3.8   1.3   0.0   1.5  12.2   11:38   NNW
29  16.1  22.3   14:31  10.6   23:52   3.0   0.8   0.0   1.6  19.4   14:22   WNW
30  15.7  24.4   10:24   5.2   06:12   4.3   1.8   0.0   1.9  17.3   14:20   WNW
31  15.8  27.8   13:33   5.8   05:46   4.2   1.7   0.0   2.0  20.9   15:32    NW
----------------------------------------------------------------------------------
    14.5  28.2    27     0.6    24   141.5  23.3  97.8   2.2  29.5    25     WNW

Max >=  27.0:  4
Max <=   0.0:  0
Min <=   0.0:  0
Min <= -18.0:  0
Max Rain: 33.6 on day 15
Days of Rain: 12 (>= 0.2 mm)  8 (>= 2.0 mm)  1 (>= 20.0 mm)
Heat Base: 18.3  Cool Base: 18.3  Method: Integration
:now::gauges::today::yesterday::this month::this year::records::monthly records:
:Forecast::NOAA Reports::rip WUClassic::NZLW Records::trends::forum:


Powered By: Cumulus v1.9.4 (1099)

NZ Local Weather Forum      Cumulus Top Weather Sites      New Zealand Top40 Weather Station Sites      Flag Counter