Opotiki, Bay of Plenty, NZ weather

NOAA Style Climate Reports

Select a Year or Month report
V/Λ2020 > Jan Feb Mar Apr May Jun Jul Aug Sep Oct Nov Dec
V/Λ2019 > Jan Feb Mar Apr May Jun Jul Aug Sep Oct Nov Dec
V/Λ2018 > Jan Feb Mar Apr May Jun Jul Aug Sep Oct Nov Dec
V/Λ2017 > Jan Feb Mar Apr May Jun Jul Aug Sep Oct Nov Dec
V/Λ2016 > Jan Feb Mar Apr May Jun Jul Aug Sep Oct Nov Dec
V/Λ2015 > Jan Feb Mar Apr May Jun Jul Aug Sep Oct Nov Dec
V/Λ2014 > Jan Feb Mar Apr May Jun Jul Aug Sep Oct Nov Dec

Report for 2019 Sep
                   Monthly Climatological Summary for Sep 2019

Name: Opotiki Town   City: Opotiki   State: Bay of Plenty, NZ.
Elevation: 7 m  Lat: S 38 00' 32"   Lon: E 177 17' 16"

                  Temperature (C), Rain (mm), Wind Speed (km/h)

                                      Heat  Cool        Avg
    Mean                              Deg   Deg         Wind                 Dom
Day Temp  High   Time   Low    Time   Days  Days  Rain  Speed High   Time    Dir
----------------------------------------------------------------------------------
 1  10.9  21.7   16:08   3.0   05:27   7.9   0.5   0.0   0.7  12.2   13:22   NNE
 2  11.2  20.9   15:47   5.4   05:54   7.4   0.3   0.0   1.0  11.2   11:20    NW
 3  12.3  21.0   11:57   5.2   05:32   6.1   0.2   0.3   0.7  13.3   14:27     N
 4  14.8  19.9   11:05  11.4   00:00   3.6   0.0  14.1   3.5  25.6   12:56    NE
 5  15.7  21.6   14:44  12.4   19:18   2.8   0.1   9.3   2.7  20.9   01:20   NNE
 6  11.4  14.0   16:11   8.2   23:26   6.9   0.0  10.8   1.1  22.0   07:13     W
 7  11.5  20.0   14:54   4.7   23:42   6.8   0.1   0.0   2.4  19.4   14:13     W
 8  10.1  18.8   15:23   3.3   03:44   8.2   0.0   3.3   0.5   7.2   06:54     N
 9  10.5  18.3   14:54   7.6   23:41   7.8   0.0   5.4   1.9  15.8   11:35   WNW
10   8.9  13.5   16:10   6.1   23:59   9.4   0.0   5.4   2.3  18.4   05:57   WNW
11  10.9  21.3   16:49   2.2   05:28   7.6   0.2   0.0   1.6  20.9   13:31    NW
12  10.6  20.3   14:31   3.1   05:18   7.8   0.1   0.0   1.4  17.3   12:30    NW
13  11.5  20.3   14:15   3.6   02:45   7.0   0.2   0.0   2.3  20.9   13:47   WNW
14  12.9  21.9   13:01   5.6   00:46   5.6   0.2   5.4   1.9  23.4   23:41   NNE
15  13.5  19.6   14:59   5.9   23:15   4.8   0.0   1.2   3.5  20.9   15:49   WNW
16  12.0  22.0   15:30   2.4   06:09   6.7   0.3   0.0   1.8  17.3   10:42    NW
17  13.0  20.9   13:54   5.3   03:28   5.4   0.2   0.0   2.8  20.9   12:38   WNW
18  13.9  25.5   12:17   8.2   23:57   4.8   0.4   0.0   1.8  17.3   05:30    NW
19  12.1  21.3   15:42   5.8   04:03   6.4   0.2   0.0   1.1  11.2   13:02    NW
20  13.9  24.8   14:09   7.3   06:29   5.3   0.9   0.0   0.9  17.3   15:16   WNW
21  13.3  23.7   13:37   5.1   23:46   5.9   0.8   0.0   1.0  14.8   12:07   WNW
22  11.9  22.3   10:30   2.8   03:45   7.0   0.6   0.0   1.1  12.2   13:41    NW
23  13.4  21.8   12:35   5.8   05:47   5.1   0.2   0.0   2.3  15.8   17:09   WNW
24  13.4  16.6   15:51   8.7   23:37   4.9   0.0   9.0   5.9  37.8   13:26    NW
25  10.8  18.1   13:08   4.3   05:52   7.5   0.0   0.3   4.7  29.5   14:46     W
26  11.1  19.1   14:51   5.0   01:42   7.2   0.0   0.0   4.2  29.5   12:12     W
27  11.9  21.6   17:23   5.2   23:49   6.5   0.1   3.0   2.5  27.0   11:15     W
28  12.5  22.4   16:05   3.7   04:49   6.3   0.5   0.0   2.1  18.4   11:13   WNW
29  13.0  22.6   17:32   2.9   05:13   5.6   0.6   0.0   2.0  22.0   12:32   WNW
30  14.0  21.3   15:19   9.2   02:45   4.5   0.2   4.2   3.1  29.5   12:53   NNW
----------------------------------------------------------------------------------
    12.2  25.5    18     2.2    11   188.8   6.9  71.7   2.2  37.8    24      NW

Max >=  27.0:  0
Max <=   0.0:  0
Min <=   0.0:  0
Min <= -18.0:  0
Max Rain: 14.1 on day 4
Days of Rain: 13 (>= 0.2 mm)  10 (>= 2.0 mm)  0 (>= 20.0 mm)
Heat Base: 18.3  Cool Base: 18.3  Method: Integration
:now::gauges::today::yesterday::this month::this year::records::monthly records:
:Forecast::NOAA Reports::rip WUClassic::NZLW Records::trends::forum:


Powered By: Cumulus v1.9.4 (1099)

NZ Local Weather Forum      Cumulus Top Weather Sites      New Zealand Top40 Weather Station Sites      Flag Counter