Opotiki, Bay of Plenty, NZ weather

NOAA Style Climate Reports

Select a Year or Month report
V/Λ2020 > Jan Feb Mar Apr May Jun Jul Aug Sep Oct Nov Dec
V/Λ2019 > Jan Feb Mar Apr May Jun Jul Aug Sep Oct Nov Dec
V/Λ2018 > Jan Feb Mar Apr May Jun Jul Aug Sep Oct Nov Dec
V/Λ2017 > Jan Feb Mar Apr May Jun Jul Aug Sep Oct Nov Dec
V/Λ2016 > Jan Feb Mar Apr May Jun Jul Aug Sep Oct Nov Dec
V/Λ2015 > Jan Feb Mar Apr May Jun Jul Aug Sep Oct Nov Dec
V/Λ2014 > Jan Feb Mar Apr May Jun Jul Aug Sep Oct Nov Dec

Report for 2019 Aug
                   Monthly Climatological Summary for Aug 2019

Name: Opotiki Town   City: Opotiki   State: Bay of Plenty, NZ.
Elevation: 7 m  Lat: S 38 00' 32"   Lon: E 177 17' 16"

                  Temperature (C), Rain (mm), Wind Speed (km/h)

                                      Heat  Cool        Avg
    Mean                              Deg   Deg         Wind                 Dom
Day Temp  High   Time   Low    Time   Days  Days  Rain  Speed High   Time    Dir
----------------------------------------------------------------------------------
 1   5.8  16.1   14:52  -0.7   06:53  12.5   0.0   0.0   1.1  20.9   15:32     W
 2   7.0  17.6   12:54  -1.9   05:48  11.3   0.0   0.0   2.3  31.7   18:28     W
 3   9.7  18.1   13:47   3.8   23:39   8.6   0.0   0.0   2.5  19.4   12:09     W
 4  10.9  18.7   14:00   3.8   01:43   7.4   0.0   2.1   2.9  24.5   11:14     W
 5   7.6  15.3   14:26   0.3   23:23  10.7   0.0   0.0   2.9  22.0   16:08     W
 6   8.3  18.6   14:32  -0.1   02:04  10.0   0.0   0.0   1.6  14.8   11:52     W
 7   9.3  20.5   15:50   1.1   05:32   9.1   0.0   0.0   1.0  19.4   15:54    NW
 8  12.1  19.8   13:02   8.1   08:02   6.2   0.1   0.6   1.3  17.3   15:06    NW
 9  12.3  17.3   14:43   9.4   23:57   6.0   0.0  25.2   1.0  25.6   11:19   NNE
10  12.2  19.8   12:31   5.2   05:05   6.1   0.0   1.2   0.9  12.2   20:07     N
11  13.8  17.5   13:31  10.6   06:39   4.5   0.0  11.1   2.9  27.0   21:53   NNW
12  12.5  19.2   13:16   8.0   23:36   5.8   0.0   3.6   2.8  27.0   13:41   WNW
13  11.1  17.7   15:42   5.3   06:50   7.2   0.0   1.2   2.9  25.6   14:35     W
14  10.8  20.4   15:09   6.0   20:15   7.5   0.0   0.0   1.6  18.4   07:05     W
15  10.6  19.5   10:41   5.2   20:03   7.8   0.0   0.0   0.9  14.8   13:56    NW
16  10.2  17.4   13:40   6.1   05:45   8.1   0.0   0.0   1.5  19.4   16:29   WNW
17  10.7  18.0   13:00   4.2   03:10   7.6   0.0   3.6   1.3  17.3   11:54   WNW
18   9.5  16.3   15:23   5.0   22:58   8.8   0.0   0.6   2.7  28.1   12:28     E
19   9.0  22.6   15:54  -0.5   06:06   9.5   0.2   0.0   0.6  11.2   11:19    NW
20  10.2  16.7   13:17   3.7   00:26   8.1   0.0   0.0   3.0  25.6   23:54   NNE
21  10.1  12.4   17:08   4.5   23:03   8.2   0.0  45.0   2.2  33.1   04:03   NNE
22  10.2  17.8   12:13   6.0   21:49   8.2   0.0   8.4   1.7  25.6   08:25   WNW
23  11.8  15.1   12:03   7.3   00:00   6.6   0.0  21.9   2.1  19.4   13:51     N
24  11.4  22.5   16:45   3.7   23:59   7.1   0.2   3.3   2.0  19.4   11:30     W
25  10.2  20.2   14:43   0.7   06:52   8.1   0.0   0.0   1.7  22.0   14:58   WNW
26  13.0  19.7   15:06   7.5   06:37   5.4   0.1   0.0   3.5  27.0   14:39   WNW
27  10.2  20.1   15:26   2.4   06:56   8.2   0.0   0.0   1.4  17.3   12:25   WNW
28   9.1  19.6   15:39   1.2   04:37   9.3   0.1   0.0   0.9   9.7   13:36   NNW
29   9.6  19.9   16:04   1.1   06:22   8.7   0.0   0.0   1.4  18.4   14:02    NW
30  10.6  19.0   16:16   1.5   06:40   7.7   0.0   0.9   1.5  20.9   13:45   WNW
31  12.9  22.5   16:58   5.0   23:50   5.8   0.4   0.6   1.5  14.8   15:17   WNW
----------------------------------------------------------------------------------
    10.4  22.6    19    -1.9     2   246.1   1.1 129.3   1.9  33.1    21     WNW

Max >=  27.0:  0
Max <=   0.0:  0
Min <=   0.0:  4
Min <= -18.0:  0
Max Rain: 45.0 on day 21
Days of Rain: 15 (>= 0.2 mm)  9 (>= 2.0 mm)  3 (>= 20.0 mm)
Heat Base: 18.3  Cool Base: 18.3  Method: Integration
:now::gauges::today::yesterday::this month::this year::records::monthly records:
:Forecast::NOAA Reports::rip WUClassic::NZLW Records::trends::forum:


Powered By: Cumulus v1.9.4 (1099)

NZ Local Weather Forum      Cumulus Top Weather Sites      New Zealand Top40 Weather Station Sites      Flag Counter