Opotiki, Bay of Plenty, NZ weather

NOAA Style Climate Reports

Select a Year or Month report
V/Λ2020 > Jan Feb Mar Apr May Jun Jul Aug Sep Oct Nov Dec
V/Λ2019 > Jan Feb Mar Apr May Jun Jul Aug Sep Oct Nov Dec
V/Λ2018 > Jan Feb Mar Apr May Jun Jul Aug Sep Oct Nov Dec
V/Λ2017 > Jan Feb Mar Apr May Jun Jul Aug Sep Oct Nov Dec
V/Λ2016 > Jan Feb Mar Apr May Jun Jul Aug Sep Oct Nov Dec
V/Λ2015 > Jan Feb Mar Apr May Jun Jul Aug Sep Oct Nov Dec
V/Λ2014 > Jan Feb Mar Apr May Jun Jul Aug Sep Oct Nov Dec

Report for 2019 Jul
                   Monthly Climatological Summary for Jul 2019

Name: Opotiki Town   City: Opotiki   State: Bay of Plenty, NZ.
Elevation: 7 m  Lat: S 38 00' 32"   Lon: E 177 17' 16"

                  Temperature (C), Rain (mm), Wind Speed (km/h)

                                      Heat  Cool        Avg
    Mean                              Deg   Deg         Wind                 Dom
Day Temp  High   Time   Low    Time   Days  Days  Rain  Speed High   Time    Dir
----------------------------------------------------------------------------------
 1  12.2  19.6   12:40   5.9   00:00   6.1   0.0   0.0   1.4  15.8   16:22   NNE
 2  13.0  20.1   15:28   8.0   06:35   5.4   0.1   3.3   1.2  20.9   10:52    NE
 3  16.2  20.7   11:36  11.1   00:11   2.2   0.2   7.5   4.5  18.4   08:11   NNE
 4  15.0  16.5   16:05  10.3   23:33   3.3   0.0  86.4   5.3  27.0   12:44    NE
 5   9.6  16.7   11:26   2.5   23:51   8.7   0.0  10.5   0.5  12.2   12:02    NW
 6   6.8  18.1   13:32   0.4   05:48  11.5   0.0   0.0   0.4  15.8   16:36   WNW
 7   9.2  18.0   12:38   3.9   07:48   9.1   0.0   0.0   0.9  13.3   13:59   WNW
 8  10.2  20.4   15:04   5.0   07:29   8.2   0.1   0.0   0.7   9.7   10:19   WNW
 9  10.0  16.2   09:27   3.5   07:29   8.3   0.0   0.0   0.9  14.8   13:03     W
10   8.8  16.4   10:31   2.0   05:44   9.5   0.0   0.0   0.4   8.6   12:51    NW
11  11.2  20.0   13:33   4.7   07:15   7.2   0.1   0.9   0.5  12.2   14:18    NW
12  10.3  17.8   11:02   3.3   05:31   8.0   0.0   9.3   0.9  17.3   15:38   NNW
13  11.4  18.9   13:26   5.1   07:13   6.8   0.0   0.3   1.6  17.3   13:51   WNW
14  13.0  17.5   10:32   7.9   22:42   5.3   0.0   8.1   3.3  29.5   14:06   NNW
15  11.7  19.0   09:49   4.9   07:34   6.6   0.0   1.5   2.0  17.3   11:53   WNW
16  12.6  15.8   09:18   5.2   22:37   5.7   0.0   7.8   4.2  29.5   04:49   NNE
17  10.5  17.5   14:14   4.1   02:47   7.8   0.0   1.2   2.7  22.0   10:55     W
18   9.4  19.0   10:33   1.4   06:23   8.9   0.0   0.0   1.0  14.8   11:44   WNW
19  12.3  17.3   12:23   8.1   05:36   6.0   0.0  13.5   2.5  28.1   15:03   NNE
20  11.5  18.6   13:53   4.7   23:52   6.8   0.0  10.5   1.4  20.9   16:43     W
21   9.9  21.1   13:18   3.6   03:40   8.7   0.2   0.0   0.4   8.6   14:42    NW
22  10.2  24.0   14:37   3.3   03:00   8.6   0.6   0.0   0.4  12.2   13:10    NW
23  11.0  21.9   14:34   2.9   06:54   7.7   0.4   0.0   0.5   9.7   10:55     N
24   9.6  14.2   14:13   6.7   04:28   8.7   0.0   0.9   0.1   6.1   15:14    NW
25  11.9  21.4   15:05   6.3   04:25   6.5   0.1   0.0   0.4   9.7   14:10   NNW
26  12.8  21.7   10:55   7.2   23:56   6.0   0.5   0.0   0.8  17.3   15:39     N
27  11.0  21.9   14:53   4.3   07:04   7.7   0.4   0.0   0.4   8.6   15:01   NNW
28  10.8  22.3   14:44   4.0   05:59   8.0   0.4   0.0   0.3   8.6   12:36     N
29  11.7  23.0   13:01   5.9   07:07   7.1   0.5   0.0   0.2   9.7   12:41   NNW
30  11.4  17.1   15:33   6.4   23:56   6.9   0.0   5.1   1.0  14.8   15:54   WNW
31   8.8  17.3   13:37   1.9   22:51   9.5   0.0   0.6   1.0  17.3   14:45   WNW
----------------------------------------------------------------------------------
    11.1  24.0    22     0.4     6   226.8   3.6 167.4   1.4  29.5    14     NNW

Max >=  27.0:  0
Max <=   0.0:  0
Min <=   0.0:  0
Min <= -18.0:  0
Max Rain: 86.4 on day 4
Days of Rain: 16 (>= 0.2 mm)  10 (>= 2.0 mm)  1 (>= 20.0 mm)
Heat Base: 18.3  Cool Base: 18.3  Method: Integration
:now::gauges::today::yesterday::this month::this year::records::monthly records:
:Forecast::NOAA Reports::rip WUClassic::NZLW Records::trends::forum:


Powered By: Cumulus v1.9.4 (1099)

NZ Local Weather Forum      Cumulus Top Weather Sites      New Zealand Top40 Weather Station Sites      Flag Counter