Opotiki, Bay of Plenty, NZ weather

NOAA Style Climate Reports

Select a Year or Month report
V/Λ2019 > Jan Feb Mar Apr May Jun Jul Aug Sep Oct Nov Dec
V/Λ2018 > Jan Feb Mar Apr May Jun Jul Aug Sep Oct Nov Dec
V/Λ2017 > Jan Feb Mar Apr May Jun Jul Aug Sep Oct Nov Dec
V/Λ2016 > Jan Feb Mar Apr May Jun Jul Aug Sep Oct Nov Dec
V/Λ2015 > Jan Feb Mar Apr May Jun Jul Aug Sep Oct Nov Dec
V/Λ2014 > Jan Feb Mar Apr May Jun Jul Aug Sep Oct Nov Dec

Report for 2019 Feb
                   Monthly Climatological Summary for Feb 2019

Name: Opotiki Town   City: Opotiki   State: Bay of Plenty, NZ.
Elevation: 7 m  Lat: S 38 00' 32"   Lon: E 177 17' 16"

                  Temperature (C), Rain (mm), Wind Speed (km/h)

                                      Heat  Cool        Avg
    Mean                              Deg   Deg         Wind                 Dom
Day Temp  High   Time   Low    Time   Days  Days  Rain  Speed High   Time    Dir
----------------------------------------------------------------------------------
 1  22.2  28.8   15:55  17.1   23:30   0.0   4.0   0.0   1.1  13.3   17:00     N
 2  22.1  31.9   12:03  14.8   05:00   0.7   4.5   0.0   2.1  18.4   15:24     E
 3  22.0  30.5   14:20  13.8   23:30   0.7   4.4   0.0   2.3  15.8   00:53   SSW
 4  19.6  28.1   17:16  10.6   04:51   2.3   3.6   0.0   1.4  13.3   14:53   NNE
 5  21.9  29.7   16:36  13.9   02:13   1.0   4.6   0.0   1.6  14.8   13:48   NNW
 6  21.9  33.2   13:56  14.1   06:10   0.9   4.5   0.0   2.2  22.0   19:41    SE
 7  19.9  30.2   17:24  15.2   23:41   1.0   2.6   0.0   2.9  30.6   04:31     S
 8  19.7  28.3   12:19  13.3   23:46   1.6   3.0   0.0   1.4  17.3   10:06     W
 9  19.7  29.2   18:37   9.7   04:54   2.5   3.9   0.0   1.3  15.8   13:29   WNW
10  20.5  30.3   13:17  12.2   03:01   1.6   3.9   0.0   1.3  17.3   14:22     S
11  22.7  33.1   14:19  14.4   06:02   0.6   5.0   0.0   1.1  15.8   12:29     W
12  22.5  31.1   17:29  15.1   06:56   0.5   4.7   0.0   1.6  15.8   13:27   NNW
13  22.5  31.2   14:10  12.9   06:35   1.2   5.4   0.0   1.4  14.8   15:31     N
14  23.8  30.2   17:31  16.4   06:43   0.1   5.6   0.0   1.4  14.8   15:37    NW
15  23.6  30.3   16:52  16.7   06:24   0.1   5.4   0.0   1.6  17.3   11:48   NNW
16  22.7  32.7   17:48  15.5   06:55   0.5   4.9   0.0   1.8  24.5   18:14     W
17  22.0  29.6   11:09  16.6   03:22   0.4   4.1   0.6   2.5  15.8   01:49   WNW
18  22.5  29.8   17:36  17.3   06:34   0.2   4.3   5.1   1.5  14.8   14:04   NNE
19  21.3  28.1   09:40  15.1   05:58   0.8   3.8   0.0   1.4  15.8   16:35   NNE
20  21.8  28.9   15:38  14.2   06:45   0.6   4.1   0.0   1.6  15.8   14:27   NNE
21  22.5  28.7   15:48  18.9   05:15   0.0   4.2   6.3   2.0  17.3   11:00   NNE
22  21.2  25.9   09:57  18.3   20:37   0.0   2.9  22.2   2.9  18.4   16:42   NNE
23  21.0  26.7   13:08  16.4   23:52   0.1   2.8  39.9   2.1  14.8   08:20    NW
24  18.7  27.2   16:32  12.0   06:55   1.9   2.3   0.0   1.7  18.4   13:51   WNW
25  17.7  25.4   17:25  11.7   22:47   2.2   1.6   0.0   1.8  17.3   10:57   WSW
26  17.8  27.6   13:14   7.9   06:47   3.5   3.1   0.0   1.3  15.8   14:18   WNW
27  19.2  27.4   17:24  11.5   05:28   2.5   3.4   0.0   1.1  14.8   14:05     N
28  17.3  26.4   15:45   9.6   06:24   3.6   2.7   0.0   1.8  20.9   11:17     S
----------------------------------------------------------------------------------
    21.1  33.2     6     7.9    26    31.1 109.3  74.1   1.7  30.6     7      NW

Max >=  27.0: 24
Max <=   0.0:  0
Min <=   0.0:  0
Min <= -18.0:  0
Max Rain: 39.9 on day 23
Days of Rain: 5 (>= 0.2 mm)  4 (>= 2.0 mm)  2 (>= 20.0 mm)
Heat Base: 18.3  Cool Base: 18.3  Method: Integration
:now::gauges::today::yesterday::this month::this year::records::monthly records:
:Forecast::NOAA Reports::rip WUClassic::NZLW Records::trends::forum:


Powered By: Cumulus v1.9.4 (1099)

NZ Local Weather Forum      Cumulus Top Weather Sites      New Zealand Top40 Weather Station Sites      Flag Counter