Opotiki, Bay of Plenty, NZ weather

NOAA Style Climate Reports

Select a Year or Month report

Report for 2018 Dec
                   Monthly Climatological Summary for Dec 2018

Name: Opotiki Town   City: Opotiki   State: Bay of Plenty, NZ.
Elevation: 7 m  Lat: S 38 00' 32"   Lon: E 177 17' 16"

                  Temperature (C), Rain (mm), Wind Speed (km/h)

                                      Heat  Cool        Avg
    Mean                              Deg   Deg         Wind                 Dom
Day Temp  High   Time   Low    Time   Days  Days  Rain  Speed High   Time    Dir
----------------------------------------------------------------------------------
 1  17.9  23.4   14:42  14.9   05:32   1.1   0.7  12.6   0.9  18.4   15:28    NE
 2  21.3  26.6   15:31  15.8   00:26   0.1   3.2  10.5   3.5  20.9   12:01    NE
 3  19.3  26.1   16:13  16.7   02:27   0.3   1.3   9.9   3.0  15.8   09:29    NE
 4  19.8  26.0   13:58  15.5   23:58   0.1   1.7  11.4   2.9  17.3   15:40     N
 5  18.6  25.1   15:34  12.1   04:57   1.8   2.1   0.0   3.8  24.5   17:34   WNW
 6  14.6  23.9   17:06   8.4   04:50   4.2   0.5   6.0   1.1  18.4   15:02   WNW
 7  16.7  28.8   15:17   5.8   05:31   4.3   2.7   0.0   1.2  14.8   13:54     W
 8  18.2  28.2   10:20   8.0   05:36   3.2   3.2   0.0   1.6  17.3   13:14     N
 9  20.7  27.2   16:17  15.4   03:57   1.0   3.4   0.0   1.5  12.2   10:35     N
10  21.7  28.3   09:18  16.1   00:00   0.4   3.8   0.0   1.4  14.8   12:02     N
11  18.5  27.0   09:29  14.3   05:43   0.9   1.1   4.2   1.2  13.3   12:22    NW
12  20.2  27.1   17:08  16.2   00:00   0.5   2.5   9.9   1.6  11.2   14:16   NNE
13  21.1  28.3   18:13  15.1   23:20   0.8   3.6   0.0   1.5  13.3   13:56   NNE
14  21.0  27.9   15:53  14.3   04:36   1.1   3.7   0.0   1.5  13.3   15:27   NNE
15  20.8  28.1   15:55  15.2   05:57   0.8   3.4   8.7   0.9  13.3   15:43   NNE
16  21.8  30.9   11:13  13.5   04:17   1.0   4.5   0.0   1.6  13.3   13:53   NNW
17  20.1  25.1   12:01  15.9   05:41   0.5   2.3   1.2   1.4  13.3   12:06   NNE
18  22.8  29.9   17:40  15.5   23:35   0.3   4.8   0.0   1.5  14.8   12:38   NNE
19  20.6  28.8   13:08  12.0   05:21   1.5   3.9   0.0   2.7  19.4   13:37   WNW
20  19.9  28.0   16:05  13.9   23:56   0.9   2.5  25.5   1.0  13.3   16:05   NNW
21  19.5  28.6   16:08  11.1   05:34   1.9   3.1   0.0   2.5  18.4   19:25   WNW
22  20.3  27.7   17:33  13.3   03:35   1.1   3.2   0.0   2.4  19.4   14:03   WNW
23  20.3  27.3   12:41  15.3   00:30   0.9   2.8   1.8   0.6   9.7   09:12   NNW
24  17.4  19.4   16:50  16.3   04:29   1.0   0.1  78.6   0.4   8.6   09:53   WSW
25  20.2  26.2   15:14  15.6   23:51   0.5   2.4  41.7   2.3  18.4   08:56   NNE
26  22.0  31.3   16:31  14.9   01:20   0.9   4.6   0.9   1.5  18.4   12:33     W
27  21.1  27.9   10:29  16.7   04:06   0.2   3.1   0.0   2.5  17.3   17:49   NNE
28  20.6  29.7   13:23  15.6   05:37   0.5   2.8   3.3   2.2  22.0   16:24   NNE
29  19.7  26.9   13:08  13.2   05:43   0.9   2.3   1.2   1.3  12.2   12:41   NNE
30  21.8  28.7   16:39  15.7   06:28   0.5   4.0   0.3   2.1  15.8   14:39   NNE
31  21.7  29.7   18:06  14.8   05:20   0.5   4.0   0.0   1.6  15.8   11:51    NW
----------------------------------------------------------------------------------
    20.0  31.3    26     5.8     7    33.7  87.3 227.7   1.8  24.5     5     NNW

Max >=  27.0: 21
Max <=   0.0:  0
Min <=   0.0:  0
Min <= -18.0:  0
Max Rain: 78.6 on day 24
Days of Rain: 17 (>= 0.2 mm)  12 (>= 2.0 mm)  3 (>= 20.0 mm)
Heat Base: 18.3  Cool Base: 18.3  Method: Integration
:now::gauges::today::yesterday::this month::this year::records::monthly records:
:Forecast::NOAA Reports::rip WUClassic::NZLW Records::trends::forum:


Powered By: Cumulus v1.9.4 (1099)

NZ Local Weather Forum      Cumulus Top Weather Sites      New Zealand Top40 Weather Station Sites      Flag Counter