Opotiki, Bay of Plenty, NZ weather

NOAA Style Climate Reports

Select a Year or Month report

Report for 2018 Aug
                   Monthly Climatological Summary for Aug 2018

Name: Opotiki Town   City: Opotiki   State: Bay of Plenty, NZ.
Elevation: 7 m  Lat: S 38 00' 32"   Lon: E 177 17' 16"

                  Temperature (C), Rain (mm), Wind Speed (km/h)

                                      Heat  Cool        Avg
    Mean                              Deg   Deg         Wind                 Dom
Day Temp  High   Time   Low    Time   Days  Days  Rain  Speed High   Time    Dir
----------------------------------------------------------------------------------
 1  12.7  19.4   14:41   8.6   02:41   5.6   0.0  12.3   1.1  31.7   18:09   NNE
 2  13.0  18.9   14:24   7.6   22:45   5.3   0.0   0.0   1.3  14.8   14:05   NNE
 3  11.2  14.5   11:28   6.9   00:33   7.1   0.0  44.7   0.2  12.2   12:47    NW
 4  11.2  13.4   12:56   9.8   06:49   7.1   0.0  12.9   0.1   6.1   10:24     W
 5  12.5  15.4   12:38  10.5   01:48   5.8   0.0  22.5   0.3   9.7   22:44     N
 6  13.5  20.6   15:10   9.1   20:54   4.9   0.1   3.3   1.1  15.8   01:28   NNE
 7  13.5  18.3   11:20  10.7   00:24   4.8   0.0  29.1   2.6  17.3   17:26    NE
 8  14.8  16.7   11:09  13.5   00:44   3.5   0.0   2.4   3.4  17.3   08:33   NNE
 9  12.4  20.6   15:36   5.6   23:27   6.0   0.0  10.8   1.0  18.4   00:21   WNW
10  10.3  21.2   16:48   2.9   07:04   8.3   0.3   0.6   0.4   9.7   13:32   NNW
11  11.9  21.9   13:48   5.1   01:28   7.0   0.5   0.0   1.1  14.8   12:39   SSE
12  10.1  19.8   14:18   3.2   05:57   8.3   0.1   0.0   0.8   9.7   09:46   NNW
13  10.5  21.1   14:31   2.2   04:43   7.9   0.1   0.6   0.8  13.3   22:20     N
14  12.7  16.7   11:44  10.8   07:38   5.6   0.0  18.9   5.2  25.6   22:24    NW
15  12.9  20.6   15:38   6.3   23:56   5.5   0.1   0.0   2.6  24.5   01:12     W
16  11.1  19.3   13:27   2.3   06:26   7.2   0.0   0.0   1.6  14.8   19:21    NW
17  11.9  17.7   14:51   5.6   23:14   6.4   0.0   2.3   1.6  17.3   12:35   WNW
18  10.4  21.2   16:41   3.1   23:56   8.0   0.1   2.1   1.0  17.3   11:50   WNW
19   8.2  17.5   10:47   0.8   06:06  10.1   0.0   0.0   1.2  15.8   13:43   WNW
20  11.1  17.7   13:00   3.3   00:34   7.2   0.0   4.2   2.8  19.4   18:35   NNE
21  12.6  17.8   11:48   8.1   23:59   5.7   0.0   2.1   2.0  20.9   12:47   WNW
22  11.6  16.3   10:44   6.4   01:08   6.7   0.0   0.9   3.0  27.0   04:23   WNW
23  12.4  19.3   15:41   4.0   23:12   5.9   0.0   3.0   2.7  23.4   13:24   WNW
24   8.8  21.2   15:58   0.9   06:03   9.6   0.1   1.5   1.4  17.3   14:49     W
25   9.8  21.8   15:43   0.4   06:18   8.8   0.3   0.0   1.0  14.8   13:16   WNW
26  10.6  19.3   10:55   2.8   06:15   7.9   0.0   0.0   1.0  15.8   13:59   WNW
27  12.2  20.9   09:32   6.6   05:09   6.3   0.2   0.0   0.9  12.2   14:43    NW
28  12.5  21.1   11:33   5.6   06:55   6.1   0.3   0.0   0.7  12.2   13:30     N
29  12.5  15.1   22:28   7.8   04:05   5.9   0.0  13.2   2.5  31.7   15:53    NE
30  12.8  14.8   01:34  11.5   19:42   5.5   0.0  80.4   1.3  15.8   03:21    NE
31  13.4  20.8   15:32   6.8   05:14   5.1   0.2   0.0   1.1  15.8   13:25    NW
----------------------------------------------------------------------------------
    11.8  21.9    11     0.4    25   205.1   2.4 267.8   1.5  31.7     1     NNW

Max >=  27.0:  0
Max <=   0.0:  0
Min <=   0.0:  0
Min <= -18.0:  0
Max Rain: 80.4 on day 30
Days of Rain: 20 (>= 0.2 mm)  16 (>= 2.0 mm)  4 (>= 20.0 mm)
Heat Base: 18.3  Cool Base: 18.3  Method: Integration
:now::gauges::today::yesterday::this month::this year::records::monthly records:
:Forecast::NOAA Reports::rip WUClassic::NZLW Records::trends::forum:


Powered By: Cumulus v1.9.4 (1099)

NZ Local Weather Forum      Cumulus Top Weather Sites      New Zealand Top40 Weather Station Sites      Flag Counter