Opotiki, Bay of Plenty, NZ weather

NOAA Style Climate Reports

Select a Year or Month report

Report for 2018 Jul
                   Monthly Climatological Summary for Jul 2018

Name: Opotiki Town   City: Opotiki   State: Bay of Plenty, NZ.
Elevation: 7 m  Lat: S 38 00' 32"   Lon: E 177 17' 16"

                  Temperature (C), Rain (mm), Wind Speed (km/h)

                                      Heat  Cool        Avg
    Mean                              Deg   Deg         Wind                 Dom
Day Temp  High   Time   Low    Time   Days  Days  Rain  Speed High   Time    Dir
----------------------------------------------------------------------------------
 1   9.1  15.5   11:40   2.2   00:00   9.2   0.0   5.4   1.1  25.6   22:39    NW
 2  11.7  19.0   14:52   4.6   23:52   6.6   0.0   0.0   1.8  25.6   14:04     W
 3   9.2  20.0   14:29   1.9   04:44   9.2   0.1   0.0   0.6  11.2   10:59   WSW
 4   7.8  19.5   13:16   0.3   07:38  10.5   0.0   0.0   0.6   9.7   10:47   WNW
 5   7.2  18.8   13:10  -0.7   05:36  11.1   0.0   0.0   0.3   9.7   14:13     N
 6   8.3  18.4   11:13   2.2   06:54   9.9   0.0   0.0   0.5   8.6   13:08   NNW
 7   8.1  13.8   13:18   1.9   02:22  10.2   0.0   0.0   0.1   5.0   13:48    NW
 8  13.4  19.9   14:10   6.2   04:17   4.9   0.0   0.3   3.7  33.1   23:30   NNE
 9  14.0  17.4   13:09  10.7   20:28   4.3   0.0   5.3   7.0  37.8   09:16   WNW
10  10.2  17.3   09:34   3.4   23:55   8.1   0.0   0.6   1.5  20.9   00:02     W
11   7.6  16.6   15:22   0.9   03:36  10.7   0.0   0.0   0.6  11.2   13:06   WNW
12   9.2  18.6   14:21   1.7   07:39   9.1   0.0   0.0   0.4  12.2   14:45   WNW
13  11.2  16.3   12:09   7.3   04:08   7.1   0.0   0.3   1.4  15.8   17:05    NE
14  11.6  19.6   11:28   4.9   07:15   6.8   0.1   0.0   1.6  17.3   14:09   NNE
15  12.5  20.3   10:54   9.0   07:30   5.9   0.1  14.7   0.6   9.7   00:55   WNW
16  12.5  21.2   10:52   6.2   23:55   6.0   0.3   5.1   0.6  12.2   00:54    NW
17   9.7  19.3   14:59   3.4   06:59   8.7   0.0   0.0   0.9  17.3   12:28   WNW
18   9.1  18.0   14:42   2.3   05:49   9.2   0.0   0.0   0.7  12.2   14:46   WNW
19   9.6  17.3   15:04   3.6   03:34   8.6   0.0   1.2   0.1   6.1   12:38     N
20  10.8  18.6   14:25   4.4   07:09   7.5   0.0   0.0   0.9  13.3   14:29   WNW
21  10.1  19.6   14:59   1.9   05:02   8.2   0.0   0.9   0.7  14.8   20:54     N
22  12.2  15.2   04:12   4.9   23:40   6.2   0.0  10.5   2.3  24.5   06:53     N
23   8.1  18.2   14:11   1.9   06:33  10.2   0.0   0.0   0.4   8.6   14:01    NW
24   7.4  18.4   14:22   1.1   04:23  10.9   0.0   0.0   0.5  11.2   15:01   WNW
25   7.3  16.9   15:24   0.2   06:14  11.0   0.0   0.0   1.0  13.3   11:54     W
26   9.9  18.9   14:21   3.4   23:53   8.4   0.0   2.7   1.0  17.3   14:45   WNW
27   8.2  17.1   13:59   1.5   04:10  10.1   0.0   0.0   0.6   8.6   12:37   NNW
28  10.8  20.0   13:53   3.5   01:37   7.5   0.0   0.0   1.6  15.8   15:57   WNW
29  10.0  19.7   10:14   3.6   03:13   8.3   0.0   0.0   1.7  22.0   14:17   WNW
30   9.5  21.2   14:51   3.2   07:24   9.0   0.2   0.0   0.6  13.3   12:24     W
31   7.8  13.2   15:37   2.3   03:21  10.5   0.0   2.4   0.0   6.1   22:40     W
----------------------------------------------------------------------------------
     9.8  21.2    16    -0.7     5   263.9   0.8  49.4   1.1  37.8     9      NW

Max >=  27.0:  0
Max <=   0.0:  0
Min <=   0.0:  1
Min <= -18.0:  0
Max Rain: 14.7 on day 15
Days of Rain: 12 (>= 0.2 mm)  7 (>= 2.0 mm)  0 (>= 20.0 mm)
Heat Base: 18.3  Cool Base: 18.3  Method: Integration
:now::gauges::today::yesterday::this month::this year::records::monthly records:
:Forecast::NOAA Reports::rip WUClassic::NZLW Records::trends::forum:


Powered By: Cumulus v1.9.4 (1099)

NZ Local Weather Forum      Cumulus Top Weather Sites      New Zealand Top40 Weather Station Sites      Flag Counter