Opotiki, Bay of Plenty, NZ weather

NOAA Style Climate Reports

Select a Year or Month report
V/Λ2018 > Jan Feb Mar Apr May Jun Jul Aug Sep Oct Nov Dec
V/Λ2017 > Jan Feb Mar Apr May Jun Jul Aug Sep Oct Nov Dec
V/Λ2016 > Jan Feb Mar Apr May Jun Jul Aug Sep Oct Nov Dec
V/Λ2015 > Jan Feb Mar Apr May Jun Jul Aug Sep Oct Nov Dec
V/Λ2014 > Jan Feb Mar Apr May Jun Jul Aug Sep Oct Nov Dec

Report for 2018 Jun
                   Monthly Climatological Summary for Jun 2018

Name: Opotiki Town   City: Opotiki   State: Bay of Plenty, NZ.
Elevation: 7 m  Lat: S 38 00' 32"   Lon: E 177 17' 16"

                  Temperature (C), Rain (mm), Wind Speed (km/h)

                                      Heat  Cool        Avg
    Mean                              Deg   Deg         Wind                 Dom
Day Temp  High   Time   Low    Time   Days  Days  Rain  Speed High   Time    Dir
----------------------------------------------------------------------------------
 1  10.7  21.9   14:38   5.0   01:27   7.8   0.2   0.0   0.3   7.2   11:32     N
 2  11.3  21.6   13:46   5.6   05:19   7.1   0.2   0.0   0.5   8.6   13:21    NW
 3  13.6  19.1   11:25  10.7   05:12   4.7   0.0  24.0   0.5   9.7   11:16     N
 4  15.1  20.7   14:31  12.6   00:00   3.4   0.1  44.4   1.0  13.3   16:06    NE
 5  13.6  18.7   13:53   7.1   23:52   4.7   0.0  27.9   0.3  11.2   13:13     W
 6   9.5  18.8   14:21   2.9   07:28   8.8   0.0   0.0   0.8  17.3   16:29   WNW
 7   9.8  18.0   14:11   5.4   20:29   8.5   0.0   1.8   1.2  25.6   13:27     W
 8  10.5  20.8   14:03   3.7   23:43   7.9   0.1   4.2   0.5  11.2   12:58   WSW
 9   8.6  18.7   14:07   2.3   07:24   9.7   0.0   0.0   0.3   8.6   15:02    NW
10   8.0  17.0   14:25   3.0   05:14  10.3   0.0   0.0   0.0   2.5   06:59    SE
11  12.1  16.0   19:17   6.0   00:40   6.2   0.0   0.0   2.0  25.6   23:26    SW
12  15.1  17.7   07:04  13.8   18:01   3.2   0.0  20.1   5.6  27.0   04:07    NE
13  15.0  19.5   13:53   9.2   23:30   3.3   0.0   0.0   3.9  20.9   07:44    NW
14  12.0  18.5   15:36   7.2   22:36   6.3   0.0   0.0   0.5  11.2   13:16     W
15   9.2  19.0   13:52   2.9   06:56   9.1   0.0   0.0   0.4  11.2   15:11   WNW
16  13.3  21.3   11:07   7.6   02:11   5.2   0.1   1.8   0.6   8.6   13:39     N
17  12.1  21.5   14:47   5.9   07:29   6.3   0.1   4.2   0.5  11.2   12:42    NW
18  11.6  16.9   14:39   6.4   03:35   6.8   0.0   8.7   1.9  24.5   19:20   NNW
19  13.1  22.9   13:37   7.9   06:09   5.5   0.3   0.0   0.9  12.2   14:47   WNW
20  12.2  17.2   10:29  10.1   23:24   6.1   0.0   0.0   2.4  19.4   11:07    SW
21  11.9  18.5   13:31   6.4   23:58   6.4   0.0   0.0   1.7  22.0   11:26     W
22   8.8  22.1   14:57   1.4   07:24   9.7   0.2   0.0   0.4  11.2   12:19     W
23   6.5  16.2   15:10   0.2   07:29  11.8   0.0   0.0   0.4   8.6   13:37   WNW
24  10.6  18.2   15:02   2.7   06:56   7.7   0.0   0.0   1.9  19.4   23:42   WNW
25  11.4  15.0   12:38   3.1   23:57   6.9   0.0   9.3   3.2  19.4   02:58   WNW
26   5.2  12.9   11:41  -0.4   23:44  13.1   0.0   0.0   1.3  19.4   15:05     W
27   6.1  20.2   15:20  -1.7   04:25  12.2   0.0   0.0   1.0  13.3   10:49     W
28   7.9  18.3   13:47   0.7   07:25  10.4   0.0   0.3   0.6  12.2   15:25     W
29   7.4  20.7   14:47   0.2   07:26  11.0   0.1   0.0   0.3  11.2   14:54    NW
30   6.7  17.2   14:39   0.8   04:14  11.6   0.0   0.0   0.8  12.2   12:42     W
----------------------------------------------------------------------------------
    10.6  22.9    19    -1.7    27   231.7   1.4 146.7   1.2  27.0    12      NW

Max >=  27.0:  0
Max <=   0.0:  0
Min <=   0.0:  2
Min <= -18.0:  0
Max Rain: 44.4 on day 4
Days of Rain: 11 (>= 0.2 mm)  8 (>= 2.0 mm)  4 (>= 20.0 mm)
Heat Base: 18.3  Cool Base: 18.3  Method: Integration
:now::gauges::today::yesterday::this month::this year::records::monthly records:
:Forecast::NOAA Reports::rip WUClassic::NZLW Records::trends::forum:


Powered By: Cumulus v1.9.4 (1099)

NZ Local Weather Forum      Cumulus Top Weather Sites      New Zealand Top40 Weather Station Sites      Flag Counter