Opotiki, Bay of Plenty, NZ weather

NOAA Style Climate Reports

Select a Year or Month report
V/Λ2018 > Jan Feb Mar Apr May Jun Jul Aug Sep Oct Nov Dec
V/Λ2017 > Jan Feb Mar Apr May Jun Jul Aug Sep Oct Nov Dec
V/Λ2016 > Jan Feb Mar Apr May Jun Jul Aug Sep Oct Nov Dec
V/Λ2015 > Jan Feb Mar Apr May Jun Jul Aug Sep Oct Nov Dec
V/Λ2014 > Jan Feb Mar Apr May Jun Jul Aug Sep Oct Nov Dec

Report for 2018 May
                   Monthly Climatological Summary for May 2018

Name: Opotiki Town   City: Opotiki   State: Bay of Plenty, NZ.
Elevation: 7 m  Lat: S 38 00' 32"   Lon: E 177 17' 16"

                  Temperature (C), Rain (mm), Wind Speed (km/h)

                                      Heat  Cool        Avg
    Mean                              Deg   Deg         Wind                 Dom
Day Temp  High   Time   Low    Time   Days  Days  Rain  Speed High   Time    Dir
----------------------------------------------------------------------------------
 1  17.7  27.2   15:04  12.6   23:39   2.0   1.4   0.0   0.7  14.8   15:48   WSW
 2  16.5  23.0   12:56  11.5   23:51   2.5   0.7   0.0   2.2  23.4   13:04   SSE
 3  13.4  23.2   13:38   6.6   23:13   5.5   0.6   0.0   1.2  15.8   12:59    SE
 4  13.1  24.3   14:04   6.0   03:17   6.2   1.0   0.0   0.7  11.2   12:11     S
 5  14.0  20.4   12:43  10.5   23:06   4.5   0.2   0.0   0.3   7.2   12:56   WNW
 6  13.9  22.1   11:00   7.5   23:45   4.8   0.5   1.2   0.9  12.2   15:06    NW
 7  12.7  23.1   14:43   5.9   23:59   6.2   0.7   0.0   0.8  11.2   11:07    NW
 8  11.9  22.7   13:46   3.8   06:45   7.1   0.7   0.0   0.5  12.2   13:50    NW
 9  13.5  27.2   14:37   5.6   06:56   6.1   1.3   0.0   0.5  11.2   16:02   NNW
10  14.4  24.4   14:38   7.4   06:26   5.0   1.1   0.0   0.4   8.6   12:31     N
11  16.3  22.9   10:00  10.0   05:22   2.6   0.6   0.0   1.4  11.2   14:15   NNE
12  17.1  19.4   10:59  14.0   19:55   1.3   0.1  41.1   1.4  14.8   02:36     N
13  16.6  20.6   15:32  14.3   04:56   1.8   0.1  36.9   1.2  19.4   11:35   NNE
14  18.8  26.4   15:39  15.4   23:08   1.1   1.5  15.6   0.7  11.2   13:07   ENE
15  17.3  22.4   11:08  13.3   03:35   1.6   0.6   6.9   1.4  12.2   21:05    NE
16  18.1  24.2   14:15  14.0   21:01   1.2   1.0   9.6   2.3  22.0   18:10     N
17  13.7  21.6   14:01   7.3   23:46   5.1   0.4   0.0   1.0  17.3   13:21   WNW
18  10.8  20.1   13:39   4.0   05:12   7.5   0.0   0.0   0.6   8.6   12:28   NNE
19  13.0  19.4   13:16   5.8   02:08   5.2   0.0   0.6   2.5  23.4   16:42   WNW
20  13.1  22.3   15:14   5.9   07:28   5.5   0.3   0.0   1.2  17.3   23:10   WNW
21  15.9  21.2   15:06  11.7   04:41   2.7   0.3   1.5   2.5  19.4   11:00   WNW
22  15.8  21.1   13:31   9.8   05:17   2.8   0.3   0.0   2.9  27.0   22:13   NNW
23  12.3  17.9   03:30   5.9   23:17   6.0   0.0   7.3   2.5  28.1   03:00    NW
24   9.6  18.1   15:12   1.4   06:49   8.7   0.0   0.0   0.8  15.8   12:12   WNW
25  12.9  18.9   14:30   8.2   22:12   5.4   0.0  15.0   2.3  27.0   11:41     W
26  10.6  19.6   15:18   4.0   21:10   7.7   0.0   0.0   1.1  18.4   10:48   WNW
27  10.1  19.2   10:43   5.2   02:06   8.2   0.0   0.6   0.5  14.8   12:54   WNW
28   8.0  18.3   14:26   0.5   07:05  10.3   0.0   0.0   0.7  14.8   12:27   WSW
29   9.8  20.6   14:10   3.3   06:27   8.6   0.0   0.0   1.1  12.2   00:52     W
30   8.0  20.1   14:10   0.8   07:34  10.4   0.1   0.0   0.5   9.7   13:09   NNE
31   9.1  19.9   15:21   2.0   00:27   9.3   0.1   0.0   0.4   8.6   13:30    NW
----------------------------------------------------------------------------------
    13.5  27.2     1     0.5    28   162.9  13.6 136.3   1.2  28.1    23      NW

Max >=  27.0:  2
Max <=   0.0:  0
Min <=   0.0:  0
Min <= -18.0:  0
Max Rain: 41.1 on day 12
Days of Rain: 11 (>= 0.2 mm)  7 (>= 2.0 mm)  2 (>= 20.0 mm)
Heat Base: 18.3  Cool Base: 18.3  Method: Integration
:now::gauges::today::yesterday::this month::this year::records::monthly records:
:Forecast::NOAA Reports::rip WUClassic::NZLW Records::trends::forum:


Powered By: Cumulus v1.9.4 (1099)

NZ Local Weather Forum      Cumulus Top Weather Sites      New Zealand Top40 Weather Station Sites      Flag Counter