Opotiki, Bay of Plenty, NZ weather

NOAA Style Climate Reports

Select a Year or Month report

Report for 2018 Mar
                   Monthly Climatological Summary for Mar 2018

Name: Opotiki Town   City: Opotiki   State: Bay of Plenty, NZ.
Elevation: 7 m  Lat: S 38 00' 32"   Lon: E 177 17' 16"

                  Temperature (C), Rain (mm), Wind Speed (km/h)

                                      Heat  Cool        Avg
    Mean                              Deg   Deg         Wind                 Dom
Day Temp  High   Time   Low    Time   Days  Days  Rain  Speed High   Time    Dir
----------------------------------------------------------------------------------
 1  21.5  28.3   10:48  16.0   04:53   0.3   3.6   0.0   2.0  22.0   18:52   NNE
 2  20.7  30.1   14:52  16.3   06:33   0.4   2.8   0.0   0.5  12.2   18:47    NW
 3  21.6  30.1   11:15  15.1   03:51   0.9   4.3   0.0   1.6  18.4   16:33     N
 4  21.0  30.7   11:42  13.2   03:53   1.5   4.2   0.0   0.9  13.3   16:13   WNW
 5  23.4  35.7   14:57  14.6   06:49   0.9   6.1   0.0   1.3  15.8   14:57    NW
 6  24.1  30.2   14:35  19.1   23:45   0.0   5.8   0.0   1.6  13.3   13:45    NE
 7  21.2  27.7   11:36  18.3   05:04   0.0   2.9   7.2   0.5   8.6   17:48     N
 8  22.1  30.3   15:25  17.2   23:31   0.1   3.9  10.2   1.2  12.2   14:51   NNE
 9  19.6  28.1   16:01  15.0   05:43   1.2   2.5   1.8   1.0  20.9   13:53     W
10  19.5  28.7   16:26  12.5   23:58   1.8   3.0   0.0   1.7  18.4   12:39    SW
11  17.8  27.7   14:18   9.4   05:34   3.0   2.5   0.0   1.1  12.2   14:49   WSW
12  18.3  25.9   11:05  13.9   06:57   1.4   1.4  11.4   0.7  15.8   20:41     W
13  21.4  28.9   16:01  17.5   00:19   0.1   3.3   6.0   3.0  19.4   17:08   WNW
14  20.0  28.5   17:44  11.7   07:21   1.5   3.2   0.0   2.3  17.3   11:59    NW
15  19.5  26.2   13:25  12.6   07:17   1.3   2.5   0.0   1.9  13.3   00:18   NNW
16  18.2  26.7   16:50  11.4   05:35   1.9   1.9   0.0   1.2  15.8   16:49    NW
17  18.8  25.7   16:14  15.1   23:57   1.0   1.5   0.0   1.9  22.0   07:39   WSW
18  19.3  28.8   14:41  13.4   06:46   1.9   2.9   0.0   1.2  22.0   13:37   ENE
19  20.2  30.6   14:00  13.8   23:57   1.6   3.5   0.0   0.9  13.3   15:01    NW
20  20.1  29.6   12:08  13.7   23:39   1.6   3.3   0.0   1.3  14.8   17:48     N
21  18.3  27.8   11:13  11.6   07:29   2.6   2.6   0.3   1.0  14.8   15:00   NNE
22  19.7  27.1   16:57  14.1   02:20   1.3   2.7   0.3   1.0  12.2   15:15   NNE
23  18.9  30.2   17:25  11.9   07:17   2.2   2.7   0.3   0.6  12.2   12:40    NE
24  18.7  26.8   11:38  11.5   06:23   2.2   2.5   3.0   2.4  22.0   14:56    NE
25  17.9  22.7   13:34  15.8   06:38   0.8   0.4  42.3   2.4  22.0   14:25    NE
26  19.9  27.2   16:25  13.2   07:47   1.3   2.9   5.1   1.0  11.2   12:33   NNE
27  20.7  28.3   17:49  15.9   06:45   0.5   2.9   0.3   1.0  12.2   13:05   NNE
28  20.9  26.4   10:07  16.1   07:12   0.2   2.8   2.4   1.6  12.2   14:38   NNW
29  20.4  26.9   12:28  16.2   05:48   0.5   2.6   0.9   1.1  12.2   13:09   NNW
30  21.8  29.5   16:54  16.0   06:59   0.3   3.8   0.0   1.4  12.2   14:35     N
31  20.6  27.9   16:39  14.8   07:18   0.7   3.0   0.0   1.2  14.8   14:22   WNW
----------------------------------------------------------------------------------
    20.2  35.7     5     9.4    11    35.0  94.0  91.5   1.4  22.0     1     NNW

Max >=  27.0: 23
Max <=   0.0:  0
Min <=   0.0:  0
Min <= -18.0:  0
Max Rain: 42.3 on day 25
Days of Rain: 14 (>= 0.2 mm)  8 (>= 2.0 mm)  1 (>= 20.0 mm)
Heat Base: 18.3  Cool Base: 18.3  Method: Integration
:now::gauges::today::yesterday::this month::this year::records::monthly records:
:Forecast::NOAA Reports::rip WUClassic::NZLW Records::trends::forum:


Powered By: Cumulus v1.9.4 (1099)

NZ Local Weather Forum      Cumulus Top Weather Sites      New Zealand Top40 Weather Station Sites      Flag Counter