Opotiki, Bay of Plenty, NZ weather

NOAA Style Climate Reports

Select a Year or Month report
V/Λ2018 > Jan Feb Mar Apr May Jun Jul Aug Sep Oct Nov Dec
V/Λ2017 > Jan Feb Mar Apr May Jun Jul Aug Sep Oct Nov Dec
V/Λ2016 > Jan Feb Mar Apr May Jun Jul Aug Sep Oct Nov Dec
V/Λ2015 > Jan Feb Mar Apr May Jun Jul Aug Sep Oct Nov Dec
V/Λ2014 > Jan Feb Mar Apr May Jun Jul Aug Sep Oct Nov Dec

Report for 2018 Feb
                   Monthly Climatological Summary for Feb 2018

Name: Opotiki Town   City: Opotiki   State: Bay of Plenty, NZ.
Elevation: 7 m  Lat: S 38 00' 32"   Lon: E 177 17' 16"

                  Temperature (C), Rain (mm), Wind Speed (km/h)

                                      Heat  Cool        Avg
    Mean                              Deg   Deg         Wind                 Dom
Day Temp  High   Time   Low    Time   Days  Days  Rain  Speed High   Time    Dir
----------------------------------------------------------------------------------
 1  22.9  29.7   12:59  20.6   04:59   0.0   4.6   2.7   6.4  27.0   23:24    NE
 2  23.3  31.2   16:35  18.1   06:22   0.0   5.0  10.2   2.7  28.1   00:02   NNW
 3  21.1  28.9   14:21  14.9   23:30   0.5   3.3   0.0   1.8  19.4   11:57     N
 4  19.9  28.1   10:35  11.9   06:36   1.8   3.4   0.0   1.3  13.3   12:54     N
 5  21.0  28.6   14:21  15.9   06:43   0.5   3.2   7.8   1.2  13.3   19:30   NNE
 6  21.7  32.7   17:01  12.9   06:43   1.0   4.4   0.6   1.8  15.8   12:43   WNW
 7  22.3  30.7   16:01  14.4   23:54   0.4   4.4   0.0   1.3  14.8   12:32   NNW
 8  19.1  28.3   15:02  12.8   03:41   1.5   2.2   0.0   0.9  11.2   12:18    NW
 9  19.4  23.9   15:45  15.4   05:43   0.8   1.9   5.4   0.5  14.8   10:27   NNW
10  21.4  25.6   13:26  18.4   00:00   0.0   3.2  24.0   1.6  15.8   09:54   NNE
11  22.2  25.8   12:00  20.1   01:42   0.0   3.9  22.8   2.6  19.4   19:15    NE
12  22.3  22.9   12:53  21.5   11:30   0.0   4.0 136.5   3.8  23.4   01:29    NE
13  22.7  26.6   14:11  21.6   03:44   0.0   4.4   4.8   1.7  13.3   13:56   NNE
14  23.8  30.5   15:47  20.8   02:51   0.0   5.5   0.3   1.5  13.3   13:59   NNW
15  24.6  31.1   17:07  19.2   05:58   0.0   6.3   0.0   1.3  15.8   15:37   NNW
16  23.8  31.6   16:18  17.0   06:32   0.1   5.6   0.0   1.0  13.3   12:11    NW
17  23.1  30.5   11:17  17.0   04:09   0.2   5.1   0.0   1.6  15.8   13:36    NW
18  25.1  32.6   15:33  19.6   05:32   0.0   6.7   0.0   1.3  12.2   17:12   NNW
19  24.5  31.0   14:16  19.9   06:35   0.0   6.2   4.2   1.8  14.8   23:17   NNW
20  24.0  28.0   11:54  22.0   06:37   0.0   5.7   6.6   5.1  33.1   20:09     N
21  23.5  28.5   15:21  16.3   23:43   0.1   5.4   0.0   3.8  20.9   17:07   WNW
22  19.3  28.5   16:55  12.5   06:28   1.6   2.6   1.2   1.9  17.3   15:17     W
23  20.9  29.5   12:28  14.9   07:01   1.1   3.7   6.0   1.4  13.3   13:14   NNW
24  20.8  28.4   16:05  15.2   06:56   1.0   3.5   7.2   1.3  14.8   15:20     N
25  22.5  29.1   16:31  16.0   05:28   0.3   4.4   0.6   1.5  14.8   12:49   NNW
26  21.8  30.0   15:30  15.8   06:35   0.3   3.8   0.0   1.7  17.3   21:19     W
27  19.7  25.9   13:17  16.4   03:42   0.5   2.0   0.0   1.2  12.2   01:04   SSW
28  21.2  30.6   16:36  16.5   06:49   0.4   3.3   0.0   1.7  17.3   19:57   NNE
----------------------------------------------------------------------------------
    22.1  32.7     6    11.9     4    12.1 117.7 240.9   2.0  33.1    20       N

Max >=  27.0: 22
Max <=   0.0:  0
Min <=   0.0:  0
Min <= -18.0:  0
Max Rain: 136.5 on day 12
Days of Rain: 16 (>= 0.2 mm)  12 (>= 2.0 mm)  3 (>= 20.0 mm)
Heat Base: 18.3  Cool Base: 18.3  Method: Integration
:now::gauges::today::yesterday::this month::this year::records::monthly records:
:Forecast::NOAA Reports::rip WUClassic::NZLW Records::trends::forum:


Powered By: Cumulus v1.9.4 (1099)

NZ Local Weather Forum      Cumulus Top Weather Sites      New Zealand Top40 Weather Station Sites      Flag Counter