Opotiki, Bay of Plenty, NZ weather

NOAA Style Climate Reports

Select a Year or Month report
V/Λ2018 > Jan Feb Mar Apr May Jun Jul Aug Sep Oct Nov Dec
V/Λ2017 > Jan Feb Mar Apr May Jun Jul Aug Sep Oct Nov Dec
V/Λ2016 > Jan Feb Mar Apr May Jun Jul Aug Sep Oct Nov Dec
V/Λ2015 > Jan Feb Mar Apr May Jun Jul Aug Sep Oct Nov Dec
V/Λ2014 > Jan Feb Mar Apr May Jun Jul Aug Sep Oct Nov Dec

Report for 2018 Jan
                   Monthly Climatological Summary for Jan 2018

Name: Opotiki Town   City: Opotiki   State: Bay of Plenty, NZ.
Elevation: 7 m  Lat: S 38 00' 32"   Lon: E 177 17' 16"

                  Temperature (C), Rain (mm), Wind Speed (km/h)

                                      Heat  Cool        Avg
    Mean                              Deg   Deg         Wind                 Dom
Day Temp  High   Time   Low    Time   Days  Days  Rain  Speed High   Time    Dir
----------------------------------------------------------------------------------
 1  20.8  29.1   13:14  15.8   05:53   0.6   3.1   0.0   1.1  12.2   13:50   NNW
 2  21.9  30.9   16:10  16.6   05:10   0.3   3.9  14.7   1.1  13.3   14:53    NE
 3  19.6  23.9   15:30  16.7   06:30   0.2   1.5  44.7   1.6  15.8   18:43   NNE
 4  20.2  22.7   12:29  18.4   23:14   0.0   1.9  83.4   3.7  24.5   21:36    NE
 5  20.6  23.8   10:13  18.7   00:00   0.0   2.3  15.3   6.8  37.8   03:50   NNE
 6  20.7  30.3   13:33  14.7   23:38   0.3   2.8   2.1   2.5  20.9   01:26    NW
 7  16.5  23.2   15:05  12.6   07:15   2.3   0.5   3.0   0.7  11.2   12:34   NNE
 8  20.4  29.2   18:25  14.2   06:05   1.4   3.5   0.0   0.8  12.2   12:00   NNW
 9  20.7  29.9   17:45  12.5   06:13   1.6   4.0   0.0   1.2  12.2   11:39   NNW
10  22.2  31.2   15:35  14.6   04:49   0.9   4.8   0.0   1.2  18.4   12:40    NW
11  23.1  31.2   17:45  16.4   06:04   0.2   5.0   0.0   1.1  11.2   10:17    NE
12  23.0  29.7   16:49  17.1   05:33   0.2   4.9   0.0   1.2  11.2   13:12   NNE
13  23.8  29.3   11:11  20.0   03:38   0.0   5.5   0.3   2.2  13.3   13:07    NE
14  23.3  29.7   15:35  18.5   03:27   0.0   5.0   0.3   1.4  12.2   11:51   NNE
15  22.2  28.8   11:22  19.0   05:45   0.0   3.9   2.4   2.3  17.3   22:23   NNE
16  21.0  26.0   11:11  17.4   05:39   0.1   2.8   0.0   3.3  23.4   13:24    NE
17  22.3  27.6   14:26  17.6   00:58   0.0   4.1   0.0   4.2  22.0   15:24    NE
18  21.5  26.1   12:13  19.3   20:26   0.0   3.2   2.1   4.5  23.4   09:12    NE
19  22.5  28.8   16:40  20.2   06:23   0.0   4.2   0.6   2.4  14.8   02:34    NE
20  23.3  29.4   17:22  19.1   05:44   0.0   5.0   3.0   1.3  13.3   15:09   NNW
21  24.1  30.3   17:16  20.0   06:39   0.0   5.8   0.3   1.2  12.2   14:09   NNW
22  22.6  30.0   15:22  18.2   01:45   0.0   4.4   0.0   1.1  12.2   11:46   NNE
23  23.1  30.0   13:51  19.0   23:25   0.0   4.8  24.6   1.0  12.2   14:59   NNE
24  24.3  31.2   15:56  18.5   01:11   0.0   6.0   0.0   1.1  12.2   11:24     N
25  25.0  32.3   16:07  18.7   01:56   0.0   6.8   0.0   1.4  12.2   11:43   NNE
26  24.1  31.1   14:07  19.1   21:47   0.0   5.8   3.3   0.9  17.3   15:52   NNE
27  23.9  36.0   14:10  16.6   06:11   0.2   5.8   0.6   0.8  13.3   13:07   NNW
28  23.2  31.2   17:04  16.0   06:00   0.4   5.3   0.0   1.3  13.3   13:26   WNW
29  24.3  34.6   13:29  15.8   06:24   0.4   6.4   0.0   1.1  17.3   15:34    NW
30  22.8  30.0   14:27  19.2   04:26   0.0   4.5   0.3   1.3  12.2   15:04   NNE
31  23.5  30.4   14:18  18.6   06:10   0.0   5.3   0.0   2.3  19.4   22:40    NE
----------------------------------------------------------------------------------
    22.3  36.0    27    12.5     9     9.1 132.8 201.0   1.9  37.8     5     NNE

Max >=  27.0: 25
Max <=   0.0:  0
Min <=   0.0:  0
Min <= -18.0:  0
Max Rain: 83.4 on day 4
Days of Rain: 17 (>= 0.2 mm)  11 (>= 2.0 mm)  3 (>= 20.0 mm)
Heat Base: 18.3  Cool Base: 18.3  Method: Integration
:now::gauges::today::yesterday::this month::this year::records::monthly records:
:Forecast::NOAA Reports::rip WUClassic::NZLW Records::trends::forum:


Powered By: Cumulus v1.9.4 (1099)

NZ Local Weather Forum      Cumulus Top Weather Sites      New Zealand Top40 Weather Station Sites      Flag Counter