Opotiki, Bay of Plenty, NZ weather

NOAA Style Climate Reports

Select a Year or Month report

Report for 2017 Dec
                   Monthly Climatological Summary for Dec 2017

Name: Opotiki Town   City: Opotiki   State: Bay of Plenty, NZ.
Elevation: 7 m  Lat: S 38 00' 32"   Lon: E 177 17' 16"

                  Temperature (C), Rain (mm), Wind Speed (km/h)

                                      Heat  Cool        Avg
    Mean                              Deg   Deg         Wind                 Dom
Day Temp  High   Time   Low    Time   Days  Days  Rain  Speed High   Time    Dir
----------------------------------------------------------------------------------
 1  20.1  28.9   09:52  11.1   05:23   1.8   3.7   0.0   1.6  12.2   12:57     N
 2  21.1  28.4   16:09  14.2   23:56   0.7   3.5   0.0   1.6  13.3   15:04   NNE
 3  20.3  29.6   17:21  10.9   05:19   1.9   3.9   0.0   1.5  14.8   13:58   NNW
 4  22.0  30.4   17:44  14.6   04:21   0.7   4.4   0.0   1.4  17.3   15:20   NNE
 5  20.3  30.7   17:39  15.0   04:27   0.8   2.8   0.0   1.1   9.7   11:39   NNE
 6  22.1  29.8   16:46  14.8   23:55   0.8   4.7   0.0   1.5  11.2   14:08    NE
 7  20.9  29.9   10:13  12.5   03:37   1.6   4.2   0.0   1.4  12.2   16:01     N
 8  22.2  29.4   15:11  17.4   05:11   0.1   4.0   0.0   2.1  14.8   10:53   NNE
 9  22.0  28.9   15:07  17.5   02:37   0.0   3.7   0.0   1.4  14.8   14:11   NNE
10  21.0  27.7   15:03  17.5   05:52   0.1   2.7   3.9   2.3  17.3   13:18     N
11  22.0  29.5   15:54  15.9   05:54   0.2   3.9   0.9   1.5  13.3   13:03     N
12  21.8  30.8   17:20  14.8   04:26   0.8   4.4   0.0   1.6  14.8   13:34    NW
13  22.0  30.8   16:28  14.7   04:56   0.9   4.6   0.0   1.8  17.3   18:14   NNW
14  20.6  28.9   15:38  14.0   23:57   1.2   3.5   0.6   1.6  17.3   14:47     N
15  18.9  28.0   10:14   8.9   05:42   2.6   3.2   0.0   1.7  12.2   10:41     N
16  21.1  29.8   16:39  14.9   05:55   0.6   3.4   4.8   1.3  13.3   13:38   NNW
17  20.2  26.8   14:40  15.7   04:23   0.5   2.5   0.0   1.3  14.8   13:53   NNE
18  19.0  27.1   14:11  15.2   22:43   1.0   1.7  15.0   0.2   9.7   14:18   NNW
19  19.9  27.3   15:35  12.0   04:13   1.5   3.1   0.0   2.0  18.4   21:20     N
20  21.1  31.1   18:45  11.8   23:54   1.1   3.9   0.0   1.3  17.3   15:33     N
21  19.7  30.5   18:26   9.7   01:57   2.4   3.8   0.0   2.3  20.9   15:26    NW
22  19.6  29.2   10:12  12.5   05:29   1.5   2.8   0.0   1.1  11.2   13:47   NNE
23  20.9  30.0   12:18  14.0   05:46   0.7   3.3   0.0   1.0  11.2   13:01     N
24  20.3  28.7   15:57  16.2   05:41   0.5   2.5   0.0   1.3  12.2   14:49   NNE
25  21.6  28.0   16:53  15.1   05:57   0.6   3.9   0.3   2.1  14.8   12:28    NE
26  19.6  25.8   11:48  15.8   23:29   0.2   1.5  10.5   1.8  15.8   12:09     N
27  17.8  28.0   17:32   9.5   23:56   2.5   2.0   0.6   1.2  14.8   16:13     N
28  15.3  30.0   16:04   4.4   05:05   5.0   1.9   0.0   0.8  13.3   13:00     N
29  19.8  32.0   16:15  11.2   23:54   2.2   3.7   0.0   1.3  13.3   14:09     N
30  18.7  30.8   12:06   8.1   05:36   3.3   3.8   0.0   1.2  13.3   11:32     N
31  20.5  29.3   16:51  12.7   01:20   1.4   3.6   0.0   1.1  13.3   12:07   NNE
----------------------------------------------------------------------------------
    20.4  32.0    29     4.4    28    39.2 104.6  36.6   1.5  20.9    21       N

Max >=  27.0: 29
Max <=   0.0:  0
Min <=   0.0:  0
Min <= -18.0:  0
Max Rain: 15.0 on day 18
Days of Rain: 8 (>= 0.2 mm)  4 (>= 2.0 mm)  0 (>= 20.0 mm)
Heat Base: 18.3  Cool Base: 18.3  Method: Integration
:now::gauges::today::yesterday::this month::this year::records::monthly records:
:Forecast::NOAA Reports::rip WUClassic::NZLW Records::trends::forum:


Powered By: Cumulus v1.9.4 (1099)

NZ Local Weather Forum      Cumulus Top Weather Sites      New Zealand Top40 Weather Station Sites      Flag Counter