Opotiki, Bay of Plenty, NZ weather

NOAA Style Climate Reports

Select a Year or Month report
V/Λ2018 > Jan Feb Mar Apr May Jun Jul Aug Sep Oct Nov Dec
V/Λ2017 > Jan Feb Mar Apr May Jun Jul Aug Sep Oct Nov Dec
V/Λ2016 > Jan Feb Mar Apr May Jun Jul Aug Sep Oct Nov Dec
V/Λ2015 > Jan Feb Mar Apr May Jun Jul Aug Sep Oct Nov Dec
V/Λ2014 > Jan Feb Mar Apr May Jun Jul Aug Sep Oct Nov Dec

Report for 2017 Aug
                   Monthly Climatological Summary for Aug 2017

Name: Opotiki Town   City: Opotiki   State: Bay of Plenty, NZ.
Elevation: 7 m  Lat: S 38 00' 32"   Lon: E 177 17' 16"

                  Temperature (C), Rain (mm), Wind Speed (km/h)

                                      Heat  Cool        Avg
    Mean                              Deg   Deg         Wind                 Dom
Day Temp  High   Time   Low    Time   Days  Days  Rain  Speed High   Time    Dir
----------------------------------------------------------------------------------
 1   7.7  15.0   14:10  -0.1   00:00  10.6   0.0   0.6   0.1   6.1   14:42   NNE
 2  10.8  15.6   13:01   9.0   06:13   7.5   0.0   1.5   0.1   8.6   23:39   NNW
 3  11.0  16.5   14:46   7.2   23:56   7.3   0.0   0.0   2.4  18.4   15:48   NNW
 4   8.9  17.7   12:00   2.5   07:34   9.4   0.0   0.0   0.8  18.4   02:48     N
 5   9.7  23.6   15:27   1.9   07:21   9.2   0.6   0.0   0.2   9.7   12:03     W
 6   9.7  20.8   11:05   1.7   06:53   8.7   0.1   0.3   0.6  12.2   12:41     N
 7  14.7  21.4   15:55   8.5   22:56   4.0   0.4  18.9   1.8  15.8   14:15   WNW
 8  12.8  19.7   15:15   7.3   04:57   5.6   0.0   1.2   0.9  12.2   15:40    NE
 9  14.9  15.6   10:45  14.4   00:31   3.4   0.0  28.5   5.2  25.6   16:21    NE
10  14.1  21.1   15:23   7.1   23:03   4.2   0.1   0.3   1.4  18.4   12:44     W
11  11.4  20.1   15:32   5.5   02:04   6.9   0.1   0.9   0.9  14.8   12:27     W
12  13.4  20.3   14:57   7.5   23:58   5.1   0.1   0.0   1.7  17.3   13:37     W
13  11.5  19.4   14:55   4.4   06:21   6.9   0.0   2.4   1.4  18.4   13:52     W
14  13.8  20.5   13:32   6.9   23:04   4.7   0.2   7.8   1.9  27.0   15:32   NNW
15  11.6  18.0   15:07   4.9   07:21   6.7   0.0   2.7   2.6  20.9   11:45     W
16  10.7  19.8   09:52   4.3   06:18   7.6   0.0   0.3   1.1  20.9   12:19   WNW
17  13.4  21.1   14:53   5.8   03:21   5.1   0.2   0.0   1.5  14.8   13:36    NW
18  13.2  21.6   09:50   7.4   22:31   5.6   0.5   0.0   0.9  12.2   12:37   WNW
19  12.1  17.4   11:43   8.2   00:34   6.3   0.0  30.6   1.1  19.4   17:53     N
20  12.3  18.1   13:09   8.5   07:15   6.0   0.0   1.5   2.1  18.4   03:43     W
21  11.6  23.0   15:34   3.1   23:48   7.2   0.5   0.0   0.6  14.8   12:32     N
22   8.5  21.7   14:18   1.0   06:49  10.0   0.1   0.0   0.6  13.3   12:30     N
23   9.3  20.8   15:12   1.3   06:20   9.3   0.3   0.0   0.6   9.7   11:47     N
24   9.4  21.4   10:29   1.9   05:59   9.3   0.4   0.0   0.6   9.7   12:00   WNW
25  11.0  22.0   10:23   4.2   00:00   7.4   0.1   2.1   1.0  17.3   12:43   NNE
26  12.0  20.2   13:43   6.5   01:06   6.3   0.0   1.5   1.4  18.4   14:55   NNE
27  13.4  19.9   10:18   6.3   03:40   5.0   0.1   0.0   4.1  23.4   21:38    NE
28  14.9  16.1   09:31  13.4   01:07   3.5   0.0  27.3   6.8  34.2   12:06    NE
29  15.8  21.3   11:42  11.7   06:45   3.0   0.5   1.8   1.5  17.3   12:27     W
30  14.4  23.6   10:12  10.0   02:54   4.3   0.4   3.0   0.6  11.2   11:08   NNW
31  14.4  23.0   11:25  10.2   05:52   4.5   0.6   6.6   0.6   9.7   12:26     N
----------------------------------------------------------------------------------
    12.0  23.6     5    -0.1     1   200.6   5.3 139.8   1.5  34.2    28     NNW

Max >=  27.0:  0
Max <=   0.0:  0
Min <=   0.0:  1
Min <= -18.0:  0
Max Rain: 30.6 on day 19
Days of Rain: 20 (>= 0.2 mm)  10 (>= 2.0 mm)  3 (>= 20.0 mm)
Heat Base: 18.3  Cool Base: 18.3  Method: Integration
:now::gauges::today::yesterday::this month::this year::records::monthly records:
:Forecast::NOAA Reports::rip WUClassic::NZLW Records::trends::forum:


Powered By: Cumulus v1.9.4 (1099)

NZ Local Weather Forum      Cumulus Top Weather Sites      New Zealand Top40 Weather Station Sites      Flag Counter