Opotiki, Bay of Plenty, NZ weather

NOAA Style Climate Reports

Select a Year or Month report

Report for 2017 Jun
                   Monthly Climatological Summary for Jun 2017

Name: Opotiki Town   City: Opotiki   State: Bay of Plenty, NZ.
Elevation: 7 m  Lat: S 38 00' 32"   Lon: E 177 17' 16"

                  Temperature (C), Rain (mm), Wind Speed (km/h)

                                      Heat  Cool        Avg
    Mean                              Deg   Deg         Wind                 Dom
Day Temp  High   Time   Low    Time   Days  Days  Rain  Speed High   Time    Dir
----------------------------------------------------------------------------------
 1  11.7  25.4   14:49   4.7   07:33   7.7   1.1   0.0   0.2   8.6   13:08    NE
 2  12.3  22.9   14:28   6.8   07:04   6.4   0.4   0.0   0.4  14.8   09:26    NE
 3  13.1  24.2   13:54   5.0   22:47   5.7   0.5   0.0   0.5  12.2   12:06    NE
 4  10.2  23.0   14:16   2.7   04:48   8.6   0.6   0.0   0.3  11.2   12:17    NE
 5  10.1  20.8   10:00   5.2   06:31   8.2   0.0  20.4   0.1   9.7   14:43    NE
 6  10.3  20.9   10:32   4.4   23:41   8.2   0.2   0.3   0.4  11.2   00:20   WNW
 7   8.4  19.0   14:39   2.1   07:12   9.9   0.0   0.3   0.4  12.2   13:41     W
 8   8.0  21.6   14:20   0.8   07:03  10.5   0.3   0.0   0.1   8.6   13:46   ENE
 9   7.5  19.6   14:46   0.6   06:13  10.8   0.0   0.0   0.4  11.2   15:04   WNW
10   9.5  20.5   15:05   0.8   02:50   8.9   0.1   0.0   0.6   9.7   13:02     W
11   8.0  20.2   15:11   0.7   06:34  10.3   0.1   0.0   0.6  11.2   11:29     W
12   8.4  18.5   15:14   0.6   07:02   9.9   0.0   0.0   0.3   9.7   14:51   WNW
13  12.4  18.2   13:25   5.4   07:30   5.8   0.0   0.0   3.8  27.0   20:13     W
14  11.4  18.2   14:18   0.6   23:51   6.9   0.0   0.0   3.4  24.5   06:16     W
15   5.7  17.0   14:44  -1.3   06:28  12.6   0.0   0.0   0.7  12.2   14:04     W
16   9.5  22.7   14:05   0.3   07:37   9.2   0.3   0.0   0.2   8.6   14:42    NW
17  11.7  20.8   12:57   5.6   04:43   6.8   0.1   0.0   0.1   6.1   13:27     N
18  12.4  17.0   13:14   9.0   07:34   5.9   0.0   0.6   0.5  11.2   12:21    NE
19  11.7  21.3   13:25   6.1   23:01   6.8   0.2   0.0   0.2   7.2   12:58    NW
20  11.3  22.1   12:53   4.6   02:15   7.5   0.5   0.3   0.3   8.6   13:32     N
21  10.5  20.3   11:17   4.1   06:24   8.0   0.1   0.0   0.3   8.6   16:14   NNE
22  12.1  15.5   14:37   8.8   03:29   6.2   0.0   7.2   0.1   7.2   20:36   NNE
23  16.0  17.4   13:06  13.6   00:00   2.3   0.0  51.0   3.1  28.1   12:59    NE
24  14.0  16.1   10:35  11.2   23:45   4.3   0.0  16.2   0.6  15.8   22:05   WNW
25  11.2  20.3   11:27   5.1   06:38   7.1   0.0   0.0   0.4  11.2   00:10   WNW
26  11.0  21.4   14:20   4.2   23:49   7.6   0.3   0.0   0.1  11.2   13:10    NE
27  10.1  24.0   15:02   3.0   03:21   8.7   0.5   0.0   0.1   7.2   09:27   NNE
28  10.3  21.3   11:19   4.9   00:49   8.2   0.2   0.0   0.5  11.2   13:57   WNW
29   9.9  20.5   10:39   3.5   23:39   8.5   0.1   0.0   0.5  11.2   12:05   WNW
30   7.6  18.1   14:14   1.7   07:38  10.7   0.0   0.0   0.3   9.7   14:46    NW
----------------------------------------------------------------------------------
    10.5  25.4     1    -1.3    15   238.2   5.6  96.3   0.7  28.1    23      NW

Max >=  27.0:  0
Max <=   0.0:  0
Min <=   0.0:  1
Min <= -18.0:  0
Max Rain: 51.0 on day 23
Days of Rain: 8 (>= 0.2 mm)  4 (>= 2.0 mm)  2 (>= 20.0 mm)
Heat Base: 18.3  Cool Base: 18.3  Method: Integration
:now::gauges::today::yesterday::this month::this year::records::monthly records:
:Forecast::NOAA Reports::rip WUClassic::NZLW Records::trends::forum:


Powered By: Cumulus v1.9.4 (1099)

NZ Local Weather Forum      Cumulus Top Weather Sites      New Zealand Top40 Weather Station Sites      Flag Counter