Opotiki, Bay of Plenty, NZ weather

NOAA Style Climate Reports

Select a Year or Month report

Report for 2017 May
                   Monthly Climatological Summary for May 2017

Name: Opotiki Town   City: Opotiki   State: Bay of Plenty, NZ.
Elevation: 7 m  Lat: S 38 00' 32"   Lon: E 177 17' 16"

                  Temperature (C), Rain (mm), Wind Speed (km/h)

                                      Heat  Cool        Avg
    Mean                              Deg   Deg         Wind                 Dom
Day Temp  High   Time   Low    Time   Days  Days  Rain  Speed High   Time    Dir
----------------------------------------------------------------------------------
 1  12.9  23.5   15:04   7.0   20:01   5.9   0.5   0.6   0.5  12.2   12:55   NNE
 2  12.3  27.8   14:24   4.3   05:26   7.2   1.2   0.0   0.2   8.6   01:42   NNW
 3  12.2  21.9   14:25   3.4   04:10   6.4   0.3   0.0   1.0  13.3   14:54     W
 4  14.7  21.7   14:06   6.3   23:43   3.7   0.2   0.3   3.0  22.0   14:09   WNW
 5  11.8  28.5   14:32   3.9   05:26   7.9   1.4   0.0   0.2   8.6   10:20     N
 6  11.4  26.1   10:45   3.2   06:37   8.1   1.2   0.0   0.5  11.2   14:01   WNW
 7  12.1  26.1   10:44   4.4   06:24   7.4   1.2   0.0   0.2   7.2   13:46    NW
 8  12.3  21.0   14:00   5.2   22:20   6.3   0.3   0.0   0.9  13.3   13:35   WNW
 9  12.1  25.3   11:03   4.2   02:34   7.1   0.8   0.0   0.3   8.6   13:32    NW
10  15.0  26.5   14:44   8.5   05:26   4.7   1.4   0.3   0.0   6.1   15:05    NE
11  17.5  20.1   11:19  13.1   00:00   1.2   0.4   0.0   3.5  22.0   14:23   NNE
12  15.7  19.3   00:28  13.0   18:48   2.7   0.1  67.5   3.1  22.0   17:51    NE
13  14.2  21.6   14:06   6.8   23:52   4.6   0.4   0.0   0.8  17.3   02:54    NE
14  11.3  28.9   15:00   2.5   06:51   8.3   1.3   0.0   0.3  12.2   15:18   WNW
15  10.4  22.6   10:45   2.9   06:40   8.3   0.4   0.0   0.5   8.6   13:00    NW
16  11.0  22.4   12:46   3.9   06:33   7.5   0.2   0.0   0.1   8.6   15:40   NNE
17  17.2  18.4   10:54  12.7   00:00   1.1   0.0   9.0   5.1  28.1   05:48   NNE
18  17.7  21.7   14:20  13.8   23:59   1.0   0.4   0.3   4.1  24.5   14:20   WNW
19  14.2  21.0   09:21  10.2   22:20   4.1   0.1   0.0   2.7  17.3   03:52     W
20   9.0  16.0   10:22   0.7   22:57   9.3   0.0   2.7   2.2  22.0   09:50     W
21   5.8  21.4   14:16  -1.6   07:17  12.7   0.2   0.0   0.7  12.2   10:45   WNW
22   7.3  22.0   15:33  -0.6   06:24  11.4   0.4   0.0   0.2   7.2   12:41    NW
23   8.1  19.4   11:02  -0.8   06:12  10.2   0.0   0.0   0.4  11.2   14:02   WNW
24  11.9  20.5   11:18   5.7   04:01   6.4   0.1   4.8   0.1   6.1   11:50    NE
25  12.6  26.5   14:26   4.5   07:18   6.8   1.1   0.0   0.3   8.6   11:12    NE
26  13.7  25.3   10:47   7.9   06:05   5.4   0.7   0.0   0.7  13.3   12:53   NNE
27  14.8  20.2   13:16  10.4   00:00   3.5   0.1  21.9   1.4  18.4   11:00    NE
28  14.2  24.2   12:40  10.0   20:18   4.7   0.5   1.8   0.0   7.2   13:49    NE
29  13.9  27.9   15:23   8.8   22:07   5.2   0.8   2.1   0.1   9.7   12:17    NE
30  12.1  23.2   10:45   6.6   06:23   6.5   0.2   0.0   0.6  11.2   14:07     W
31  12.9  25.5   11:15   5.4   23:44   6.4   0.9   0.0   0.2   7.2   13:09   WNW
----------------------------------------------------------------------------------
    12.7  28.9    14    -1.6    21   192.0  16.8 111.3   1.1  28.1    17     NNW

Max >=  27.0:  4
Max <=   0.0:  0
Min <=   0.0:  3
Min <= -18.0:  0
Max Rain: 67.5 on day 12
Days of Rain: 11 (>= 0.2 mm)  6 (>= 2.0 mm)  2 (>= 20.0 mm)
Heat Base: 18.3  Cool Base: 18.3  Method: Integration
:now::gauges::today::yesterday::this month::this year::records::monthly records:
:Forecast::NOAA Reports::rip WUClassic::NZLW Records::trends::forum:


Powered By: Cumulus v1.9.4 (1099)

NZ Local Weather Forum      Cumulus Top Weather Sites      New Zealand Top40 Weather Station Sites      Flag Counter