Opotiki, Bay of Plenty, NZ weather

NOAA Style Climate Reports

Select a Year or Month report

Report for 2017 Feb
                   Monthly Climatological Summary for Feb 2017

Name: Opotiki Town   City: Opotiki   State: Bay of Plenty, NZ.
Elevation: 7 m  Lat: S 38 00' 32"   Lon: E 177 17' 16"

                  Temperature (C), Rain (mm), Wind Speed (km/h)

                                      Heat  Cool        Avg
    Mean                              Deg   Deg         Wind                 Dom
Day Temp  High   Time   Low    Time   Days  Days  Rain  Speed High   Time    Dir
----------------------------------------------------------------------------------
 1  19.7  28.3   12:12  12.4   06:55   1.3   2.7   0.0   1.5  18.4   12:05   WNW
 2  21.5  28.9   11:44  14.9   03:07   0.7   4.0   0.0   1.3  13.3   13:39     N
 3  23.0  30.4   16:48  16.7   23:59   0.0   4.7   0.0   1.9  18.4   11:02    NW
 4  21.1  32.2   18:16  12.8   05:32   1.5   4.3   0.0   1.4  15.8   11:55    NW
 5  20.7  31.2   17:52  11.6   06:34   2.3   4.7   0.0   0.9  14.8   14:01    NW
 6  20.2  30.7   18:19  11.1   06:05   2.3   4.2   0.0   1.0  12.2   13:02    NW
 7  22.1  32.5   16:02  14.4   02:32   0.8   4.6   0.0   0.7   9.7   10:03   NNW
 8  19.2  22.2   11:59  15.3   23:57   0.6   1.5   0.3   0.7  17.3   20:53     N
 9  18.2  29.8   17:20  12.8   23:59   1.9   1.8   0.0   1.8  18.4   11:36     N
10  18.2  30.6   17:42   8.2   06:43   3.2   3.1   0.0   0.7  13.3   12:53    NW
11  19.8  29.2   18:04  11.6   07:13   1.8   3.3   0.0   1.2  12.2   12:15   NNW
12  21.0  28.0   16:39  12.9   06:46   0.5   3.2   0.0   1.6  18.4   15:55    NW
13  22.7  29.8   14:45  20.1   01:41   0.0   4.4   0.0   2.0  17.3   13:50   NNW
14  20.8  24.2   12:52  18.6   22:41   0.0   2.5   0.0   0.3   7.2   14:21   NNW
15  22.5  32.8   10:20  16.1   06:38   0.2   4.4   0.0   0.9  13.3   13:29    NW
16  19.8  23.1   12:20  17.4   02:26   0.1   1.6  11.7   0.1   6.1   13:41     N
17  20.9  31.5   17:07  17.7   01:16   0.1   2.7  30.9   1.1  17.3   12:17   NNE
18  22.6  30.0   13:41  17.0   02:44   0.2   4.5   0.0   1.5  15.8   15:16   NNE
19  22.8  32.6   10:25  16.0   06:35   0.3   4.8   0.3   0.9  14.8   13:49   WNW
20  21.6  30.6   18:45  13.2   23:37   0.6   3.9   0.3   0.6  11.2   15:42   NNW
21  20.4  34.8   16:56  10.4   06:52   2.9   5.1   0.0   0.4   9.7   15:29     N
22  19.3  29.6   16:55  10.7   03:46   2.4   3.4   0.0   0.8  11.2   13:05   WNW
23  20.9  31.0   15:49  13.1   06:37   1.0   3.6   0.0   0.4  14.8   14:27   NNE
24  21.5  33.2   15:36  12.7   07:14   1.2   4.4   0.0   0.5   9.7   14:29   WNW
25  20.2  30.3   16:19  11.2   06:36   2.2   4.2   0.0   0.7   9.7   14:07   NNW
26  22.6  32.1   10:43  14.7   06:54   0.7   5.1   1.5   0.7  12.2   15:27   NNW
27  22.0  33.9   12:08  16.6   03:48   0.4   4.1   3.6   0.4  13.3   14:19   NNW
28  20.8  29.7   10:20  14.1   07:00   0.9   3.4   0.0   0.4   9.7   14:19   NNW
----------------------------------------------------------------------------------
    20.9  34.8    21     8.2    10    30.1 104.2  48.6   0.9  18.4     1     NNW

Max >=  27.0: 25
Max <=   0.0:  0
Min <=   0.0:  0
Min <= -18.0:  0
Max Rain: 30.9 on day 17
Days of Rain: 7 (>= 0.2 mm)  3 (>= 2.0 mm)  1 (>= 20.0 mm)
Heat Base: 18.3  Cool Base: 18.3  Method: Integration
:now::gauges::today::yesterday::this month::this year::records::monthly records:
:Forecast::NOAA Reports::rip WUClassic::NZLW Records::trends::forum:


Powered By: Cumulus v1.9.4 (1099)

NZ Local Weather Forum      Cumulus Top Weather Sites      New Zealand Top40 Weather Station Sites      Flag Counter