Opotiki, Bay of Plenty, NZ weather

NOAA Style Climate Reports

Select a Year or Month report

Report for 2017 Jan
                   Monthly Climatological Summary for Jan 2017

Name: Opotiki Town   City: Opotiki   State: Bay of Plenty, NZ.
Elevation: 7 m  Lat: S 38 00' 32"   Lon: E 177 17' 16"

                  Temperature (C), Rain (mm), Wind Speed (km/h)

                                      Heat  Cool        Avg
    Mean                              Deg   Deg         Wind                 Dom
Day Temp  High   Time   Low    Time   Days  Days  Rain  Speed High   Time    Dir
----------------------------------------------------------------------------------
 1  20.5  26.2   14:14  15.6   23:32   0.2   2.4   0.0   2.5  19.4   13:58   WNW
 2  19.1  26.6   14:15  14.0   01:47   1.0   1.8   1.2   0.6   8.6   10:11     N
 3  18.4  24.1   16:45  15.0   03:23   1.0   1.1   8.7   2.3  25.6   08:51     N
 4  21.9  30.3   18:04  15.2   23:59   0.2   3.8   0.0   3.1  18.4   09:10     W
 5  17.3  27.7   18:49   5.3   06:11   4.0   3.0   0.0   1.4  17.3   12:42    NW
 6  19.3  26.9   17:50  12.8   00:00   1.7   2.7   0.0   2.2  18.4   13:46    NW
 7  19.0  29.3   17:30  10.2   06:50   2.4   3.1   0.0   2.0  17.3   14:04    NW
 8  19.4  28.8   17:11  10.2   06:06   2.1   3.2   0.0   2.6  19.4   12:52   WNW
 9  20.7  31.2   16:46  10.0   06:01   2.1   4.5   0.0   1.8  19.4   15:44    NW
10  21.6  31.5   18:42  13.2   04:58   0.9   4.2   0.0   1.4  13.3   11:33     N
11  21.1  31.2   15:50  12.9   04:46   1.6   4.5   0.0   1.5  20.9   17:41    NW
12  20.9  30.3   19:16  11.9   06:10   1.5   4.2   0.0   1.6  17.3   14:55     N
13  21.5  30.0   16:12  13.8   23:58   0.4   3.6   0.0   1.9  19.4   18:50    NW
14  19.4  29.4   17:17  11.0   05:32   2.2   3.3   0.0   0.8   9.7   13:11     N
15  19.9  28.3   11:54  14.3   05:40   0.9   2.6   0.0   1.3  12.2   21:47     N
16  20.8  32.8   17:39  10.0   06:32   2.1   4.6   0.0   1.5  14.8   13:26    NW
17  20.3  31.0   11:46   9.6   05:24   2.7   4.7   0.0   1.7  17.3   12:30     N
18  20.7  31.1   16:17  11.5   05:11   2.0   4.4   0.0   2.0  18.4   14:26     W
19  18.8  25.3   18:41  13.9   05:55   1.0   1.5   0.6   2.8  22.0   15:22   WNW
20  16.3  30.0   18:37   9.9   06:25   3.6   1.6   1.8   1.0  14.8   08:43   WNW
21  16.9  25.7   15:21   8.3   04:12   3.1   1.7   0.6   3.6  27.0   22:50   NNE
22  20.4  27.4   14:18  16.9   23:22   0.3   2.4  34.8   6.9  36.7   08:18   NNW
23  19.2  32.1   17:07  12.1   23:58   1.3   2.2   0.0   3.5  23.4   10:35     W
24  18.7  28.9   17:27   9.0   05:39   2.9   3.4   0.0   1.2  13.3   14:06     N
25  18.0  23.8   14:36  13.3   03:42   1.3   1.0   0.0   2.1  19.4   21:31   WNW
26  18.4  27.4   11:07   7.6   05:40   3.1   3.2   0.0   1.5  13.3   14:33   NNW
27  19.3  30.8   18:07  10.8   03:37   2.6   3.6   0.0   1.7  18.4   13:05    NW
28  20.6  33.9   13:05  10.2   05:15   2.4   4.8   0.0   1.2  19.4   16:31    NW
29  20.7  29.5   16:27  12.8   02:31   1.4   3.8   0.0   1.0  12.2   10:50   NNW
30  21.3  31.5   10:25  12.6   05:34   1.3   4.3   0.0   0.9  12.2   10:51     N
31  20.8  30.4   17:09  11.9   06:00   1.7   4.2   0.0   1.6  15.8   13:59     N
----------------------------------------------------------------------------------
    19.7  33.9    28     5.3     5    55.0  99.4  47.7   2.0  36.7    22      NW

Max >=  27.0: 24
Max <=   0.0:  0
Min <=   0.0:  0
Min <= -18.0:  0
Max Rain: 34.8 on day 22
Days of Rain: 6 (>= 0.2 mm)  2 (>= 2.0 mm)  1 (>= 20.0 mm)
Heat Base: 18.3  Cool Base: 18.3  Method: Integration
:now::gauges::today::yesterday::this month::this year::records::monthly records:
:Forecast::NOAA Reports::rip WUClassic::NZLW Records::trends::forum:


Powered By: Cumulus v1.9.4 (1099)

NZ Local Weather Forum      Cumulus Top Weather Sites      New Zealand Top40 Weather Station Sites      Flag Counter