Opotiki, Bay of Plenty, NZ weather

NOAA Style Climate Reports

Select a Year or Month report

Report for 2016 Aug
                   Monthly Climatological Summary for Aug 2016

Name: Opotiki Town   City: Opotiki   State: Bay of Plenty, NZ.
Elevation: 7 m  Lat: S 38 00' 32"   Lon: E 177 17' 16"

                  Temperature (C), Rain (mm), Wind Speed (km/h)

                                      Heat  Cool        Avg
    Mean                              Deg   Deg         Wind                 Dom
Day Temp  High   Time   Low    Time   Days  Days  Rain  Speed High   Time    Dir
----------------------------------------------------------------------------------
 1   8.6  17.5   15:48   1.1   07:21   9.7   0.0   1.8   2.0  24.5   20:26   WNW
 2  10.7  20.8   13:37   4.1   23:40   7.7   0.1   0.9   0.7  12.2   15:01   WNW
 3  10.8  18.0   14:22   3.9   01:14   7.5   0.0   4.2   1.3  17.3   19:06    NW
 4  11.6  14.3   13:29   8.4   06:04   6.7   0.0   5.1   0.3   9.7   00:15   WNW
 5  11.4  19.3   13:10   6.8   03:14   7.1   0.0   9.6   0.5  11.2   10:01     N
 6   9.0  18.9   13:45   4.0   06:54   9.3   0.0   0.6   0.4  12.2   18:34     N
 7   8.4  16.1   14:23   0.7   23:53   9.9   0.0   0.0   1.6  24.5   13:35   NNW
 8   5.1  20.6   16:16  -2.7   04:43  13.2   0.0   0.0   0.3   9.7   13:16    NW
 9   7.3  17.9   14:49  -1.6   07:05  11.0   0.0   0.0   0.9  17.3   11:45     N
10  11.0  17.0   14:13   8.6   00:00   7.3   0.0   0.0   1.5  14.8   02:45     N
11  12.3  21.8   11:13   5.6   22:53   6.2   0.2   0.0   0.5  11.2   10:40     N
12  10.8  22.9   16:14   3.2   05:06   7.8   0.4   0.0   0.3   9.7   11:46   NNW
13  11.2  17.4   16:21   4.1   23:58   7.1   0.0   1.8   1.0  14.8   06:51   NNE
14   8.8  19.0   15:26   1.2   06:41   9.5   0.0   0.3   0.7  12.2   13:46    NW
15   9.3  20.2   14:42   2.6   06:32   9.1   0.0   0.0   0.7   8.6   13:07    NW
16   9.5  23.1   14:43   1.7   05:42   9.1   0.3   0.0   0.6  14.8   12:00     N
17  10.5  21.7   14:09   2.6   07:09   8.2   0.4   0.0   0.6  13.3   14:46     N
18  11.5  23.0   14:21   1.9   07:04   7.5   0.7   0.0   0.6  12.2   09:48     N
19  11.8  21.9   14:37   6.1   05:33   6.8   0.3   0.0   0.7  12.2   10:42     N
20  11.7  22.2   15:23   4.8   23:46   6.9   0.3   0.0   0.7  14.8   10:25     N
21  10.6  20.8   11:21   3.1   06:18   8.0   0.3   0.0   0.6  12.2   15:17    NW
22  11.5  19.8   14:22   4.7   05:21   6.9   0.1   0.3   0.4   8.6   13:23     N
23  12.9  20.9   16:18   6.3   06:48   5.7   0.3   0.0   1.3  15.8   14:19   WNW
24  11.8  19.6   12:09   6.7   05:29   6.5   0.0  12.0   0.7  13.3   19:15   NNE
25  12.1  15.6   23:47   9.1   03:48   6.2   0.0  17.7   0.9  28.1   22:45    NE
26  16.0  20.8   15:12  14.6   21:23   2.4   0.0   0.9   3.5  29.5   23:19    NW
27  13.3  18.7   15:10   5.8   22:57   5.0   0.0   0.0   6.1  31.7   00:08     W
28  10.3  20.4   16:29   1.4   06:44   8.1   0.1   0.0   0.9  17.3   13:55   WNW
29   8.5  10.6   10:07   5.4   01:54   9.8   0.0   6.6   0.3   9.7   14:07   NNW
30  11.5  21.3   16:54   5.3   06:39   6.9   0.1   0.0   0.5  12.2   13:16   WNW
31  12.8  24.3   16:22   5.9   23:28   6.5   1.0   0.0   0.7  14.8   11:35   NNE
----------------------------------------------------------------------------------
    10.7  24.3    31    -2.7     8   239.6   4.6  61.8   1.0  31.7    27      NW

Max >=  27.0:  0
Max <=   0.0:  0
Min <=   0.0:  2
Min <= -18.0:  0
Max Rain: 17.7 on day 25
Days of Rain: 13 (>= 0.2 mm)  6 (>= 2.0 mm)  0 (>= 20.0 mm)
Heat Base: 18.3  Cool Base: 18.3  Method: Integration
:now::gauges::today::yesterday::this month::this year::records::monthly records:
:Forecast::NOAA Reports::rip WUClassic::NZLW Records::trends::forum:


Powered By: Cumulus v1.9.4 (1099)

NZ Local Weather Forum      Cumulus Top Weather Sites      New Zealand Top40 Weather Station Sites      Flag Counter