Opotiki, Bay of Plenty, NZ weather

NOAA Style Climate Reports

Select a Year or Month report
V/Λ2018 > Jan Feb Mar Apr May Jun Jul Aug Sep Oct Nov Dec
V/Λ2017 > Jan Feb Mar Apr May Jun Jul Aug Sep Oct Nov Dec
V/Λ2016 > Jan Feb Mar Apr May Jun Jul Aug Sep Oct Nov Dec
V/Λ2015 > Jan Feb Mar Apr May Jun Jul Aug Sep Oct Nov Dec
V/Λ2014 > Jan Feb Mar Apr May Jun Jul Aug Sep Oct Nov Dec

Report for 2016 Jun
                   Monthly Climatological Summary for Jun 2016

Name: Opotiki Town   City: Opotiki   State: Bay of Plenty, NZ.
Elevation: 7 m  Lat: S 38 00' 32"   Lon: E 177 17' 16"

                  Temperature (C), Rain (mm), Wind Speed (km/h)

                                      Heat  Cool        Avg
    Mean                              Deg   Deg         Wind                 Dom
Day Temp  High   Time   Low    Time   Days  Days  Rain  Speed High   Time    Dir
----------------------------------------------------------------------------------
 1   8.3  21.8   14:01   2.8   01:08  10.1   0.1   0.0   0.2   8.6   13:42   NNE
 2   9.7  19.6   10:37   2.9   23:59   8.7   0.1   0.0   0.6  13.3   12:17   NNE
 3   9.0  23.1   15:17   1.6   03:53   9.8   0.5   0.0   0.0   8.6   13:15     N
 4   8.3  19.9   13:21   1.6   06:56  10.1   0.1   0.0   0.2   8.6   14:12    NW
 5   8.6  20.8   14:07   2.5   03:46   9.9   0.2   0.0   0.2   7.2   13:29    NW
 6   9.3  22.2   13:46   2.7   07:30   9.6   0.5   0.0   0.1  11.2   16:07     N
 7   9.9  21.1   10:29   2.3   06:57   8.6   0.2   0.0   0.1   9.7   12:07   NNE
 8  11.7  17.2   09:38   4.2   02:19   6.6   0.0   0.0   0.6  14.8   14:01   NNE
 9  16.2  22.5   10:56  10.8   00:41   2.3   0.3   9.0   3.2  20.9   12:39   NNE
10  17.5  18.7   13:05  14.5   23:56   0.8   0.0   5.7   4.1  23.4   09:59   NNE
11  14.1  23.1   14:34   7.5   22:18   4.9   0.7   0.3   0.6  13.3   12:29   WNW
12  10.3  18.2   11:14   2.8   07:04   8.1   0.0   3.6   0.1   6.1   20:17     N
13   9.1  19.9   15:04   2.2   23:51   9.2   0.0   0.3   0.4  12.2   13:57   NNW
14   8.1  19.3   13:30  -0.4   06:49  10.2   0.0   0.0   0.4  11.2   15:23   WNW
15  11.5  19.7   13:42   4.8   23:29   6.9   0.0   0.0   0.2  12.2   13:27   WNW
16  10.0  21.3   14:36   2.8   05:45   8.6   0.2   0.0   0.5  12.2   12:53   WNW
17  10.1  19.9   10:58   5.4   06:00   8.2   0.1   0.0   0.3  11.2   14:10    NW
18   9.8  19.0   15:12   2.6   23:59   8.6   0.0   0.0   0.5   9.7   14:02   WNW
19   7.6  20.8   14:39  -0.7   07:13  10.8   0.0   0.0   0.1   6.1   10:46     N
20  14.0  22.8   10:36   6.4   00:13   5.0   0.8   1.2   0.2   8.6   01:25     N
21  14.2  17.6   13:33  10.6   05:25   4.1   0.0   2.1   0.7  12.2   22:45   NNE
22  15.9  16.8   11:45  14.4   18:04   2.4   0.0  87.6   4.2  20.9   17:39   NNE
23  16.4  18.7   14:02  11.9   23:58   1.9   0.0   8.7   5.3  34.2   06:02   NNW
24  12.7  20.4   14:12   5.7   23:45   5.7   0.0   0.0   1.5  17.3   14:40   WNW
25  10.6  16.5   23:17   5.0   01:23   7.7   0.0  27.6   0.7  29.5   17:48     N
26  15.3  19.5   13:51   9.8   21:00   3.1   0.1  10.5   3.3  29.5   19:56    NW
27  13.0  18.8   14:07   8.1   06:17   5.3   0.0  10.2   3.4  30.6   12:29   WNW
28  12.6  21.1   09:53   7.9   22:57   5.8   0.1   0.0   1.1  15.8   14:59   WNW
29  11.1  15.1   22:25   7.8   01:21   7.2   0.0  32.7   0.4  15.8   20:25   NNE
30  12.4  18.0   13:32   8.6   08:00   5.9   0.0  17.4   0.5  11.2   18:16     N
----------------------------------------------------------------------------------
    11.6  23.1     3    -0.7    19   206.1   4.0 216.9   1.1  34.2    23     NNW

Max >=  27.0:  0
Max <=   0.0:  0
Min <=   0.0:  2
Min <= -18.0:  0
Max Rain: 87.6 on day 22
Days of Rain: 14 (>= 0.2 mm)  11 (>= 2.0 mm)  3 (>= 20.0 mm)
Heat Base: 18.3  Cool Base: 18.3  Method: Integration
:now::gauges::today::yesterday::this month::this year::records::monthly records:
:Forecast::NOAA Reports::rip WUClassic::NZLW Records::trends::forum:


Powered By: Cumulus v1.9.4 (1099)

NZ Local Weather Forum      Cumulus Top Weather Sites      New Zealand Top40 Weather Station Sites      Flag Counter