Opotiki, Bay of Plenty, NZ weather

NOAA Style Climate Reports

Select a Year or Month report

Report for 2016 May
                   Monthly Climatological Summary for May 2016

Name: Opotiki Town   City: Opotiki   State: Bay of Plenty, NZ.
Elevation: 7 m  Lat: S 38 00' 32"   Lon: E 177 17' 16"

                  Temperature (C), Rain (mm), Wind Speed (km/h)

                                      Heat  Cool        Avg
    Mean                              Deg   Deg         Wind                 Dom
Day Temp  High   Time   Low    Time   Days  Days  Rain  Speed High   Time    Dir
----------------------------------------------------------------------------------
 1  15.0  25.5   10:54   6.9   04:19   4.6   1.3   0.0   0.4   8.6   13:15     N
 2  15.9  26.0   10:10   8.7   06:59   3.6   1.2   0.3   0.4   8.6   11:15   NNW
 3  16.0  25.0   14:55   9.3   06:47   3.8   1.4   0.0   0.6  13.3   13:52    NW
 4  15.9  26.5   10:26   8.4   05:23   4.0   1.6   0.0   0.4   9.7   11:41   NNW
 5  18.0  26.9   14:00  12.1   06:09   1.8   1.5   1.8   0.4   9.7   12:43     N
 6  18.5  25.6   13:16  13.3   20:13   1.3   1.5   1.5   0.1   7.2   13:35   NNW
 7  18.1  26.7   11:10  14.3   07:15   2.0   1.8   0.0   0.1   8.6   14:33   NNW
 8  17.7  23.9   16:00  15.2   04:06   1.4   0.8   1.2   0.0   3.6   16:00     N
 9  17.5  26.1   11:47  12.8   20:41   2.6   1.8   0.0   0.5   9.7   13:55    NW
10  17.0  27.1   11:38  10.9   07:02   2.8   1.5   0.0   0.4   8.6   13:11   WNW
11  17.6  22.2   11:30  12.8   03:35   1.6   0.9   6.0   1.5  14.8   20:23   NNE
12  18.2  22.0   09:14   9.8   23:03   1.3   1.2   0.9   2.4  17.3   01:33   WNW
13  16.3  23.8   11:11   9.7   04:41   2.8   0.8   0.0   2.0  22.0   09:14   WNW
14  15.4  26.9   15:32   7.9   23:58   4.5   1.6   0.0   0.5   9.7   00:50   NNW
15  13.1  24.0   10:10   5.2   06:58   6.2   1.0   0.0   0.7  11.2   12:17   WNW
16  15.0  23.9   14:00   7.4   05:44   4.1   0.8   6.9   1.9  22.0   21:11   WNW
17  13.3  24.8   14:43   7.1   20:11   5.9   0.9   2.4   0.2  13.3   01:42   NNW
18  11.1  20.2   15:23   5.0   06:05   7.2   0.0  15.3   1.0  17.3   11:51     W
19  13.7  21.4   14:00   6.4   06:22   4.9   0.2   0.0   2.2  19.4   11:07   WNW
20  14.6  22.5   14:13   6.1   03:45   4.2   0.5   0.0   2.6  22.0   23:47   WNW
21  14.9  22.1   14:32  10.2   23:18   3.8   0.4  34.5   1.3  22.0   00:00    NW
22  11.9  19.9   13:31   6.3   06:57   6.5   0.1   0.3   0.7  12.2   15:22   WNW
23  10.4  18.6   10:14   4.4   07:42   7.9   0.0   0.0   0.3   8.6   02:44   NNW
24  14.2  18.4   12:34   8.3   01:43   4.1   0.0  17.1   3.2  25.6   20:13   WNW
25  15.9  21.1   11:22  11.5   22:39   2.5   0.2   1.5   3.7  24.5   08:16   WNW
26  13.2  20.6   10:21   6.2   06:04   5.3   0.2   0.3   2.1  25.6   15:18     W
27  13.7  20.1   09:49   6.0   07:24   4.7   0.0   0.9   0.4   8.6   20:08   NNW
28  17.4  21.9   13:46  15.4   18:09   1.2   0.3  45.9   3.1  28.1   09:14   NNW
29  16.4  22.1   12:38  11.9   23:33   2.1   0.2  10.8   2.5  22.0   01:24   WNW
30  11.0  19.9   13:21   4.8   07:08   7.5   0.1   0.3   0.8  18.4   13:47   WNW
31   8.6  18.6   15:17   3.9   05:57   9.7   0.0   0.0   0.5  12.2   12:33   WNW
----------------------------------------------------------------------------------
    15.0  27.1    10     3.9    31   125.9  23.8 147.9   1.2  28.1    28     WNW

Max >=  27.0:  1
Max <=   0.0:  0
Min <=   0.0:  0
Min <= -18.0:  0
Max Rain: 45.9 on day 28
Days of Rain: 18 (>= 0.2 mm)  8 (>= 2.0 mm)  2 (>= 20.0 mm)
Heat Base: 18.3  Cool Base: 18.3  Method: Integration
:now::gauges::today::yesterday::this month::this year::records::monthly records:
:Forecast::NOAA Reports::rip WUClassic::NZLW Records::trends::forum:


Powered By: Cumulus v1.9.4 (1099)

NZ Local Weather Forum      Cumulus Top Weather Sites      New Zealand Top40 Weather Station Sites      Flag Counter